--
-- Host: localhost    Database: db567299017
-- ------------------------------------------------------


--
-- Table structure for table `Artists`
--

CREATE TABLE `Artists` (
  `artist` varchar(256) NOT NULL,
  `artistAnchor` varchar(256) NOT NULL,
  `artistSort` varchar(256) NOT NULL,
  PRIMARY KEY (`artist`)
) ENGINE=MyISAM DEFAULT CHARSET=latin1;

--
-- Dumping data for table `Artists`
--

INSERT INTO `Artists` VALUES ('&Ouml;jebok&ouml;ren','Ojebokoren','&OUML;JEBOK&OUML;REN'),('&mu;','mu','AAA'),('A Classic Education','AClassicEducation','CLASSIC EDUCATION'),('AM Contra','AMContra','AM CONTRA'),('ANiMAL','ANiMAL','ANIMAL'),('APZX','APZX','APZX'),('Actions','Actions','ACTIONS'),('Admiral Crumple','AdmiralCrumple','ADMIRAL CRUMPLE'),('Al James','AlJames','AL JAMES'),('Alan Evans Trio','AlanEvansTrio','ALAN EVANS TRIO'),('Albert Kader','AlbertKader','ALBERT KADER'),('Alejo Granados','AlejoGranados','ALEJO GRANADOS'),('Alex Giddens','AlexGiddens','ALEX GIDDENS'),('All Hands Lost','AllHandsLost','ALL HANDS LOST'),('Amber Skye','AmberSkye','AMBER SKYE'),('Andrew Cole','AndrewCole','ANDREW COLE'),('Angela Thomas Wade','AngelaThomasWade','ANGELA THOMAS WADE'),('Angels In Amplifiers','AngelsInAmplifiers','ANGELS IN AMPLIFIERS'),('Anna Blanton','AnnaBlanton','ANNA BLANTON'),('Arise','Arise','ARISE'),('Asam Classical Soloists','AsamClassicalSoloists','ASAM CLASSICAL SOLOISTS'),('Atlantis Bound','AtlantisBound','ATLANTIS BOUND'),('Auctioneer','Auctioneer','AUCTIONEER'),('Audio-Technica Demo','Audio-TechnicaDemo','AUDIO-TECHNICA DEMO'),('Ava Luna','AvaLuna','AVA LUNA'),('Avalon','Avalon','AVALON'),('BKS','BKS','BKS'),('Banda Magda','BandaMagda','BANDA MAGDA'),('Banned From The Zoo','BannedFromTheZoo','BANNED FROM THE ZOO'),('Ben Carrigan','BenCarrigan','BEN CARRIGAN'),('Benjamin John','BenjaminJohn','BENJAMIN JOHN'),('Big Head Todd &amp; The Monsters','BigHeadToddTheMonsters','BIG HEAD TODD &AMP; THE MONSTERS'),('Big Mean Sound Machine','BigMeanSoundMachine','BIG MEAN SOUND MACHINE'),('Big Stone Culture','BigStoneCulture','BIG STONE CULTURE'),('Big Troubles','BigTroubles','BIG TROUBLES'),('Bill Chudziak','BillChudziak','BILL CHUDZIAK'),('Black Bloc','BlackBloc','BLACK BLOC'),('Blue Lit Moon','BlueLitMoon','BLUE LIT MOON'),('Bobby Nobody','BobbyNobody','BOBBY NOBODY'),('Bolz &amp; Knecht','BolzKnecht','BOLZ &AMP; KNECHT'),('Boogiesnakes','Boogiesnakes','BOOGIESNAKES'),('Bosnian Rainbows','BosnianRainbows','BOSNIAN RAINBOWS'),('Bravestar','Bravestar','BRAVESTAR'),('Brian Eno &amp David Byrne','BrianEno','BRIAN ENO &AMP DAVID BYRNE'),('Bronze Radio Return','BronzeRadioReturn','BRONZE RADIO RETURN'),('Bruks','Bruks','BRUKS'),('Buitraker','Buitraker','BUITRAKER'),('Camilla Francesca Bull','CamillaFrancescaBull','CAMILLA FRANCESCA BULL'),('Carlos Gonzalez','CarlosGonzalez','CARLOS GONZALEZ'),('Cassandra Jenkins','CassandraJenkins','CASSANDRA JENKINS'),('Cat Martino','CatMartino','CAT MARTINO'),('Cayetana','Cayetana','CAYETANA'),('Celestial Shore','CelestialShore','CELESTIAL SHORE'),('Chris Durban','ChrisDurban','CHRIS DURBAN'),('Cnoc An Tursa','CnocAnTursa','CNOC AN TURSA'),('Creepoid','Creepoid','CREEPOID'),('Cristina Vane','CristinaVane','CRISTINA VANE'),('Dark Ride','DarkRide','DARK RIDE'),('Dave Gerard','DaveGerard','DAVE GERARD'),('David Youngs','DavidYoungs','DAVID YOUNGS'),('Detsky Sad','DetskySad','DETSKY SAD'),('Diesel13','Diesel13','DIESEL13'),('Dino On The Loose','DinoOnTheLoose','DINO ON THE LOOSE'),('Don Camillo Choir','DonCamilloChoir','DON CAMILLO CHOIR'),('Dreamers Of The Ghetto','DreamersOfTheGhetto','DREAMERS OF THE GHETTO'),('Drumtracks','Drumtracks','DRUMTRACKS'),('Dry Clean Only','DryCleanOnly','DRY CLEAN ONLY'),('Dunning Kruger','DunningKruger','DUNNING KRUGER'),('Enda Reilly','EndaReilly','ENDA REILLY'),('Faces On Film','FacesOnFilm','FACES ON FILM'),('Family Band','FamilyBand','FAMILY BAND'),('Fergessen','Fergessen','FERGESSEN'),('Filthybird','Filthybird','FILTHYBIRD'),('Flags','Flags','FLAGS'),('Forkupines','Forkupines','FORKUPINES'),('Francis Dunnery','FrancisDunnery','FRANCIS DUNNERY'),('Francis Dunnery &amp; Dorie Jackson','FrancisDunneryDorieJackson','FRANCIS DUNNERY &AMP; DORIE JACKSON'),('Franco Bidanco','FrancoBidanco','FRANCO BIDANCO'),('Fredy V','FredyV','FREDY V'),('Galias','Galias','GALIAS'),('Georgia Wonder','GeorgiaWonder','GEORGIA WONDER'),('Girls Under Glass','GirlsUnderGlass','GIRLS UNDER GLASS'),('Giselle','Giselle','GISELLE'),('Grant$','Grant$','GRANT$'),('Headwound Harry','HeadwoundHarry','HEADWOUND HARRY'),('Helado Negro','HeladoNegro','HELADO NEGRO'),('Hezekiah Jones','HezekiahJones','HEZEKIAH JONES'),('Hollow Ground','HollowGround','HOLLOW GROUND'),('Hop Along','HopAlong','HOP ALONG'),('How To Kill A Conversation','HowToKillAConversation','HOW TO KILL A CONVERSATION'),('Human Radio','HumanRadio','HUMAN RADIO'),('I Am Cassettes','IAmCassettes','I AM CASSETTES'),('Ian Dearden','IanDearden','IAN DEARDEN'),('Igor Zinken','IgorZinken','IGOR ZINKEN'),('Invisible Familiars','InvisibleFamiliars','INVISIBLE FAMILIARS'),('JJ Cinnerman','JJCinnerman','JJ CINNERMAN'),('Jackie Greene','JackieGreene','JACKIE GREENE'),('James Elder &amp; Mark M Thompson','JamesElder','JAMES ELDER &AMP; MARK M THOMPSON'),('James May','JamesMay','JAMES MAY'),('Jamie Walker','JamieWalker','JAMIE WALKER'),('Jay Menon','JayMenon','JAY MENON'),('Jeffrey Hayat','JeffreyHayat','JEFFREY HAYAT'),('Jesper Buhl Trio','JesperBuhlTrio','JESPER BUHL TRIO'),('Jessica Childress','JessicaChildress','JESSICA CHILDRESS'),('John McKay','JohnMcKay','JOHN MCKAY'),('Johnny Lokke','JohnnyLokke','JOHNNY LOKKE'),('Jokers, Jacks &amp; Kings','JokersJacksKings','JOKERS, JACKS &AMP; KINGS'),('Jonny Rodgers','JonnyRodgers','JONNY RODGERS'),('Jules King','JulesKing','JULES KING'),('Juliet\'s Rescue','JulietsRescue','JULIET\'S RESCUE'),('Justin Myles','JustinMyles','JUSTIN MYLES'),('Kevin Reeves','KevinReeves','KEVIN REEVES'),('Keystone Angel','KeystoneAngel','KEYSTONE ANGEL'),('King\'s College London Baroque Orchestra','KCLBaroqueOrchestra','KING\'S COLLEGE LONDON BAROQUE ORCHESTRA'),('Lead Inc','LeadInc','LEAD INC'),('Leaf','Leaf','LEAF'),('Leftover Salmon','LeftoverSalmon','LEFTOVER SALMON'),('Lindy Hip Big Band','LindyHipBigBand','LINDY HIP BIG BAND'),('Little Chicago\'s Finest','LittleChicagosFinest','LITTLE CHICAGO\'S FINEST'),('Louis Cressy Band','LouisCressyBand','LOUIS CRESSY BAND'),('Lush Life','LushLife','LUSH LIFE'),('Lyndsey Ollard','LyndseyOllard','LYNDSEY OLLARD'),('M.E.R.C. Music','MERCMusic','M.E.R.C. MUSIC'),('Malenky Slovos','MalenkySlovos','MALENKY SLOVOS'),('Man About A Dog','ManAboutADog','MAN ABOUT A DOG'),('Maurizio Pagnutti Sextet','MaurizioPagnuttiSextet','MAURIZIO PAGNUTTI SEXTET'),('Memnoir','Memnoir','MEMNOIR'),('MerryGold','MerryGold','MERRYGOLD'),('Mike Skalandunas','MikeSkalandunas','MIKE SKALANDUNAS'),('Moosmusic','Moosmusic','MOOSMUSIC'),('Motor Tapes','MotorTapes','MOTOR TAPES'),('Nahum Strickland','NahumStrickland','NAHUM STRICKLAND'),('Neon Hornet','NeonHornet','NEON HORNET'),('Nervbloc','Nervbloc','NERVBLOC'),('Nerve 9','Nerve9','NERVE 9'),('Nicki Bluhm &amp; The Gramblers','NickiBluhmTheGramblers','NICKI BLUHM &AMP; THE GRAMBLERS'),('Night Panther','NightPanther','NIGHT PANTHER'),('North To Alaska','NorthToAlaska','NORTH TO ALASKA'),('Nova-One Studio','Nova-OneStudio','NOVA-ONE STUDIO'),('Obscuresounds','Obscuresounds','OBSCURESOUNDS'),('Out Of Tune','OutOfTune','OUT OF TUNE'),('Pablo Martin','PabloMartin','PABLO MARTIN'),('Painted Skies','PaintedSkies','PAINTED SKIES'),('Patrick Talbot','PatrickTalbot','PATRICK TALBOT'),('Perpetual Escape','PerpetualEscape','PERPETUAL ESCAPE'),('Peter White','PeterWhite','PETER WHITE'),('Phre The Eon','PhreTheEon','PHRE THE EON'),('Pocket Lips','PocketLips','POCKET LIPS'),('Port St Willow','PortStWillow','PORT ST WILLOW'),('Primakova','Primakova','PRIMAKOVA'),('Punkdisco','PunkDisco','PUNKDISCO'),('Purling Hiss','PurlingHiss','PURLING HISS'),('Qupe','Qupe','QUPE'),('Raft Monk','RaftMonk','RAFT MONK'),('Remember December','RememberDecember','REMEMBER DECEMBER'),('Rocha','Rocha','ROCHA'),('Rod Alexander','RodAlexander','ROD ALEXANDER'),('Rounders','Rounders','ROUNDERS'),('Rovers Ahead','RoversAhead','ROVERS AHEAD'),('Sambasevam Shanmugam','SambasevamShanmugam','SAMBASEVAM SHANMUGAM'),('Santi Vega','SantiVega','SANTI VEGA'),('Secret Mountains','SecretMountains','SECRET MOUNTAINS'),('Secretariat','Secretariat','SECRETARIAT'),('Selwyn Jazz','SelwynJazz','SELWYN JAZZ'),('Side Effects Project','SideEffectsProject','SIDE EFFECTS PROJECT'),('Signe Jakobsen','SigneJakobsen','SIGNE JAKOBSEN'),('Simon Lyn','SimonLyn','SIMON LYN'),('Skelpolu','Skelpolu','SKELPOLU'),('Snowmine','Snowmine','SNOWMINE'),('Sound On Sound Demo','Mystery','SOUND ON SOUND DEMO'),('Southern Sirens','SouthernSirens','SOUTHERN SIRENS'),('Speak Softly','SpeakSoftly','SPEAK SOFTLY'),('Spektakulatius','Spektakulatius','SPEKTAKULATIUS'),('Spike Mullings','SpikeMullings','SPIKE MULLINGS'),('St Vitus','StVitus','ST VITUS'),('Steven A. Clark','StevenAClark','STEVEN A. CLARK'),('Strand Of Oaks','StrandOfOaks','STRAND OF OAKS'),('Street Noise','StreetNoise','STREET NOISE'),('Sven Bornemark &amp; Pearl Mics','SvenBornemark','SVEN BORNEMARK &AMP; PEARL MICS'),('Sweet Lights','SweetLights','SWEET LIGHTS'),('Swinging Steaks','SwingingSteaks','SWINGING STEAKS'),('Telefunken','TelefunkenJavaJive','TELEFUNKEN'),('Terry Anderson\'s OAK Team','TerryAndersonsOAKTeam','TERRY ANDERSON\'S OAK TEAM'),('The Abletones Big Band','Abletones','ABLETONES BIG BAND'),('The Apprehended','TheApprehended','APPREHENDED'),('The Brew','TheBrew','BREW'),('The Butterfly Effect','TheButterflyEffect','BUTTERFLY EFFECT'),('The Complainiacs','TheComplainiacs','COMPLAINIACS'),('The Districts','TheDistricts','DISTRICTS'),('The Doppler Shift','TheDopplerShift','DOPPLER SHIFT'),('The Funny Valentines','TheFunnyValentines','FUNNY VALENTINES'),('The Guest Bedroom','TheGuestBedroom','GUEST BEDROOM'),('The Long Wait','TheLongWait','LONG WAIT'),('The Mountaineering Club','MountaineeringClub','MOUNTAINEERING CLUB'),('The Mountaineering Club Orchestra','MountaineeringClubOrchestra','MOUNTAINEERING CLUB ORCHESTRA'),('The So So Glos','TheSoSoGlos','SO SO GLOS'),('The Sunshine Garcia Band','TheSunshineGarciaBand','SUNSHINE GARCIA BAND'),('The Tontons','TheTontons','TONTONS'),('The Travelling Band','TheTravellingBand','TRAVELLING BAND'),('The Wrong\'uns','WrongUns','WRONG\'UNS'),('Tim Taler','TimTaler','TIM TALER'),('Timboz','Timboz','TIMBOZ'),('Timo And The Timezone','TimoAndTheTimezone','TIMO AND THE TIMEZONE'),('Timo Carlier','TimoCarlier','TIMO CARLIER'),('Titanium','Titanium','TITANIUM'),('Tom Marcovich','TomMarcovich','TOM MARCOVICH'),('Tom McKenzie','TomMcKenzie','TOM MCKENZIE'),('Tommy Marcinek','TommyMarcinek','TOMMY MARCINEK'),('Torres','Torres','TORRES'),('Traffic Experiment','TrafficExperiment','TRAFFIC EXPERIMENT'),('Trick Bird','TrickBird','TRICK BIRD'),('Triviul','Triviul','TRIVIUL'),('Triviul feat. The Fiend','TriviulFeatTheFiend','TRIVIUL FEAT. THE FIEND'),('Turkuaz','Turkuaz','TURKUAZ'),('Turn Back To Spring','TurnBackToSpring','TURN BACK TO SPRING'),('U T Gandhi','UTGandhi','U T GANDHI'),('Uncle Dad','UncleDad','UNCLE DAD'),('Vikki Hewitt','VikkiHewitt','VIKKI HEWITT'),('Voelund','Voelund','VOELUND'),('W.I.N.D.','WIND','W.I.N.D.'),('Wall Of Death','WallOfDeath','WALL OF DEATH'),('We Fell From The Sky','WeFellFromTheSky','WE FELL FROM THE SKY'),('Wesley Morgan','WesleyMorgan','WESLEY MORGAN'),('Wess Meets West','WessMeetsWest','WESS MEETS WEST'),('Will Knox','WillKnox','WILL KNOX'),('Wolf\'s Head &amp; Vixen Morris Band','WolfsHead','WOLF\'S HEAD &AMP; VIXEN MORRIS BAND'),('Young Griffo','YoungGriffo','YOUNG GRIFFO'),('Zane Carney &amp; Friends','ZaneCarneyFriends','ZANE CARNEY &AMP; FRIENDS'),('Zeno','Zeno','ZENO'),('Zwiepack','Zwiepack','ZWIEPACK'),('c:fx','cfx','C:FX'),('impossible c o l o u r s','ImpossibleColours','IMPOSSIBLE C O L O U R S'),('Ronnie Jones','RonnieJones','RONNIE JONES'),('Death Of A Romantic','DeathOfARomantic','DEATH OF A ROMANTIC'),('FIN','FIN','FIN'),('Colton Benjamin','ColtonBenjamin','COLTON BENJAMIN'),('Karl Hungus','KarlHungus','KARL HUNGUS'),('Swing Bazar','SwingBazar','SWING BAZAR'),('The Black Crown','TheBlackCrown','BLACK CROWN'),('Joanna Ward','JoannaWard','JOANNA WARD'),('Decypher','Decypher','DECYPHER'),('Last Legacy','LastLegacy','LAST LEGACY'),('The Balazs Daniel Boogie Woogie Trio','TheBalazsDanielBoogieWoogieTrio','BALAZS DANIEL BOOGIE WOOGIE TRIO'),('Scott Elliott','ScottElliott','SCOTT ELLIOTT'),('Woodfire','Woodfire','WOODFIRE');

--
-- Table structure for table `Config`
--

CREATE TABLE `Config` (
  `varName` varchar(256) NOT NULL,
  `varValue` varchar(256) DEFAULT NULL,
  PRIMARY KEY (`varName`)
) ENGINE=MyISAM DEFAULT CHARSET=latin1;

--
-- Dumping data for table `Config`
--

INSERT INTO `Config` VALUES ('exportDirPath','/var/www/html/modx-2.5.1-pl/core/components/ms-mtk-gen/'),('lastProject','\'Flames\''),('multitrackFileSysPath','/homepages/39/d168425902/htdocs/SiteAudio/MSFTSS/MtkZIPs/'),('multitrackHttpPath','http://www.multitracks.cambridge-mt.com/'),('numNew','10'),('previewFileSysPath','/homepages/39/d168425902/htdocs/SiteAudio/MSFTSS/MP3Previews/'),('previewHttpPath','http://www.previews.cambridge-mt.com/'),('stylesChunkName','MTKLibTester_StyleHeaders'),('latestChunkName','MTKLibTester_Latest'),('projectsChunkName','MTKLibTester_Projects'),('lastType','Full'),('lastArtist','The Black Crown');

--
-- Table structure for table `DownloadSites`
--

CREATE TABLE `DownloadSites` (
  `urlIdentifier` varchar(256) NOT NULL,
  `generationRule` varchar(4096) DEFAULT NULL,
  `numDLs` smallint(6) NOT NULL,
  PRIMARY KEY (`urlIdentifier`,`numDLs`)
) ENGINE=MyISAM DEFAULT CHARSET=latin1;

--
-- Dumping data for table `DownloadSites`
--

INSERT INTO `DownloadSites` VALUES ('archive.org','$DLSIZE0$MB ZIP download from <a href=\"$URL0$\">Internet Archive$EXPLICIT$</a>',1),('at.thestudio22.com','<a href=\"http://tracker.cambridge-mt.com/tracker.php?url=$URL0$&remote\">$DLSIZE0$MB ZIP$EXPLICIT$</a>',1),('bush-of-ghosts.com','$DLSIZE$MB ZIP download from their <a href=\"http://bush-of-ghosts.com/remix/bush_of_ghosts.htm\">remix site</a>',1),('ca-musicians','$DLSIZE0$MB ZIP download from <a href=\"http://tracker.cambridge-mt.com/tracker.php?url=$URL0$&remote\">Crowd Audio$EXPLICIT$</a>',1),('cambridge-mt.com','<a href=\"http://tracker.cambridge-mt.com/tracker.php?url=$URL0$&remote\">$DLSIZE0$MB ZIP$EXPLICIT$</a>',1),('dl.dropboxusercontent.com','<a href=\"$URL$\">$DLSIZE$MB ZIP$EXPLICIT$</a>',1),('kevinreeves.net','<a href=\"$URL$\">$DLSIZE$MB ZIP$EXPLICIT$</a>',1),('methodsandapplicationslaboratory.com','<a href=\"$URL$\">$DLSIZE$MB ZIP$EXPLICIT$</a>',1),('mixoff.org','<a href=\"http://tracker.cambridge-mt.com/tracker.php?url=$URL0$&remote\">$DLSIZE0$MB ZIP$EXPLICIT$</a>',1),('oulu.fi','<a href=\"$URL$\">$DLSIZE$MB ZIP$EXPLICIT$</a>',1),('pearlmicrophones.com','$DLSIZE0$MB ZIP download from <a href=\"$URL0$\">Pearl Mics$EXPLICIT$</a> (username and password both \'PearlMics\')',1),('puremix.net','$DLSIZE0$MB ZIP download from <a href=\"$URL0$\">pureMix$EXPLICIT$</a>',1),('shakingthrough.com','$DLSIZE$MB ZIP download from <a href=\"$URL$\">Shaking Through$EXPLICIT$</a>',1),('telefunken-elektroakustik.com','<a href=\"http://tracker.cambridge-mt.com/tracker.php?url=$URL0$&remote\">$DLSIZE0$MB ZIP$EXPLICIT$</a>',1),('telefunken-elektroakustik.com','multi-part $TOTDLSIZE$MB ZIP (<a href=\"http://tracker.cambridge-mt.com/tracker.php?url=$URL0$&remote\">$DLSIZE0$MB</a>, <a href=\"http://tracker.cambridge-mt.com/tracker.php?url=$URL1$&remote\">$DLSIZE1$MB</a>)$EXPLICIT$',2),('telefunken-elektroakustik.com','multi-part $TOTDLSIZE$MB ZIP (<a href=\"http://tracker.cambridge-mt.com/tracker.php?url=$URL0$&remote\">$DLSIZE0$MB</a>, <a href=\"http://tracker.cambridge-mt.com/tracker.php?url=$URL1$&remote\">$DLSIZE1$MB</a>, <a href=\"http://tracker.cambridge-mt.com/tracker.php?url=$URL2$&remote\">$DLSIZE2$MB</a>)$EXPLICIT$',3),('telefunken-elektroakustik.com','multi-part $TOTDLSIZE$MB ZIP (<a href=\"http://tracker.cambridge-mt.com/tracker.php?url=$URL0$&remote\">$DLSIZE0$MB</a>, <a href=\"http://tracker.cambridge-mt.com/tracker.php?url=$URL1$&remote\">$DLSIZE1$MB</a>, <a href=\"http://tracker.cambridge-mt.com/tracker.php?url=$URL2$&remote\">$DLSIZE2$MB</a>, <a href=\"http://tracker.cambridge-mt.com/tracker.php?url=$URL3$&remote\">$DLSIZE3$MB</a>)$EXPLICIT$',4),('telefunken-elektroakustik.com','multi-part $TOTDLSIZE$MB ZIP (<a href=\"http://tracker.cambridge-mt.com/tracker.php?url=$URL0$&remote\">$DLSIZE0$MB</a>, <a href=\"http://tracker.cambridge-mt.com/tracker.php?url=$URL1$&remote\">$DLSIZE1$MB</a>, <a href=\"http://tracker.cambridge-mt.com/tracker.php?url=$URL2$&remote\">$DLSIZE2$MB</a>, <a href=\"http://tracker.cambridge-mt.com/tracker.php?url=$URL3$&remote\">$DLSIZE3$MB</a>, <a href=\"http://tracker.cambridge-mt.com/tracker.php?url=$URL4$&remote\">$DLSIZE4$MB</a>)$EXPLICIT$',5),('telefunken-elektroakustik.com','multi-part $TOTDLSIZE$MB ZIP (<a href=\"http://tracker.cambridge-mt.com/tracker.php?url=$URL0$&remote\">$DLSIZE0$MB</a>, <a href=\"http://tracker.cambridge-mt.com/tracker.php?url=$URL1$&remote\">$DLSIZE1$MB</a>, <a href=\"http://tracker.cambridge-mt.com/tracker.php?url=$URL2$&remote\">$DLSIZE2$MB</a>, <a href=\"http://tracker.cambridge-mt.com/tracker.php?url=$URL3$&remote\">$DLSIZE3$MB</a>, <a href=\"http://tracker.cambridge-mt.com/tracker.php?url=$URL4$&remote\">$DLSIZE4$MB</a>, <a href=\"http://tracker.cambridge-mt.com/tracker.php?url=$URL5$&remote\">$DLSIZE5$MB</a>)$EXPLICIT$',6),('telefunken-elektroakustik.com','multi-part $TOTDLSIZE$MB ZIP (<a href=\"http://tracker.cambridge-mt.com/tracker.php?url=$URL0$&remote\">$DLSIZE0$MB</a>, <a href=\"http://tracker.cambridge-mt.com/tracker.php?url=$URL1$&remote\">$DLSIZE1$MB</a>, <a href=\"http://tracker.cambridge-mt.com/tracker.php?url=$URL2$&remote\">$DLSIZE2$MB</a>, <a href=\"http://tracker.cambridge-mt.com/tracker.php?url=$URL3$&remote\">$DLSIZE3$MB</a>, <a href=\"http://tracker.cambridge-mt.com/tracker.php?url=$URL4$&remote\">$DLSIZE4$MB</a>, <a href=\"http://tracker.cambridge-mt.com/tracker.php?url=$URL5$&remote\">$DLSIZE5$MB</a>, <a href=\"http://tracker.cambridge-mt.com/tracker.php?url=$URL6$&remote\">$DLSIZE6$MB</a>)$EXPLICIT$',7),('telefunken-elektroakustik.com','multi-part $TOTDLSIZE$MB ZIP (<a href=\"http://tracker.cambridge-mt.com/tracker.php?url=$URL0$&remote\">$DLSIZE0$MB</a>, <a href=\"http://tracker.cambridge-mt.com/tracker.php?url=$URL1$&remote\">$DLSIZE1$MB</a>, <a href=\"http://tracker.cambridge-mt.com/tracker.php?url=$URL2$&remote\">$DLSIZE2$MB</a>, <a href=\"http://tracker.cambridge-mt.com/tracker.php?url=$URL3$&remote\">$DLSIZE3$MB</a>, <a href=\"http://tracker.cambridge-mt.com/tracker.php?url=$URL4$&remote\">$DLSIZE4$MB</a>, <a href=\"http://tracker.cambridge-mt.com/tracker.php?url=$URL5$&remote\">$DLSIZE5$MB</a>, <a href=\"http://tracker.cambridge-mt.com/tracker.php?url=$URL6$&remote\">$DLSIZE6$MB</a>, <a href=\"http://tracker.cambridge-mt.com/tracker.php?url=$URL7$&remote\">$DLSIZE7$MB</a>)$EXPLICIT$',8),('telefunken-elektroakustik.com','multi-part $TOTDLSIZE$MB ZIP (<a href=\"http://tracker.cambridge-mt.com/tracker.php?url=$URL0$&remote\">$DLSIZE0$MB</a>, <a href=\"http://tracker.cambridge-mt.com/tracker.php?url=$URL1$&remote\">$DLSIZE1$MB</a>, <a href=\"http://tracker.cambridge-mt.com/tracker.php?url=$URL2$&remote\">$DLSIZE2$MB</a>, <a href=\"http://tracker.cambridge-mt.com/tracker.php?url=$URL3$&remote\">$DLSIZE3$MB</a>, <a href=\"http://tracker.cambridge-mt.com/tracker.php?url=$URL4$&remote\">$DLSIZE4$MB</a>, <a href=\"http://tracker.cambridge-mt.com/tracker.php?url=$URL5$&remote\">$DLSIZE5$MB</a>, <a href=\"http://tracker.cambridge-mt.com/tracker.php?url=$URL6$&remote\">$DLSIZE6$MB</a>, <a href=\"http://tracker.cambridge-mt.com/tracker.php?url=$URL7$&remote\">$DLSIZE7$MB</a>, <a href=\"http://tracker.cambridge-mt.com/tracker.php?url=$URL8$&remote\">$DLSIZE8$MB</a>)$EXPLICIT$',9),('www.dropbox.com','<a href=\"$URL0$\">$DLSIZE0$MB ZIP$EXPLICIT$</a>',1),('www.dropbox.com','multi-part $TOTDLSIZE$MB ZIP (<a href=\"http://tracker.cambridge-mt.com/tracker.php?url=$URL0$&remote\">$DLSIZE0$MB</a>, <a href=\"http://tracker.cambridge-mt.com/tracker.php?url=$URL1$&remote\">$DLSIZE1$MB</a>)$EXPLICIT$',2),('www.dropbox.com','multi-part $TOTDLSIZE$MB ZIP (<a href=\"http://tracker.cambridge-mt.com/tracker.php?url=$URL0$&remote\">$DLSIZE0$MB</a>, <a href=\"http://tracker.cambridge-mt.com/tracker.php?url=$URL1$&remote\">$DLSIZE1$MB</a>, <a href=\"http://tracker.cambridge-mt.com/tracker.php?url=$URL2$&remote\">$DLSIZE2$MB</a>)$EXPLICIT$',3),('www.dropbox.com','multi-part $TOTDLSIZE$MB ZIP (<a href=\"http://tracker.cambridge-mt.com/tracker.php?url=$URL0$&remote\">$DLSIZE0$MB</a>, <a href=\"http://tracker.cambridge-mt.com/tracker.php?url=$URL1$&remote\">$DLSIZE1$MB</a>, <a href=\"http://tracker.cambridge-mt.com/tracker.php?url=$URL2$&remote\">$DLSIZE2$MB</a>, <a href=\"http://tracker.cambridge-mt.com/tracker.php?url=$URL3$&remote\">$DLSIZE3$MB</a>)$EXPLICIT$',4);

--
-- Table structure for table `Downloads`
--

CREATE TABLE `Downloads` (
  `artist` varchar(256) NOT NULL,
  `project` varchar(256) NOT NULL,
  `DLSize` int(11) NOT NULL,
  `DLURL` varchar(256) NOT NULL,
  `projectType` varchar(32) NOT NULL,
  PRIMARY KEY (`artist`,`project`,`projectType`,`DLURL`)
) ENGINE=MyISAM DEFAULT CHARSET=latin1;

--
-- Dumping data for table `Downloads`
--

INSERT INTO `Downloads` VALUES ('&Ouml;jebok&ouml;ren','\'That\'s Entertainment\'',31,'http://www.multitracks.cambridge-mt.com/Ojebokoren_ThatsEntertainment.zip','Excerpt'),('&Ouml;jebok&ouml;ren','\'That\'s Entertainment\'',157,'http://www.multitracks.cambridge-mt.com/Ojebokoren_ThatsEntertainment_Full.zip','Full'),('&mu;','\'Too Bright\'',63,'http://www.multitracks.cambridge-mt.com/Mu_TooBright.zip','Excerpt'),('&mu;','\'Too Bright\'',375,'http://www.multitracks.cambridge-mt.com/Mu_TooBright_Full.zip','Full'),('A Classic Education','\'Night Owl\'',324,'http://www.shakingthrough.com/aclassiceducation','Full'),('AM Contra','\'Heart Peripheral\'',40,'http://www.multitracks.cambridge-mt.com/AMContra_HeartPeripheral.zip','Excerpt'),('AM Contra','\'Heart Peripheral\'',275,'http://www.multitracks.cambridge-mt.com/AMContra_HeartPeripheral_Full.zip','Full'),('ANiMAL','\'Clinic A\'',93,'http://www.multitracks.cambridge-mt.com/ANiMAL_ClinicA.zip','Excerpt'),('ANiMAL','\'Clinic A\'',850,'http://www.multitracks.cambridge-mt.com/ANiMAL_ClinicA_Full.zip','Full'),('ANiMAL','\'Easy Tiger\'',57,'http://www.multitracks.cambridge-mt.com/ANiMAL_EasyTiger.zip','Excerpt'),('ANiMAL','\'Easy Tiger\'',379,'http://www.multitracks.cambridge-mt.com/ANiMAL_EasyTiger_Full.zip','Full'),('ANiMAL','\'Rockshow\'',86,'http://www.multitracks.cambridge-mt.com/MR0812_ANiMAL.zip','Excerpt'),('ANiMAL','\'Rockshow\'',392,'http://www.multitracks.cambridge-mt.com/MR0812_ANiMAL_Full.zip','Full'),('APZX','\'Amalgamize\'',66,'http://www.multitracks.cambridge-mt.com/APZX_Amalgamize.zip','Excerpt'),('APZX','\'Amalgamize\'',577,'http://www.multitracks.cambridge-mt.com/APZX_Amalgamize_Full.zip','Full'),('APZX','\'Cyber Mower\'',60,'http://www.multitracks.cambridge-mt.com/APZX_CyberMower.zip','Excerpt'),('APZX','\'Cyber Mower\'',331,'http://www.multitracks.cambridge-mt.com/APZX_CyberMower_Full.zip','Full'),('APZX','\'From Earth To Planet Omega\'',87,'http://www.multitracks.cambridge-mt.com/APZX_FromEarthToPlanetOmega.zip','Excerpt'),('APZX','\'From Earth To Planet Omega\'',921,'http://www.multitracks.cambridge-mt.com/APZX_FromEarthToPlanetOmega_Full.zip','Full'),('APZX','\'Lacuna\'',95,'http://www.multitracks.cambridge-mt.com/APZX_Lacuna.zip','Excerpt'),('APZX','\'Lacuna\'',652,'http://www.multitracks.cambridge-mt.com/APZX_Lacuna_Full.zip','Full'),('APZX','\'Transcention\'',19,'http://www.multitracks.cambridge-mt.com/APZX_Transcention.zip','Excerpt'),('APZX','\'Transcention\'',138,'http://www.multitracks.cambridge-mt.com/APZX_Transcention_Full.zip','Full'),('Actions','\'Devil\'s Words\'',52,'http://www.multitracks.cambridge-mt.com/Actions_DevilsWords.zip','Excerpt'),('Actions','\'Devil\'s Words\'',290,'http://www.multitracks.cambridge-mt.com/Actions_DevilsWords_Full.zip','Full'),('Actions','\'One Minute Smile\'',49,'http://www.multitracks.cambridge-mt.com/Actions_OneMinuteSmile.zip','Excerpt'),('Actions','\'One Minute Smile\'',284,'http://www.multitracks.cambridge-mt.com/Actions_OneMinuteSmile_Full.zip','Full'),('Actions','\'South Of The Water\'',60,'http://www.multitracks.cambridge-mt.com/Actions_SouthOfTheWater.zip','Excerpt'),('Actions','\'South Of The Water\'',279,'http://www.multitracks.cambridge-mt.com/Actions_SouthOfTheWater_Full.zip','Full'),('Admiral Crumple','\'Keeps Flowing\'',7,'http://www.multitracks.cambridge-mt.com/AdmiralCrumple_KeepsFlowing.zip','Excerpt'),('Admiral Crumple','\'Keeps Flowing\'',79,'http://www.multitracks.cambridge-mt.com/AdmiralCrumple_KeepsFlowing_Full.zip','Full'),('Al James','\'Schoolboy Fascination\'',84,'http://www.multitracks.cambridge-mt.com/MR0908_AlJames.zip','Excerpt'),('Al James','\'Schoolboy Fascination\'',557,'http://www.multitracks.cambridge-mt.com/MR0908_AlJames_Full.zip','Full'),('Alan Evans Trio','\'I\'m Coming Home\'',523,'http://alt.telefunken-elektroakustik.com/downloads/AE3_ImComingHome_Audio-Files01.zip','Full'),('Alan Evans Trio','\'I\'m Coming Home\'',578,'http://alt.telefunken-elektroakustik.com/downloads/AE3_ImComingHome_Audio-Files02.zip','Full'),('Alan Evans Trio','\'I\'m Coming Home\'',697,'http://alt.telefunken-elektroakustik.com/downloads/AE3_ImComingHome_Audio-Files03.zip','Full'),('Albert Kader','\'Ubiquitous\'',29,'http://www.multitracks.cambridge-mt.com/AlbertKader_Ubiquitous.zip','Excerpt'),('Albert Kader','\'Ubiquitous\'',520,'http://www.multitracks.cambridge-mt.com/AlbertKader_Ubiquitous_Full.zip','Full'),('Albert Kader','\'Whiptails\'',22,'http://www.multitracks.cambridge-mt.com/AlbertKader_Whiptails.zip','Excerpt'),('Albert Kader','\'Whiptails\'',366,'http://www.multitracks.cambridge-mt.com/AlbertKader_Whiptails_Full.zip','Full'),('Alejo Granados','\'Rumba Chonta\'',45,'http://www.multitracks.cambridge-mt.com/AlejoGranados_RumbaChonta.zip','Excerpt'),('Alejo Granados','\'Rumba Chonta\'',315,'http://www.multitracks.cambridge-mt.com/AlejoGranados_RumbaChonta_Full.zip','Full'),('All Hands Lost','\'Ambitions\'',321,'http://mixoff.org/AllHandsLost-Ambitions.zip','Full'),('Amber Skye','\'Howlin\'',766,'http://www.puremix.net/zelab-mixing-contest/zelab-session-5-howlin.html','Full'),('Andrew Cole','\'Dead Roses\'',774,'http://alt.telefunken-elektroakustik.com/downloads/andrew-cole-audio.zip','Full'),('Angela Thomas Wade','\'Milk Cow Blues\'',30,'http://www.multitracks.cambridge-mt.com/AngelaThomasWade_MilkCowBlues.zip','Excerpt'),('Angela Thomas Wade','\'Milk Cow Blues\'',209,'http://www.multitracks.cambridge-mt.com/AngelaThomasWade_MilkCowBlues_Full.zip','Full'),('Angels In Amplifiers','\'I\'m Alright\'',35,'http://www.multitracks.cambridge-mt.com/AngelsInAmplifiers_ImAlright.zip','Excerpt'),('Angels In Amplifiers','\'I\'m Alright\'',285,'http://www.multitracks.cambridge-mt.com/AngelsInAmplifiers_ImAlright_Full.zip','Full'),('Anna Blanton','\'Waves\'',29,'http://www.multitracks.cambridge-mt.com/AnnaBlanton_Waves.zip','Excerpt'),('Anna Blanton','\'Waves\'',256,'http://www.multitracks.cambridge-mt.com/AnnaBlanton_Waves_Full.zip','Full'),('Arise','\'Run Run Run\'',53,'http://www.multitracks.cambridge-mt.com/MR1111_Arise.zip','Excerpt'),('Arise','\'Run Run Run\'',452,'http://www.multitracks.cambridge-mt.com/MR1111_Arise_Full.zip','Full'),('Asam Classical Soloists','G.F.Handel\'s \'Non Lo Diro Col Labbro\'',112,'http://www.multitracks.cambridge-mt.com/AsamClassicalSoloists_NonLoDiroColLabbro_Full.zip','Full'),('Asam Classical Soloists','J.S.Bach\'s \'Jesu bleibet meine Freude\'',159,'http://www.multitracks.cambridge-mt.com/AsamClassicalSoloists_JesuJoy_Full.zip','Full'),('Atlantis Bound','\'It Was My Fault For Waiting\'',101,'http://www.multitracks.cambridge-mt.com/AtlantisBound_ItWasMyFaultForWaiting.zip','Excerpt'),('Atlantis Bound','\'It Was My Fault For Waiting\'',668,'http://www.multitracks.cambridge-mt.com/AtlantisBound_ItWasMyFaultForWaiting_Full.zip','Full'),('Auctioneer','\'Our Future Faces\'',440,'http://www.shakingthrough.com/auctioneer','Full'),('Audio-Technica Demo','\'Loud And Clear\'',1100,'http://at.thestudio22.com/Song_sucht_Mischer.zip','Full'),('Ava Luna','\'Water Duct\'',1034,'http://www.shakingthrough.com/avaluna','Full'),('Avalon','\'All I Know\'',59,'http://www.multitracks.cambridge-mt.com/Avalon_AllIKnow.zip','Excerpt'),('Avalon','\'All I Know\'',553,'http://www.multitracks.cambridge-mt.com/Avalon_AllIKnow_Full.zip','Full'),('BKS','\'Bulldozer\'',148,'http://www.multitracks.cambridge-mt.com/BKS_Bulldozer.zip','Excerpt'),('BKS','\'Bulldozer\'',912,'http://www.multitracks.cambridge-mt.com/BKS_Bulldozer_Full.zip','Full'),('BKS','\'Too Much\'',68,'http://www.multitracks.cambridge-mt.com/BKS_TooMuch.zip','Excerpt'),('BKS','\'Too Much\'',714,'http://www.multitracks.cambridge-mt.com/BKS_TooMuch_Full.zip','Full'),('Banda Magda','\'Mouche\'',652,'http://www.puremix.net/zelab-mixing-contest/zelab-session-7-mouche.html','Full'),('Banned From The Zoo','\'Black Out Betty\'',54,'http://www.multitracks.cambridge-mt.com/BannedFromTheZoo_BlackOutBetty.zip','Excerpt'),('Banned From The Zoo','\'Black Out Betty\'',497,'http://www.multitracks.cambridge-mt.com/BannedFromTheZoo_BlackOutBetty_Full.zip','Full'),('Banned From The Zoo','\'Encore\'',59,'http://www.multitracks.cambridge-mt.com/BannedFromTheZoo_Encore.zip','Excerpt'),('Banned From The Zoo','\'Encore\'',440,'http://www.multitracks.cambridge-mt.com/BannedFromTheZoo_Encore_Full.zip','Full'),('Banned From The Zoo','\'Fish Tacos\'',32,'http://www.multitracks.cambridge-mt.com/BannedFromTheZoo_FishTacos.zip','Excerpt'),('Banned From The Zoo','\'Fish Tacos\'',479,'http://www.multitracks.cambridge-mt.com/BannedFromTheZoo_FishTacos_Full.zip','Full'),('Banned From The Zoo','\'Turn On Me\'',88,'http://www.multitracks.cambridge-mt.com/BannedFromTheZoo_TurnOnMe.zip','Excerpt'),('Banned From The Zoo','\'Turn On Me\'',443,'http://www.multitracks.cambridge-mt.com/BannedFromTheZoo_TurnOnMe_Full.zip','Full'),('Ben Carrigan','\'Hey Carrie Anne\'',72,'http://www.multitracks.cambridge-mt.com/BenCarrigan_HeyCarrieAnne.zip','Excerpt'),('Ben Carrigan','\'Hey Carrie Anne\'',223,'http://www.multitracks.cambridge-mt.com/BenCarrigan_HeyCarrieAnne_Full.zip','Full'),('Ben Carrigan','\'We\'ll Talk About It All Tonight\'',90,'http://www.multitracks.cambridge-mt.com/BenCarrigan_WellTalkAboutItAllTonight.zip','Excerpt'),('Ben Carrigan','\'We\'ll Talk About It All Tonight\'',586,'http://www.multitracks.cambridge-mt.com/BenCarrigan_WellTalkAboutItAllTonight_Full.zip','Full'),('Benjamin John','\'Better Way\'',58,'http://www.multitracks.cambridge-mt.com/BenjaminJohn_BetterWay.zip','Excerpt'),('Benjamin John','\'Better Way\'',262,'http://www.multitracks.cambridge-mt.com/BenjaminJohn_BetterWay_Full.zip','Full'),('Big Head Todd &amp; The Monsters','\'Hey Delilah\'',370,'http://alt.telefunken-elektroakustik.com/downloads/BHTATM_HD_Audio-Files01.zip','Full'),('Big Head Todd &amp; The Monsters','\'Hey Delilah\'',325,'http://alt.telefunken-elektroakustik.com/downloads/BHTATM_HD_Audio-Files02.zip','Full'),('Big Head Todd &amp; The Monsters','\'Hey Delilah\'',398,'http://alt.telefunken-elektroakustik.com/downloads/BHTATM_HD_Audio-Files03.zip','Full'),('Big Mean Sound Machine','\'Contraband\'',587,'http://alt.telefunken-elektroakustik.com/downloads/BMSM_C_Audio-Files01.zip','Full'),('Big Mean Sound Machine','\'Contraband\'',656,'http://alt.telefunken-elektroakustik.com/downloads/BMSM_C_Audio-Files02.zip','Full'),('Big Stone Culture','\'Fragile Thoughts\'',14,'http://www.multitracks.cambridge-mt.com/BigStoneCulture_FragileThoughts.zip','Excerpt'),('Big Stone Culture','\'Fragile Thoughts\'',160,'http://www.multitracks.cambridge-mt.com/BigStoneCulture_FragileThoughts_Full.zip','Full'),('Big Troubles','\'Phantom\'',282,'http://www.shakingthrough.com/bigtroubles','Full'),('Bill Chudziak','\'Children Of No-one\'',70,'http://www.multitracks.cambridge-mt.com/MR1212_BillChudziak.zip','Excerpt'),('Bill Chudziak','\'Children Of No-one\'',483,'http://www.multitracks.cambridge-mt.com/MR1212_BillChudziak_Full.zip','Full'),('Black Bloc','\'If You Want Success\'',53,'http://www.multitracks.cambridge-mt.com/MR1004_BlackBloc.zip','Excerpt'),('Black Bloc','\'If You Want Success\'',743,'http://www.multitracks.cambridge-mt.com/MR1004_BlackBloc_Full.zip','Full'),('Blue Lit Moon','\'Dad\'s Glad\'',35,'http://www.multitracks.cambridge-mt.com/MR1106_BlueLitMoon.zip','Excerpt'),('Blue Lit Moon','\'Dad\'s Glad\'',224,'http://www.multitracks.cambridge-mt.com/MR1106_BlueLitMoon_Full.zip','Full'),('Bobby Nobody','\'Stitch Up\'',70,'http://www.multitracks.cambridge-mt.com/MR0911_BobbyNobody.zip','Excerpt'),('Bobby Nobody','\'Stitch Up\'',395,'http://www.multitracks.cambridge-mt.com/MR0911_BobbyNobody_Full.zip','Full'),('Bolz &amp; Knecht','\'Brahms\'s \'Hungarian Dance No. 5\'',16,'http://www.multitracks.cambridge-mt.com/BolzAndKnecht_HungarianDanceNo5.zip','Excerpt'),('Bolz &amp; Knecht','\'Brahms\'s \'Hungarian Dance No. 5\'',78,'http://www.multitracks.cambridge-mt.com/BolzAndKnecht_HungarianDanceNo5_Full.zip','Full'),('Boogiesnakes','\'It\'s My Right\'',66,'http://www.multitracks.cambridge-mt.com/BoogieSnakes_ItsMyRight.zip','Excerpt'),('Boogiesnakes','\'It\'s My Right\'',472,'http://www.multitracks.cambridge-mt.com/BoogieSnakes_ItsMyRight_Full.zip','Full'),('Bosnian Rainbows','\'Morning Sickness\'',406,'http://alt.telefunken-elektroakustik.com/downloads/Bosnian-Rainbows-Morning-Sickness-audio-files.zip','Full'),('Bravestar','\'Downtempo\'',56,'http://www.multitracks.cambridge-mt.com/Bravestar_Downtempo.zip','Excerpt'),('Bravestar','\'Downtempo\'',293,'http://www.multitracks.cambridge-mt.com/Bravestar_Downtempo_Full.zip','Full'),('Brian Eno &amp David Byrne','\'A Secret Life\'',382,'http://bush-of-ghosts.com/remix/bush_of_ghosts.htm','Full'),('Brian Eno &amp David Byrne','\'Help Me Somebody\'',883,'http://bush-of-ghosts.com/remix/bush_of_ghosts.htm','Full'),('Bronze Radio Return','\'Mister, Mister\'',180,'http://alt.telefunken-elektroakustik.com/downloads/BRR_MM_Audio-Files01.zip','Full'),('Bronze Radio Return','\'Mister, Mister\'',185,'http://alt.telefunken-elektroakustik.com/downloads/BRR_MM_Audio-Files02.zip','Full'),('Bruks','\'Kak Tvoi Dela, Vova?\'',71,'http://www.multitracks.cambridge-mt.com/Bruks_KakTvoiDelaVova.zip','Excerpt'),('Bruks','\'Kak Tvoi Dela, Vova?\'',695,'http://www.multitracks.cambridge-mt.com/Bruks_KakTvoiDelaVova_Full.zip','Full'),('Buitraker','\'Revo X\'',40,'http://www.multitracks.cambridge-mt.com/Buitraker_RevoX.zip','Excerpt'),('Buitraker','\'Revo X\'',584,'http://www.multitracks.cambridge-mt.com/Buitraker_RevoX_Full.zip','Full'),('Camilla Francesca Bull','\'Va! Laisse Couler Mes Larmes\'',26,'http://www.multitracks.cambridge-mt.com/CamillaFrancescaBull_VaLaisseCoulerMesLarmes.zip','Excerpt'),('Camilla Francesca Bull','\'Va! Laisse Couler Mes Larmes\'',105,'http://www.multitracks.cambridge-mt.com/CamillaFrancescaBull_VaLaisseCoulerMesLarmes_Full.zip','Full'),('Camilla Francesca Bull','\'W.A.Mozart\'s \'Voi Che Sapete\'\'',33,'http://www.multitracks.cambridge-mt.com/CamillaFrancescaBull_VoiCheSapete.zip','Excerpt'),('Camilla Francesca Bull','\'W.A.Mozart\'s \'Voi Che Sapete\'\'',134,'http://www.multitracks.cambridge-mt.com/CamillaFrancescaBull_VoiCheSapete_Full.zip','Full'),('Carlos Gonzalez','\'A Place For Us\'',70,'http://www.multitracks.cambridge-mt.com/CarlosGonzalez_APlaceForUs.zip','Excerpt'),('Carlos Gonzalez','\'A Place For Us\'',682,'http://www.multitracks.cambridge-mt.com/CarlosGonzalez_APlaceForUs_Full.zip','Full'),('Cassandra Jenkins','\'Perfect Day\'',872,'http://www.shakingthrough.com/cassandrajenkins','Full'),('Cat Martino','\'I Promise\'',1034,'http://www.shakingthrough.com/catmartino','Full'),('Cayetana','\'Miss Thing\'',10,'http://www.shakingthrough.com/cayatana','Full'),('Celestial Shore','\'Die For Us\'',449,'http://www.shakingthrough.com/celestialshore','Full'),('Chris Durban','\'Celebrate\'',85,'http://www.multitracks.cambridge-mt.com/MR0905_ChrisDurban.zip','Excerpt'),('Chris Durban','\'Celebrate\'',652,'http://www.multitracks.cambridge-mt.com/MR0905_ChrisDurban_Full.zip','Full'),('Cnoc An Tursa','\'Bannockburn\'',107,'http://www.multitracks.cambridge-mt.com/CnocAnTursa_Bannockburn.zip','Excerpt'),('Cnoc An Tursa','\'Bannockburn\'',999,'http://www.multitracks.cambridge-mt.com/CnocAnTursa_Bannockburn_Full.zip','Full'),('Creepoid','\'Old Tree\'',660,'http://www.shakingthrough.com/creepoid','Full'),('Cristina Vane','\'So Easy\'',96,'http://www.multitracks.cambridge-mt.com/MR1305_CristinaVane.zip','Excerpt'),('Cristina Vane','\'So Easy\'',649,'http://www.multitracks.cambridge-mt.com/MR1305_CristinaVane_Full.zip','Full'),('Dark Ride','\'Burning Bridges\'',45,'http://www.multitracks.cambridge-mt.com/DarkRide_BurningBridges.zip','Excerpt'),('Dark Ride','\'Burning Bridges\'',465,'http://www.multitracks.cambridge-mt.com/DarkRide_BurningBridges_Full.zip','Full'),('Dark Ride','\'Dead Enemies\'',76,'http://www.multitracks.cambridge-mt.com/DarkRide_DeadEnemies.zip','Excerpt'),('Dark Ride','\'Dead Enemies\'',624,'http://www.multitracks.cambridge-mt.com/DarkRide_DeadEnemies_Full.zip','Full'),('Dark Ride','\'Piece Of Me\'',99,'http://www.multitracks.cambridge-mt.com/DarkRide_PieceOfMe.zip','Excerpt'),('Dark Ride','\'Piece Of Me\'',871,'http://www.multitracks.cambridge-mt.com/DarkRide_PieceOfMe_Full.zip','Full'),('David Youngs','\'Dust, You And Me\'',29,'http://www.multitracks.cambridge-mt.com/DavidYoungs_DustYouAndMe_Full.zip','Full'),('David Youngs','\'Long Overdue\'',77,'http://www.multitracks.cambridge-mt.com/DavidYoungs_LongOverdue_Full.zip','Full'),('David Youngs','\'Technomantra\'',98,'http://www.multitracks.cambridge-mt.com/DavidYoungs_Technomantra_Full.zip','Full'),('Detsky Sad','\'Walkie Talkie\'',23,'http://www.multitracks.cambridge-mt.com/DetskySad_WalkieTalkie.zip','Excerpt'),('Detsky Sad','\'Walkie Talkie\'',171,'http://www.multitracks.cambridge-mt.com/DetskySad_WalkieTalkie_Full.zip','Full'),('Diesel13','\'Colour Me Red\'',116,'http://www.multitracks.cambridge-mt.com/Diesel13_ColourMeRed.zip','Excerpt'),('Diesel13','\'Colour Me Red\'',478,'http://www.multitracks.cambridge-mt.com/Diesel13_ColourMeRed_Full.zip','Full'),('Dino On The Loose','\'Queen\'s Light\'',60,'http://www.multitracks.cambridge-mt.com/DinoOnTheLoose_QueensLight.zip','Excerpt'),('Dino On The Loose','\'Queen\'s Light\'',490,'http://www.multitracks.cambridge-mt.com/DinoOnTheLoose_QueensLight_Full.zip','Full'),('Don Camillo Choir','\'The Marsh Marigold\'s Song\'',31,'http://www.multitracks.cambridge-mt.com/DonCamilloChoir_MarshMarigoldsSong.zip','Excerpt'),('Don Camillo Choir','\'The Marsh Marigold\'s Song\'',115,'http://www.multitracks.cambridge-mt.com/DonCamilloChoir_MarshMarigoldsSong_Full.zip','Full'),('Don Camillo Choir','\'The Woodworm Song\'',36,'http://www.multitracks.cambridge-mt.com/DonCamilloChoir_WoodwormSong.zip','Excerpt'),('Don Camillo Choir','\'The Woodworm Song\'',211,'http://www.multitracks.cambridge-mt.com/DonCamilloChoir_WoodwormSong_Full.zip','Full'),('Don Camillo Choir','\'Trude The Bumblebee\'',49,'http://www.multitracks.cambridge-mt.com/DonCamilloChoir_TrudeTheBumblebee.zip','Excerpt'),('Don Camillo Choir','\'Trude The Bumblebee\'',331,'http://www.multitracks.cambridge-mt.com/DonCamilloChoir_TrudeTheBumblebee_Full.zip','Full'),('Dreamers Of The Ghetto','\'Heavy Love\'',332,'http://www.shakingthrough.com/dreamersoftheghetto','Full'),('Drumtracks','\'Ghost Bitch\'',52,'http://www.multitracks.cambridge-mt.com/Drumtracks_GhostBitch.zip','Excerpt'),('Drumtracks','\'Ghost Bitch\'',573,'http://www.multitracks.cambridge-mt.com/Drumtracks_GhostBitch_Full.zip','Full'),('Dry Clean Only','\'Iron Sheik\'',161,'http://www.puremix.net/zelab-mixing-contest/zelab-session-11-iron-sheik.html','Full'),('Dunning Kruger','\'EnDance\'',101,'http://www.multitracks.cambridge-mt.com/DunningKruger_EnDance.zip','Excerpt'),('Dunning Kruger','\'EnDance\'',371,'http://www.multitracks.cambridge-mt.com/DunningKruger_EnDance_Full.zip','Full'),('Dunning Kruger','\'Japan Song\'',35,'http://www.multitracks.cambridge-mt.com/DunningKruger_JapanSong.zip','Excerpt'),('Dunning Kruger','\'Japan Song\'',437,'http://www.multitracks.cambridge-mt.com/DunningKruger_JapanSong_Full.zip','Full'),('Dunning Kruger','\'Sascha\'',99,'http://www.multitracks.cambridge-mt.com/DunningKruger_Sascha.zip','Excerpt'),('Dunning Kruger','\'Sascha\'',566,'http://www.multitracks.cambridge-mt.com/DunningKruger_Sascha_Full.zip','Full'),('Enda Reilly','\'An Nasc Nua\'',28,'http://www.multitracks.cambridge-mt.com/EndaReilly_AnNascNua.zip','Excerpt'),('Enda Reilly','\'An Nasc Nua\'',193,'http://www.multitracks.cambridge-mt.com/EndaReilly_AnNascNua_Full.zip','Full'),('Enda Reilly','\'Cur An Long Ag Seol\'',35,'http://www.multitracks.cambridge-mt.com/EndaReilly_CurAnLongAgSeol.zip','Excerpt'),('Enda Reilly','\'Cur An Long Ag Seol\'',220,'http://www.multitracks.cambridge-mt.com/EndaReilly_CurAnLongAgSeol_Full.zip','Full'),('Faces On Film','\'Waiting For GA\'',348,'http://www.shakingthrough.com/facesonfilm','Full'),('Family Band','\'Again\'',225,'http://www.shakingthrough.com/familyband','Full'),('Fergessen','\'Back From The Start\'',43,'http://www.multitracks.cambridge-mt.com/Fergessen_BackFromTheStart.zip','Excerpt'),('Fergessen','\'Back From The Start\'',268,'http://www.multitracks.cambridge-mt.com/Fergessen_BackFromTheStart_Full.zip','Full'),('Fergessen','\'Nos Palpitants\'',79,'http://www.multitracks.cambridge-mt.com/Fergessen_NosPalpitants.zip','Excerpt'),('Fergessen','\'Nos Palpitants\'',509,'http://www.multitracks.cambridge-mt.com/Fergessen_NosPalpitants_Full.zip','Full'),('Fergessen','\'The Wind\'',130,'http://www.multitracks.cambridge-mt.com/Fergessen_TheWind.zip','Excerpt'),('Fergessen','\'The Wind\'',575,'http://www.multitracks.cambridge-mt.com/Fergessen_TheWind_Full.zip','Full'),('Filthybird','\'I\'d Like To Know\'',351,'http://www.shakingthrough.com/filthybird','Full'),('Flags','\'54\'',151,'http://www.multitracks.cambridge-mt.com/MR1103_Flags.zip','Excerpt'),('Flags','\'54\'',784,'http://www.multitracks.cambridge-mt.com/MR1103_Flags_Full.zip','Full'),('Forkupines','\'Semantics\'',79,'http://www.multitracks.cambridge-mt.com/Forkupines_Semantics.zip','Excerpt'),('Forkupines','\'Semantics\'',567,'http://www.multitracks.cambridge-mt.com/Forkupines_Semantics_Full.zip','Full'),('Forkupines','\'Sleep By The Fire, Bloom In Water\'',91,'http://www.multitracks.cambridge-mt.com/Forkupines_SleepByTheFireBloomInWater.zip','Excerpt'),('Forkupines','\'Sleep By The Fire, Bloom In Water\'',610,'http://www.multitracks.cambridge-mt.com/Forkupines_SleepByTheFireBloomInWater_Full.zip','Full'),('Francis Dunnery','\'Immaculate\'',1405,'http://alt.telefunken-elektroakustik.com/downloads/IMMACULATE-complete.zip','Full'),('Francis Dunnery &amp; Dorie Jackson','\'Heartache Reborn\'',168,'http://alt.telefunken-elektroakustik.com/downloads/HEARTACHE-REBORN-audio-duo-acoustic.zip','Full'),('Francis Dunnery &amp; Dorie Jackson','\'Holiday\'',151,'http://alt.telefunken-elektroakustik.com/downloads/HOLIDAY-audio-duo-acoustic.zip','Full'),('Franco Bidanco','\'Emotional Technology\'',55,'http://sav.multitracks.cambridge-mt.com/FrancoBidanco_EmotionalTechnology.zip','Excerpt'),('Fredy V','\'Not Alone\'',3900,'https://archive.org/details/FredyVNotAlone','Full'),('Galias','\'Horizon\'',52,'http://www.multitracks.cambridge-mt.com/Galias_Horizon.zip','Excerpt'),('Galias','\'Horizon\'',363,'http://www.multitracks.cambridge-mt.com/Galias_Horizon_Full.zip','Full'),('Georgia Wonder','\'Siren\'',69,'http://www.multitracks.cambridge-mt.com/GeorgiaWonder_Siren.zip','Excerpt'),('Georgia Wonder','\'Siren\'',1030,'http://www.multitracks.cambridge-mt.com/GeorgiaWonder_Siren_Full.zip','Full'),('Girls Under Glass','\'We Feel Alright\'',77,'http://www.multitracks.cambridge-mt.com/MR1011_GirlsUnderGlass.zip','Excerpt'),('Girls Under Glass','\'We Feel Alright\'',571,'http://www.multitracks.cambridge-mt.com/MR1011_GirlsUnderGlass_Full.zip','Full'),('Giselle','\'Moss\'',122,'http://www.multitracks.cambridge-mt.com/Giselle_Moss.zip','Excerpt'),('Giselle','\'Moss\'',545,'http://www.multitracks.cambridge-mt.com/Giselle_Moss_Full.zip','Full'),('Giselle','\'You\'',145,'http://www.multitracks.cambridge-mt.com/Giselle_You.zip','Excerpt'),('Giselle','\'You\'',519,'http://www.multitracks.cambridge-mt.com/Giselle_You_Full.zip','Full'),('Grant$','\'Punch Drunk\'',237,'http://www.shakingthrough.com/grants','Full'),('Headwound Harry','\'XXXV\'',27,'http://www.multitracks.cambridge-mt.com/HeadwoundHarry_XXXV.zip','Excerpt'),('Headwound Harry','\'XXXV\'',292,'http://www.multitracks.cambridge-mt.com/HeadwoundHarry_XXXV_Full.zip','Full'),('Helado Negro','\'Mitad Del Mundo\'',166,'http://www.shakingthrough.com/heladonegro','Full'),('Hezekiah Jones','\'Borrowed Heart\'',424,'http://www.shakingthrough.com/hezekiahjones','Full'),('Hollow Ground','\'Ill Fate\'',44,'http://www.multitracks.cambridge-mt.com/HollowGround_IllFate.zip','Excerpt'),('Hollow Ground','\'Ill Fate\'',295,'http://www.multitracks.cambridge-mt.com/HollowGround_IllFate_Full.zip','Full'),('Hollow Ground','\'Left Blind\'',32,'http://www.multitracks.cambridge-mt.com/HollowGround_LeftBlind.zip','Excerpt'),('Hollow Ground','\'Left Blind\'',134,'http://www.multitracks.cambridge-mt.com/HollowGround_LeftBlind_Full.zip','Full'),('Hop Along','\'Sister Cities\'',596,'http://www.shakingthrough.com/hopalong','Full'),('How To Kill A Conversation','\'Heart On My Thumb\'',43,'http://www.multitracks.cambridge-mt.com/HowToKillAConversation_HeartOnMyThumb.zip','Excerpt'),('How To Kill A Conversation','\'Heart On My Thumb\'',206,'http://www.multitracks.cambridge-mt.com/HowToKillAConversation_HeartOnMyThumb_Full.zip','Full'),('How To Kill A Conversation','\'Location Location\'',59,'http://www.multitracks.cambridge-mt.com/HowToKillAConversation_LocationLocation.zip','Excerpt'),('How To Kill A Conversation','\'Location Location\'',367,'http://www.multitracks.cambridge-mt.com/HowToKillAConversation_LocationLocation_Full.zip','Full'),('How To Kill A Conversation','\'Mute\'',46,'http://www.multitracks.cambridge-mt.com/HowToKillAConversation_Mute.zip','Excerpt'),('How To Kill A Conversation','\'Mute\'',364,'http://www.multitracks.cambridge-mt.com/HowToKillAConversation_Mute_Full.zip','Full'),('How To Kill A Conversation','\'Oil\'',53,'http://www.multitracks.cambridge-mt.com/HowToKillAConversation_Oil.zip','Excerpt'),('How To Kill A Conversation','\'Oil\'',320,'http://www.multitracks.cambridge-mt.com/HowToKillAConversation_Oil_Full.zip','Full'),('How To Kill A Conversation','\'Showmonster\'',41,'http://www.multitracks.cambridge-mt.com/HowToKillAConversation_Showmonster.zip','Excerpt'),('How To Kill A Conversation','\'Showmonster\'',351,'http://www.multitracks.cambridge-mt.com/HowToKillAConversation_Showmonster_Full.zip','Full'),('Human Radio','\'You &amp; Me &amp; The Radio\'',225,'http://www.multitracks.cambridge-mt.com/HumanRadio_YouAndMeAndTheRadio.zip','Excerpt'),('Human Radio','\'You &amp; Me &amp; The Radio\'',877,'http://www.multitracks.cambridge-mt.com/HumanRadio_YouAndMeAndTheRadio_Full.zip','Full'),('I Am Cassettes','\'Believe\'',285,'https://www.dropbox.com/s/7zom8xord2hgc6x/Drums.zip?dl=1','Full'),('I Am Cassettes','\'Believe\'',61,'https://www.dropbox.com/s/hyvt0brvponvugu/Vocals.zip?dl=1','Full'),('I Am Cassettes','\'Believe\'',169,'https://www.dropbox.com/s/tq65lemu1odfyja/Guitars.zip?dl=1','Full'),('I Am Cassettes','\'Believe\'',201,'https://www.dropbox.com/s/x3t9y56xd3em8zk/Orchestra.zip?dl=1','Full'),('Ian Dearden','\'Thursday Reverie\'',157,'http://www.multitracks.cambridge-mt.com/IanDearden_ThursdayReverie_Full.zip','Full'),('Invisible Familiars','\'Disturbing Wildlife\'',227,'http://www.shakingthrough.com/invisiblefamiliars','Full'),('JJ Cinnerman','\'Never Say Goodbye\'',380,'https://sav.s3-us-west-2.amazonaws.com/ca-musicians/songformitch/neversaygoodbe.zip','Full'),('Jackie Greene','\'Don\'t Let The Devil Take Your Mind\'',472,'http://alt.telefunken-elektroakustik.com/downloads/JG_DLTDTYM_Audio-Files01.zip','Full'),('Jackie Greene','\'Don\'t Let The Devil Take Your Mind\'',458,'http://alt.telefunken-elektroakustik.com/downloads/JG_DLTDTYM_Audio-Files02.zip','Full'),('Jackie Greene','\'Don\'t Let The Devil Take Your Mind\'',697,'http://alt.telefunken-elektroakustik.com/downloads/JG_DLTDTYM_Audio-Files03.zip','Full'),('Jackie Greene','\'Rise Up Singing\'',42,'http://alt.telefunken-elektroakustik.com/downloads/jackie-greene-session-backing-vox.zip','Full'),('Jackie Greene','\'Rise Up Singing\'',230,'http://alt.telefunken-elektroakustik.com/downloads/jackie-greene-session-drums.zip','Full'),('Jackie Greene','\'Rise Up Singing\'',152,'http://alt.telefunken-elektroakustik.com/downloads/jackie-greene-session-e-guitar.zip','Full'),('Jackie Greene','\'Rise Up Singing\'',144,'http://alt.telefunken-elektroakustik.com/downloads/jackie-greene-session-lead-vox.zip','Full'),('Jackie Greene','\'Rise Up Singing\'',351,'http://alt.telefunken-elektroakustik.com/downloads/jackie-greene-session-misc.zip','Full'),('Jackie Greene','\'Rise Up Singing\'',228,'http://alt.telefunken-elektroakustik.com/downloads/jackie-greene-session-piano.zip','Full'),('James Elder &amp; Mark M Thompson','\'The English Actor\'',40,'http://www.multitracks.cambridge-mt.com/MR0902_JamesElder.zip','Excerpt'),('James Elder &amp; Mark M Thompson','\'The English Actor\'',360,'http://www.multitracks.cambridge-mt.com/MR0902_JamesElder_Full.zip','Full'),('James May','\'All Souls Moon\'',62,'http://www.multitracks.cambridge-mt.com/JamesMay_AllSoulsMoon.zip','Excerpt'),('James May','\'All Souls Moon\'',267,'http://www.multitracks.cambridge-mt.com/JamesMay_AllSoulsMoon_Full.zip','Full'),('James May','\'Don\'t Let Go\'',43,'http://www.multitracks.cambridge-mt.com/JamesMay_DontLetGo.zip','Excerpt'),('James May','\'Don\'t Let Go\'',239,'http://www.multitracks.cambridge-mt.com/JamesMay_DontLetGo_Full.zip','Full'),('James May','\'Hold On You\'',24,'http://www.multitracks.cambridge-mt.com/JamesMay_HoldOnYou.zip','Excerpt'),('James May','\'Hold On You\'',212,'http://www.multitracks.cambridge-mt.com/JamesMay_HoldOnYou_Full.zip','Full'),('James May','\'If You Say\'',49,'http://www.multitracks.cambridge-mt.com/JamesMay_IfYouSay.zip','Excerpt'),('James May','\'If You Say\'',356,'http://www.multitracks.cambridge-mt.com/JamesMay_IfYouSay_Full.zip','Full'),('James May','\'On The Line\'',87,'http://www.multitracks.cambridge-mt.com/MR1210_JamesMay.zip','Excerpt'),('James May','\'On The Line\'',445,'http://www.multitracks.cambridge-mt.com/MR1210_JamesMay_Full.zip','Full'),('Jamie Walker','\'Love Can Be\'',149,'http://www.methodsandapplicationslaboratory.com/media/Fig8Mics/MethLab-Fig8Mics-Multitrack.zip','Full'),('Jay Menon','\'Through My Eyes\'',111,'http://www.multitracks.cambridge-mt.com/MR1001_JayMenon.zip','Excerpt'),('Jay Menon','\'Through My Eyes\'',357,'http://www.multitracks.cambridge-mt.com/MR1001_JayMenon_Full.zip','Full'),('Jeffrey Hayat','\'Alex The Adventurer\'',188,'http://www.multitracks.cambridge-mt.com/JeffreyHayat_AlexTheAdventurer_Full.zip','Full'),('Jesper Buhl Trio','\'What Is This Thing Called Love\'',39,'http://www.multitracks.cambridge-mt.com/MR0804_JesperBuhlTrio.zip','Excerpt'),('Jesper Buhl Trio','\'What Is This Thing Called Love\'',332,'http://www.multitracks.cambridge-mt.com/MR0804_JesperBuhlTrio_Full.zip','Full'),('Jessica Childress','\'Slow Down\'',496,'http://alt.telefunken-elektroakustik.com/downloads/JC_SD_Audio-Files01.zip','Full'),('John McKay','\'Daisy Daisy\'',36,'http://www.multitracks.cambridge-mt.com/JohnMcKay_DaisyDaisy.zip','Excerpt'),('John McKay','\'Daisy Daisy\'',204,'http://www.multitracks.cambridge-mt.com/JohnMcKay_DaisyDaisy_Full.zip','Full'),('Johnny Lokke','\'Promises &amp; Lies\'',42,'http://www.multitracks.cambridge-mt.com/MR1101_JohnnyLokke.zip','Excerpt'),('Johnny Lokke','\'Promises &amp; Lies\'',554,'http://www.multitracks.cambridge-mt.com/MR1101_JohnnyLokke_Full.zip','Full'),('Johnny Lokke','\'Whisper To A Scream\'',59,'http://www.multitracks.cambridge-mt.com/JohnnyLokke_WhisperToAScream.zip','Excerpt'),('Johnny Lokke','\'Whisper To A Scream\'',363,'http://www.multitracks.cambridge-mt.com/JohnnyLokke_WhisperToAScream_Full.zip','Full'),('Jokers, Jacks &amp; Kings','\'Sea Of Leaves\'',62,'http://www.multitracks.cambridge-mt.com/MR1204_JokersJacksKings.zip','Excerpt'),('Jokers, Jacks &amp; Kings','\'Sea Of Leaves\'',381,'http://www.multitracks.cambridge-mt.com/MR1204_JokersJacksKings_Full.zip','Full'),('Jonny Rodgers','\'Glorious\'',587,'http://alt.telefunken-elektroakustik.com/downloads/jonny-rodgers-audio.zip','Full'),('Jules King','\'Never Stop\'',104,'http://www.multitracks.cambridge-mt.com/JulesKing_NeverStop.zip','Excerpt'),('Jules King','\'Never Stop\'',489,'http://www.multitracks.cambridge-mt.com/JulesKing_NeverStop_Full.zip','Full'),('Juliet\'s Rescue','\'Heartbeats\'',124,'http://www.multitracks.cambridge-mt.com/JulietsRescue_Heartbeats.zip','Excerpt'),('Juliet\'s Rescue','\'Heartbeats\'',668,'http://www.multitracks.cambridge-mt.com/JulietsRescue_Heartbeats_Full.zip','Full'),('Justin Myles','\'Alone With You\'',33,'http://www.multitracks.cambridge-mt.com/JustinMyles_AloneWithYou.zip','Excerpt'),('Justin Myles','\'Alone With You\'',564,'http://www.multitracks.cambridge-mt.com/JustinMyles_AloneWithYou_Full.zip','Full'),('Kevin Reeves','\'Afraid &amp; Alone\'',307,'http://full.kevinreeves.net/Stems/AfraidAndAloneFull.zip','Full'),('Kevin Reeves','\'In Love With You\'',334,'http://full.kevinreeves.net/Stems/InLoveWithYouFull.zip','Full'),('Kevin Reeves','\'It\'s About Time\'',269,'http://full.kevinreeves.net/Stems/It%27sAboutTimeFull.zip','Full'),('Kevin Reeves','\'Mother\'',269,'http://full.kevinreeves.net/Stems/MotherFull.zip','Full'),('Kevin Reeves','\'Said &amp; Done\'',327,'http://full.kevinreeves.net/Stems/SaidAndDoneFull.zip','Full'),('Kevin Reeves','\'The Game\'',321,'http://full.kevinreeves.net/Stems/TheGameFull.zip','Full'),('Kevin Reeves','\'Throw Me A Line\'',319,'http://full.kevinreeves.net/Stems/ThrowMeALineFull.zip','Full'),('Kevin Reeves','\'Wasted\'',393,'http://full.kevinreeves.net/Stems/WastedFull.zip','Full'),('Keystone Angel','\'Afterglow\'',87,'http://www.multitracks.cambridge-mt.com/KeystoneAngel_Afterglow.zip','Excerpt'),('Keystone Angel','\'Afterglow\'',345,'http://www.multitracks.cambridge-mt.com/KeystoneAngel_Afterglow_Full.zip','Full'),('King\'s College London Baroque Orchestra','\'Telemann\'s \'La Lyra\' Overture\'',452,'http://www.multitracks.cambridge-mt.com/KCLBaroque_TelemannLaLyra_Full.zip','Full'),('Lead Inc','\'The Dice\'',67,'http://www.multitracks.cambridge-mt.com/LeadInc_TheDice.zip','Excerpt'),('Lead Inc','\'The Dice\'',609,'http://www.multitracks.cambridge-mt.com/LeadInc_TheDice_Full.zip','Full'),('Lead Inc','\'The Inner Circle\'',175,'http://www.multitracks.cambridge-mt.com/LeadInc_InnerCircle.zip','Excerpt'),('Lead Inc','\'The Inner Circle\'',1377,'http://www.multitracks.cambridge-mt.com/LeadInc_InnerCircle_Full.zip','Full'),('Lead Inc','\'Way Of Life\'',57,'http://www.multitracks.cambridge-mt.com/LeadInc_WayOfLife.zip','Excerpt'),('Lead Inc','\'Way Of Life\'',544,'http://www.multitracks.cambridge-mt.com/LeadInc_WayOfLife_Full.zip','Full'),('Leaf','\'Come Around\'',23,'http://www.multitracks.cambridge-mt.com/MR0702_Leaf.zip','Excerpt'),('Leaf','\'Come Around\'',155,'http://www.multitracks.cambridge-mt.com/MR0702_Leaf_Full.zip','Full'),('Leaf','\'Summerghost\'',47,'http://www.multitracks.cambridge-mt.com/Leaf_Summerghost.zip','Excerpt'),('Leaf','\'Summerghost\'',228,'http://www.multitracks.cambridge-mt.com/Leaf_Summerghost_Full.zip','Full'),('Leaf','\'Wicked\'',24,'http://www.multitracks.cambridge-mt.com/Leaf_Wicked.zip','Excerpt'),('Leaf','\'Wicked\'',221,'http://www.multitracks.cambridge-mt.com/Leaf_Wicked_Full.zip','Full'),('Leftover Salmon','\'River\'s Risin\'',414,'http://alt.telefunken-elektroakustik.com/downloads/LS_RiversRisin_Audio-Files01.zip','Full'),('Leftover Salmon','\'River\'s Risin\'',429,'http://alt.telefunken-elektroakustik.com/downloads/LS_RiversRisin_Audio-Files02.zip','Full'),('Lindy Hip Big Band','\'The Opener\'',61,'http://www.multitracks.cambridge-mt.com/LindyHipBigBand_TheOpener.zip','Excerpt'),('Lindy Hip Big Band','\'The Opener\'',299,'http://www.multitracks.cambridge-mt.com/LindyHipBigBand_TheOpener_Full.zip','Full'),('Little Chicago\'s Finest','\'My Own\'',57,'http://www.multitracks.cambridge-mt.com/LittleChicagosFinest_MyOwn.zip','Excerpt'),('Little Chicago\'s Finest','\'My Own\'',377,'http://www.multitracks.cambridge-mt.com/LittleChicagosFinest_MyOwn_Full.zip','Full'),('Louis Cressy Band','\'Good Time\'',86,'http://www.multitracks.cambridge-mt.com/LouisCressyBand_GoodTime.zip','Excerpt'),('Louis Cressy Band','\'Good Time\'',588,'http://www.multitracks.cambridge-mt.com/LouisCressyBand_GoodTime_Full.zip','Full'),('Lush Life','\'Toynbee Suite\'',1038,'http://www.shakingthrough.com/lushlife','Full'),('Lyndsey Ollard','\'Catching Up\'',675,'http://www.multitracks.cambridge-mt.com/LyndseyOllard_CatchingUp_Full.zip','Full'),('M.E.R.C. Music','\'Knockout\'',99,'http://www.multitracks.cambridge-mt.com/MERCMusic_Knockout.zip','Excerpt'),('M.E.R.C. Music','\'Knockout\'',427,'http://www.multitracks.cambridge-mt.com/MERCMusic_Knockout_Full.zip','Full'),('Malenky Slovos','\'Matterplay\'',38,'http://www.multitracks.cambridge-mt.com/MalenkySlovos_Matterplay.zip','Excerpt'),('Malenky Slovos','\'Matterplay\'',467,'http://www.multitracks.cambridge-mt.com/MalenkySlovos_Matterplay_Full.zip','Full'),('Man About A Dog','\'Maggie May\'',36,'http://www.multitracks.cambridge-mt.com/ManAboutADog_MaggieMay.zip','Excerpt'),('Man About A Dog','\'Maggie May\'',286,'http://www.multitracks.cambridge-mt.com/ManAboutADog_MaggieMay_Full.zip','Full'),('Maurizio Pagnutti Sextet','\'All The Gin Is Gone\'',54,'http://www.multitracks.cambridge-mt.com/MaurizioPagnuttiSextet_AllTheGinIsGone.zip','Excerpt'),('Maurizio Pagnutti Sextet','\'All The Gin Is Gone\'',417,'http://www.multitracks.cambridge-mt.com/MaurizioPagnuttiSextet_AllTheGinIsGone_Full.zip','Full'),('Memnoir','\'The One\'',731,'https://dl.dropboxusercontent.com/u/721667/TheOneTracks.zip','Full'),('MerryGold','\'Motherload\'',443,'http://alt.telefunken-elektroakustik.com/downloads/MERRYGOLD-TRI-audiofiles.zip','Full'),('Mike Skalandunas','\'Sun Drenched\'',76,'http://www.multitracks.cambridge-mt.com/MikeSkalandunas_SunDrenched_Full.zip','Full'),('Moosmusic','\'Big Dummy Shake\'',29,'http://www.multitracks.cambridge-mt.com/MR0903_Moosmusic.zip','Excerpt'),('Moosmusic','\'Big Dummy Shake\'',220,'http://www.multitracks.cambridge-mt.com/MR0903_Moosmusic_Full.zip','Full'),('Motor Tapes','\'Shore\'',88,'http://www.multitracks.cambridge-mt.com/MotorTapes_Shore.zip','Excerpt'),('Motor Tapes','\'Shore\'',534,'http://www.multitracks.cambridge-mt.com/MotorTapes_Shore_Full.zip','Full'),('Nahum Strickland','\'Steampunk Siege\'',38,'http://www.multitracks.cambridge-mt.com/NahumStrickland_SteampunkSiege.zip','Excerpt'),('Nahum Strickland','\'Steampunk Siege\'',142,'http://www.multitracks.cambridge-mt.com/NahumStrickland_SteampunkSiege_Full.zip','Full'),('Neon Hornet','\'Take It Off\'',39,'http://www.multitracks.cambridge-mt.com/NeonHornet_TakeItOff.zip','Excerpt'),('Neon Hornet','\'Take It Off\'',413,'http://www.multitracks.cambridge-mt.com/NeonHornet_TakeItOff_Full.zip','Full'),('Nervbloc','\'Slapback\'',43,'http://www.multitracks.cambridge-mt.com/Nervbloc_Slapback.zip','Excerpt'),('Nervbloc','\'Slapback\'',435,'http://www.multitracks.cambridge-mt.com/Nervbloc_Slapback_Full.zip','Full'),('Nerve 9','\'Pray For The Rain\'',93,'http://www.multitracks.cambridge-mt.com/Nerve9_PrayForTheRain.zip','Excerpt'),('Nerve 9','\'Pray For The Rain\'',627,'http://www.multitracks.cambridge-mt.com/Nerve9_PrayForTheRain_Full.zip','Full'),('Nicki Bluhm &amp; The Gramblers','\'Go Go Go\'',515,'http://alt.telefunken-elektroakustik.com/downloads/nicki-bluhm/AUDIO-FILES-GoGoGo-Nick-Bluhm-the-Gramblers.zip','Full'),('Night Panther','\'Fire\'',1793,'http://www.shakingthrough.com/nightpanther','Full'),('North To Alaska','\'All The Same\'',81,'http://www.multitracks.cambridge-mt.com/MR0912_NorthToAlaska.zip','Excerpt'),('North To Alaska','\'All The Same\'',269,'http://www.multitracks.cambridge-mt.com/MR0912_NorthToAlaska_Full.zip','Full'),('Nova-One Studio','\'Four Graham\'',50,'http://www.multitracks.cambridge-mt.com/NovaOneStudio_FourGraham.zip','Excerpt'),('Nova-One Studio','\'Four Graham\'',303,'http://www.multitracks.cambridge-mt.com/NovaOneStudio_FourGraham_Full.zip','Full'),('Out Of Tune','\'56 Seconds\'',124,'http://bugi.oulu.fi/~lmanner/out_of_tune/dp/multitrack/13-out_of_tune-56_seconds-multitrack.zip','Full'),('Out Of Tune','\'Black Bloc Party\'',142,'http://bugi.oulu.fi/~lmanner/out_of_tune/dp/multitrack/10-out_of_tune-black_bloc_party-multitrack.zip','Full'),('Out Of Tune','\'Call Of Duty\'',104,'http://bugi.oulu.fi/~lmanner/out_of_tune/dp/multitrack/09-out_of_tune-call_of_duty-multitrack.zip','Full'),('Out Of Tune','\'Copyleft Notice\'',126,'http://bugi.oulu.fi/~lmanner/out_of_tune/dp/multitrack/01-out_of_tune-copyleft_notice-multitrack.zip','Full'),('Out Of Tune','\'Damaged Cybernetics\'',332,'http://bugi.oulu.fi/~lmanner/out_of_tune/dp/multitrack/15-out_of_tune-damaged_cybernetics-multitrack.zip','Full'),('Out Of Tune','\'Deadline\'',161,'http://bugi.oulu.fi/~lmanner/out_of_tune/dp/multitrack/05-out_of_tune-deadline-multitrack.zip','Full'),('Out Of Tune','\'Desperate Measures\'',53,'http://bugi.oulu.fi/~lmanner/out_of_tune/dp/multitrack/08-out_of_tune-desperate_measures-multitrack.zip','Full'),('Out Of Tune','\'Dissident\'s Anthem\'',78,'http://bugi.oulu.fi/~lmanner/out_of_tune/dp/multitrack/04-out_of_tune-dissidents_anthem-multitrack.zip','Full'),('Out Of Tune','\'Dreamgrinder\'',137,'http://bugi.oulu.fi/~lmanner/out_of_tune/dp/multitrack/14-out_of_tune-dreamgrinder-multitrack.zip','Full'),('Out Of Tune','\'Eat Your Leaders\'',228,'http://bugi.oulu.fi/~lmanner/out_of_tune/dp/multitrack/12-out_of_tune-eat_your_leaders-multitrack.zip','Full'),('Out Of Tune','\'God Is A Coward\'',108,'http://bugi.oulu.fi/~lmanner/out_of_tune/dp/multitrack/11-out_of_tune-god_is_a_coward-multitrack.zip','Full'),('Out Of Tune','\'Lefthand Dialectics\'',164,'http://bugi.oulu.fi/~lmanner/out_of_tune/dp/multitrack/02-out_of_tune-left_hand_dialectics-multitrack.zip','Full'),('Out Of Tune','\'Mimosa\'',142,'http://bugi.oulu.fi/~lmanner/out_of_tune/dp/multitrack/06-out_of_tune-mimosa-multitrack.zip','Full'),('Out Of Tune','\'Nothing\'',219,'http://bugi.oulu.fi/~lmanner/out_of_tune/dp/multitrack/07-out_of_tune-nothing-multitrack.zip','Full'),('Out Of Tune','\'Technocracy\'',180,'http://bugi.oulu.fi/~lmanner/out_of_tune/dp/multitrack/03-out_of_tune-technocracy-multitrack.zip','Full'),('Pablo Martin','\'Progresivo 1, El Vuelo\'',166,'http://www.multitracks.cambridge-mt.com/PabloMartin_Progresivo1ElVuelo.zip','Excerpt'),('Pablo Martin','\'Progresivo 1, El Vuelo\'',650,'http://www.multitracks.cambridge-mt.com/PabloMartin_Progresivo1ElVuelo_Full.zip','Full'),('Painted Skies','\'Piers\'',32,'http://www.multitracks.cambridge-mt.com/PaintedSkies_Piers.zip','Excerpt'),('Painted Skies','\'Piers\'',385,'http://www.multitracks.cambridge-mt.com/PaintedSkies_Piers_Full.zip','Full'),('Patrick Talbot','\'A Reason To Leave\'',77,'http://www.multitracks.cambridge-mt.com/PatrickTalbot_AReasonToLeave.zip','Excerpt'),('Patrick Talbot','\'A Reason To Leave\'',824,'http://www.multitracks.cambridge-mt.com/PatrickTalbot_AReasonToLeave_Full.zip','Full'),('Patrick Talbot','\'Blue\'',52,'http://www.multitracks.cambridge-mt.com/PatrickTalbot_Blue.zip','Excerpt'),('Patrick Talbot','\'Blue\'',594,'http://www.multitracks.cambridge-mt.com/PatrickTalbot_Blue_Full.zip','Full'),('Patrick Talbot','\'Fool\'',54,'http://www.multitracks.cambridge-mt.com/PatrickTalbot_Fool.zip','Excerpt'),('Patrick Talbot','\'Fool\'',337,'http://www.multitracks.cambridge-mt.com/PatrickTalbot_Fool_Full.zip','Full'),('Patrick Talbot','\'Set Me Free\'',78,'http://www.multitracks.cambridge-mt.com/PatrickTalbot_SetMeFree.zip','Excerpt'),('Patrick Talbot','\'Set Me Free\'',447,'http://www.multitracks.cambridge-mt.com/PatrickTalbot_SetMeFree_Full.zip','Full'),('Patrick Talbot','\'Upper Hand\'',61,'http://www.multitracks.cambridge-mt.com/PatrickTalbot_UpperHand.zip','Excerpt'),('Patrick Talbot','\'Upper Hand\'',533,'http://www.multitracks.cambridge-mt.com/PatrickTalbot_UpperHand_Full.zip','Full'),('Perpetual Escape','\'Roots Of Mankind\'',133,'http://www.multitracks.cambridge-mt.com/PerpetualEscape_RootsOfMankind.zip','Excerpt'),('Perpetual Escape','\'Roots Of Mankind\'',1194,'http://www.multitracks.cambridge-mt.com/PerpetualEscape_RootsOfMankind_Full.zip','Full'),('Peter White','\'The Blues Is A Lady\'',60,'http://www.multitracks.cambridge-mt.com/PeterWhite_TheBluesIsALady.zip','Excerpt'),('Peter White','\'The Blues Is A Lady\'',379,'http://www.multitracks.cambridge-mt.com/PeterWhite_TheBluesIsALady_Full.zip','Full'),('Phre The Eon','\'Everybody\'s Falling Apart\'',75,'http://www.multitracks.cambridge-mt.com/MR1008_PhreTheEon.zip','Excerpt'),('Phre The Eon','\'Everybody\'s Falling Apart\'',450,'http://www.multitracks.cambridge-mt.com/MR1008_PhreTheEon_Full.zip','Full'),('Port St Willow','\'Stay Even\'',597,'http://www.shakingthrough.com/portstwillow','Full'),('Primakova','\'The Glass\'',58,'http://www.multitracks.cambridge-mt.com/Primakova_TheGlass.zip','Excerpt'),('Primakova','\'The Glass\'',405,'http://www.multitracks.cambridge-mt.com/Primakova_TheGlass_Full.zip','Full'),('Punkdisco','\'Oral Hygiene\'',42,'http://www.multitracks.cambridge-mt.com/MR0907_Punkdisco.zip','Excerpt'),('Punkdisco','\'Oral Hygiene\'',186,'http://www.multitracks.cambridge-mt.com/MR0907_Punkdisco_Full.zip','Full'),('Purling Hiss','\'Lolita\'',406,'http://www.shakingthrough.com/purlinghiss','Full'),('Qupe','\'Ayni Nehirde\'',48,'http://www.multitracks.cambridge-mt.com/Qupe_AyniNehirde.zip','Excerpt'),('Qupe','\'Ayni Nehirde\'',467,'http://www.multitracks.cambridge-mt.com/Qupe_AyniNehirde_Full.zip','Full'),('Raft Monk','\'Tiring\'',99,'http://www.multitracks.cambridge-mt.com/RaftMonk_Tiring.zip','Excerpt'),('Raft Monk','\'Tiring\'',729,'http://www.multitracks.cambridge-mt.com/RaftMonk_Tiring_Full.zip','Full'),('Remember December','\'C U Next Time\'',87,'http://www.multitracks.cambridge-mt.com/RememberDecember_CUNextTime.zip','Excerpt'),('Remember December','\'C U Next Time\'',446,'http://www.multitracks.cambridge-mt.com/RememberDecember_CUNextTime_Full.zip','Full'),('Rocha','\'Love &amp; Circumstance\'',76,'http://www.multitracks.cambridge-mt.com/Rocha_LoveAndCircumstance.zip','Excerpt'),('Rod Alexander','\'Tears In The Rain\'',23,'http://www.multitracks.cambridge-mt.com/RodAlexander_TearsInTheRain.zip','Excerpt'),('Rod Alexander','\'Tears In The Rain\'',218,'http://www.multitracks.cambridge-mt.com/RodAlexander_TearsInTheRain_Full.zip','Full'),('Rounders','\'It\'s Only A Paper Moon\', \'I Wanna Be Around\' &amp; \'By The Bend Of The River\'',236,'http://alt.telefunken-elektroakustik.com/downloads/nashvilleDemos/Accapella_Quartet/Accapella_Quartet_Full.zip','Full'),('Rovers Ahead','\'It\'s In These Times\'',118,'http://www.multitracks.cambridge-mt.com/RoversAhead_ItsInTheseTimes.zip','Excerpt'),('Rovers Ahead','\'It\'s In These Times\'',949,'http://www.multitracks.cambridge-mt.com/RoversAhead_ItsInTheseTimes_Full.zip','Full'),('Sambasevam Shanmugam','\'Kaathaadi\'',35,'http://www.multitracks.cambridge-mt.com/MR1202_SambasevamShanmugam.zip','Excerpt'),('Sambasevam Shanmugam','\'Kaathaadi\'',294,'http://www.multitracks.cambridge-mt.com/MR1202_SambasevamShanmugam_Full.zip','Full'),('Santi Vega','\'Ying Yang\'',53,'http://www.multitracks.cambridge-mt.com/MR1207_SantiVega_Full.zip','Full'),('Secret Mountains','\'High Horse\'',557,'http://www.shakingthrough.com/secretmountains','Full'),('Secretariat','\'Borderline\'',43,'http://www.multitracks.cambridge-mt.com/Secretariat_Borderline.zip','Excerpt'),('Secretariat','\'Borderline\'',271,'http://www.multitracks.cambridge-mt.com/Secretariat_Borderline_Full.zip','Full'),('Secretariat','\'Homebound\'',13,'http://www.multitracks.cambridge-mt.com/Secretariat_Homebound.zip','Excerpt'),('Secretariat','\'Homebound\'',54,'http://www.multitracks.cambridge-mt.com/Secretariat_Homebound_Full.zip','Full'),('Secretariat','\'Over The Top\'',20,'http://www.multitracks.cambridge-mt.com/Secretariat_OverTheTop.zip','Excerpt'),('Secretariat','\'Over The Top\'',225,'http://www.multitracks.cambridge-mt.com/Secretariat_OverTheTop_Full.zip','Full'),('Selwyn Jazz','Bill Ashton\'s \'Much Too Much\'',52,'http://www.multitracks.cambridge-mt.com/SelwynJazz_MuchTooMuch.zip','Excerpt'),('Selwyn Jazz','Bill Ashton\'s \'Much Too Much\'',516,'http://www.multitracks.cambridge-mt.com/SelwynJazz_MuchTooMuch_Full.zip','Full'),('Side Effects Project','\'Sing With Me\'',90,'http://www.multitracks.cambridge-mt.com/MR1002_SideEffectsProject.zip','Excerpt'),('Side Effects Project','\'Sing With Me\'',405,'http://www.multitracks.cambridge-mt.com/MR1002_SideEffectsProject_Full.zip','Full'),('Signe Jakobsen','\'What Have You Done To Me\'',79,'http://www.multitracks.cambridge-mt.com/MR1107_SigneJakobsen.zip','Excerpt'),('Signe Jakobsen','\'What Have You Done To Me\'',266,'http://www.multitracks.cambridge-mt.com/MR1107_SigneJakobsen_Full.zip','Full'),('Simon Lyn','\'Copper\'',57,'http://www.multitracks.cambridge-mt.com/SimonLyn_Copper.zip','Excerpt'),('Simon Lyn','\'Copper\'',349,'http://www.multitracks.cambridge-mt.com/SimonLyn_Copper_Full.zip','Full'),('Skelpolu','\'Anomalous Weeping\'',50,'http://www.multitracks.cambridge-mt.com/Skelpolu_AnomalousWeeping.zip','Excerpt'),('Skelpolu','\'Anomalous Weeping\'',521,'http://www.multitracks.cambridge-mt.com/Skelpolu_AnomalousWeeping_Full.zip','Full'),('Skelpolu','\'Cold Strive\'',53,'http://www.multitracks.cambridge-mt.com/Skelpolu_ColdStrive.zip','Excerpt'),('Skelpolu','\'Cold Strive\'',654,'http://www.multitracks.cambridge-mt.com/Skelpolu_ColdStrive_Full.zip','Full'),('Skelpolu','\'Entwine\'',53,'http://www.multitracks.cambridge-mt.com/Skelpolu_Entwine.zip','Excerpt'),('Skelpolu','\'Entwine\'',472,'http://www.multitracks.cambridge-mt.com/Skelpolu_Entwine_Full.zip','Full'),('Skelpolu','\'Human Mistakes\'',35,'http://www.multitracks.cambridge-mt.com/Skelpolu_HumanMistakes.zip','Excerpt'),('Skelpolu','\'Human Mistakes\'',322,'http://www.multitracks.cambridge-mt.com/Skelpolu_HumanMistakes_Full.zip','Full'),('Skelpolu','\'Long Road\'',64,'http://www.multitracks.cambridge-mt.com/Skelpolu_LongRoad.zip','Excerpt'),('Skelpolu','\'Long Road\'',408,'http://www.multitracks.cambridge-mt.com/Skelpolu_LongRoad_Full.zip','Full'),('Skelpolu','\'Resurrection Resurrected\'',40,'http://www.multitracks.cambridge-mt.com/Skelpolu_Resurrection.zip','Excerpt'),('Skelpolu','\'Resurrection Resurrected\'',427,'http://www.multitracks.cambridge-mt.com/Skelpolu_Resurrection_Full.zip','Full'),('Skelpolu','\'Together Alone\'',38,'http://www.multitracks.cambridge-mt.com/Skelpolu_TogetherAlone.zip','Excerpt'),('Skelpolu','\'Together Alone\'',374,'http://www.multitracks.cambridge-mt.com/Skelpolu_TogetherAlone_Full.zip','Full'),('Snowmine','\'Curfews\'',549,'http://www.shakingthrough.com/snowmine','Full'),('Sound On Sound Demo','\'Mystery\'',27,'http://www.multitracks.cambridge-mt.com/SOSDemo_Mystery.zip','Excerpt'),('Southern Sirens','\'Rachel\'',41,'http://www.multitracks.cambridge-mt.com/SouthernSirens_Rachel.zip','Excerpt'),('Southern Sirens','\'Rachel\'',294,'http://www.multitracks.cambridge-mt.com/SouthernSirens_Rachel_Full.zip','Full'),('Speak Softly','\'Broken Man\'',56,'http://www.multitracks.cambridge-mt.com/SpeakSoftly_BrokenMan.zip','Excerpt'),('Speak Softly','\'Broken Man\'',223,'http://www.multitracks.cambridge-mt.com/SpeakSoftly_BrokenMan_Full.zip','Full'),('Speak Softly','\'Like Horses\'',52,'http://www.multitracks.cambridge-mt.com/SpeakSoftly_LikeHorses.zip','Excerpt'),('Speak Softly','\'Like Horses\'',323,'http://www.multitracks.cambridge-mt.com/SpeakSoftly_LikeHorses_Full.zip','Full'),('Speak Softly','\'North Is False\'',33,'http://www.multitracks.cambridge-mt.com/SpeakSoftly_NorthIsFalse.zip','Excerpt'),('Speak Softly','\'North Is False\'',162,'http://www.multitracks.cambridge-mt.com/SpeakSoftly_NorthIsFalse_Full.zip','Full'),('Spektakulatius','\'Christmas Blues\'',46,'http://www.multitracks.cambridge-mt.com/Spektakulatius_ChristmasBlues.zip','Excerpt'),('Spektakulatius','\'Christmas Blues\'',238,'http://www.multitracks.cambridge-mt.com/Spektakulatius_ChristmasBlues_Full.zip','Full'),('Spektakulatius','\'Is You Is Or Is You Ain\'t\'',39,'http://www.multitracks.cambridge-mt.com/Spektakulatius_IsYouIsOrIsYouAint.zip','Excerpt'),('Spektakulatius','\'Is You Is Or Is You Ain\'t\'',243,'http://www.multitracks.cambridge-mt.com/Spektakulatius_IsYouIsOrIsYouAint_Full.zip','Full'),('Spektakulatius','\'Jeden Winter\'',38,'http://www.multitracks.cambridge-mt.com/Spektakulatius_JedenWinter.zip','Excerpt'),('Spektakulatius','\'Jeden Winter\'',146,'http://www.multitracks.cambridge-mt.com/Spektakulatius_JedenWinter_Full.zip','Full'),('Spektakulatius','\'Our Love Is Here To Stay\'',58,'http://www.multitracks.cambridge-mt.com/Spektakulatius_OurLoveIsHereToStay.zip','Excerpt'),('Spektakulatius','\'Our Love Is Here To Stay\'',296,'http://www.multitracks.cambridge-mt.com/Spektakulatius_OurLoveIsHereToStay_Full.zip','Full'),('Spektakulatius','\'Wayfaring Stranger\'',62,'http://www.multitracks.cambridge-mt.com/Spektakulatius_WayfaringStranger.zip','Excerpt'),('Spektakulatius','\'Wayfaring Stranger\'',336,'http://www.multitracks.cambridge-mt.com/Spektakulatius_WayfaringStranger_Full.zip','Full'),('Spektakulatius','\'What Child Is This\'',42,'http://www.multitracks.cambridge-mt.com/Spektakulatius_WhatChildIsThis.zip','Excerpt'),('Spektakulatius','\'What Child Is This\'',251,'http://www.multitracks.cambridge-mt.com/Spektakulatius_WhatChildIsThis_Full.zip','Full'),('Spike Mullings','\'Mike\'s Sulking\'',60,'http://www.multitracks.cambridge-mt.com/SpikeMullings_MikesSulking.zip','Excerpt'),('Spike Mullings','\'Mike\'s Sulking\'',514,'http://www.multitracks.cambridge-mt.com/SpikeMullings_MikesSulking_Full.zip','Full'),('St Vitus','\'Word Gets Around\'',30,'http://www.multitracks.cambridge-mt.com/MR0811_StVitus.zip','Excerpt'),('St Vitus','\'Word Gets Around\'',169,'http://www.multitracks.cambridge-mt.com/MR0811_StVitus_Full.zip','Full'),('Steven A. Clark','\'Bounty\'',738,'http://www.shakingthrough.com/stevenaclark','Full'),('Strand Of Oaks','\'Spacestation\'',315,'http://www.shakingthrough.com/strandofoaks','Full'),('Street Noise','\'I\'d Rather Be Drinkin\'\'',46,'http://www.multitracks.cambridge-mt.com/StreetNoise_IdRatherBeDrinkin.zip','Excerpt'),('Street Noise','\'I\'d Rather Be Drinkin\'\'',283,'http://www.multitracks.cambridge-mt.com/StreetNoise_IdRatherBeDrinkin_Full.zip','Full'),('Street Noise','\'Revelations\'',40,'http://www.multitracks.cambridge-mt.com/StreetNoise_Revelations.zip','Excerpt'),('Street Noise','\'Revelations\'',436,'http://www.multitracks.cambridge-mt.com/StreetNoise_Revelations_Full.zip','Full'),('Street Noise','\'You Are The One\'',31,'http://www.multitracks.cambridge-mt.com/StreetNoise_YouAreTheOne.zip','Excerpt'),('Street Noise','\'You Are The One\'',751,'http://www.multitracks.cambridge-mt.com/StreetNoise_YouAreTheOne_Full.zip','Full'),('Sven Bornemark &amp; Pearl Mics','\'Stop Messing With Me\'',273,'http://pearlmicrophones.com/index.php/audio-video/cambridge','Full'),('Sweet Lights','\'You Let Me Down\'',875,'http://www.shakingthrough.com/sweetlights','Full'),('Swinging Steaks','\'Lost My Way\'',76,'http://www.multitracks.cambridge-mt.com/SwingingSteaks_LostMyWay.zip','Excerpt'),('Swinging Steaks','\'Lost My Way\'',667,'http://www.multitracks.cambridge-mt.com/SwingingSteaks_LostMyWay_Full.zip','Full'),('Telefunken','\'Song 1\'',896,'http://alt.telefunken-elektroakustik.com/downloads/nashvilleDemos/Full_Band_Song_1/Full_Band_Song_1_Full.zip','Full'),('Telefunken','\'Song 2\'',434,'http://alt.telefunken-elektroakustik.com/downloads/nashvilleDemos/Full_Band_Song_2/Full_Band_Song_2_Full.zip','Full'),('Telefunken','\'Song 3\'',559,'http://alt.telefunken-elektroakustik.com/downloads/nashvilleDemos/Full_Band_Song_3/Full_Band_Song_3_Full.zip','Full'),('Terry Anderson\'s OAK Team','\'Girls With Glasses\'',101,'http://alt.telefunken-elektroakustik.com/downloads/oak-team/12-string-acoustic-guitar.zip','Full'),('Terry Anderson\'s OAK Team','\'Girls With Glasses\'',58,'http://alt.telefunken-elektroakustik.com/downloads/oak-team/bass-castanet-tamborine.zip','Full'),('Terry Anderson\'s OAK Team','\'Girls With Glasses\'',285,'http://alt.telefunken-elektroakustik.com/downloads/oak-team/drums.zip','Full'),('Terry Anderson\'s OAK Team','\'Girls With Glasses\'',131,'http://alt.telefunken-elektroakustik.com/downloads/oak-team/guitar.zip','Full'),('Terry Anderson\'s OAK Team','\'Girls With Glasses\'',119,'http://alt.telefunken-elektroakustik.com/downloads/oak-team/organ-wurlitzer.zip','Full'),('Terry Anderson\'s OAK Team','\'Girls With Glasses\'',185,'http://alt.telefunken-elektroakustik.com/downloads/oak-team/vox.zip','Full'),('The Abletones Big Band','\'Corine, Corine\'',87,'http://www.multitracks.cambridge-mt.com/AbletonesBigBand_CorineCorine.zip','Excerpt'),('The Abletones Big Band','\'Corine, Corine\'',402,'http://www.multitracks.cambridge-mt.com/AbletonesBigBand_CorineCorine_Full.zip','Full'),('The Abletones Big Band','\'Song Of India\'',84,'http://www.multitracks.cambridge-mt.com/AbletonesBigBand_SongOfIndia.zip','Excerpt'),('The Abletones Big Band','\'Song Of India\'',447,'http://www.multitracks.cambridge-mt.com/AbletonesBigBand_SongOfIndia_Full.zip','Full'),('The Apprehended','\'Still Flyin\'\'',85,'http://www.multitracks.cambridge-mt.com/TheApprehended_StillFlyin.zip','Excerpt'),('The Apprehended','\'Still Flyin\'\'',720,'http://www.multitracks.cambridge-mt.com/TheApprehended_StillFlyin_Full.zip','Full'),('The Brew','\'What I Want\'',311,'http://alt.telefunken-elektroakustik.com/downloads/BREW-REMIX-DRUMS-KEYS.zip','Full'),('The Brew','\'What I Want\'',266,'http://alt.telefunken-elektroakustik.com/downloads/BREW-REMIX-GUITAR-BASS.zip','Full'),('The Brew','\'What I Want\'',158,'http://alt.telefunken-elektroakustik.com/downloads/BREW-REMIX-OH.zip','Full'),('The Brew','\'What I Want\'',222,'http://alt.telefunken-elektroakustik.com/downloads/BREW-REMIX-VOCALS.zip','Full'),('The Butterfly Effect','\'An Ultra Violet Apology\'',31,'http://www.multitracks.cambridge-mt.com/ButterflyEffect_AnUltraVioletApology.zip','Excerpt'),('The Butterfly Effect','\'An Ultra Violet Apology\'',216,'http://www.multitracks.cambridge-mt.com/ButterflyEffect_AnUltraVioletApology_Full.zip','Full'),('The Butterfly Effect','\'Fairytale\'',49,'http://www.multitracks.cambridge-mt.com/ButterflyEffect_Fairytale.zip','Excerpt'),('The Butterfly Effect','\'Fairytale\'',250,'http://www.multitracks.cambridge-mt.com/ButterflyEffect_Fairytale_Full.zip','Full'),('The Butterfly Effect','\'Preach Right Here\'',21,'http://www.multitracks.cambridge-mt.com/ButterflyEffect_PreachRightHere.zip','Excerpt'),('The Butterfly Effect','\'Preach Right Here\'',277,'http://www.multitracks.cambridge-mt.com/ButterflyEffect_PreachRightHere_Full.zip','Full'),('The Complainiacs','\'Etc\'',60,'http://www.multitracks.cambridge-mt.com/Complainiacs_Etc.zip','Excerpt'),('The Complainiacs','\'Etc\'',162,'http://www.multitracks.cambridge-mt.com/Complainiacs_Etc_Full.zip','Full'),('The Districts','\'Vermont\'',355,'http://www.shakingthrough.com/thedistricts','Full'),('The Doppler Shift','\'Atrophy\'',76,'http://www.multitracks.cambridge-mt.com/DopplerShift_Atrophy.zip','Excerpt'),('The Doppler Shift','\'Atrophy\'',903,'http://www.multitracks.cambridge-mt.com/DopplerShift_Atrophy_Full.zip','Full'),('The Funny Valentines','\'Sleigh Ride\'',30,'http://www.multitracks.cambridge-mt.com/FunnyValentines_SleighRide.zip','Excerpt'),('The Funny Valentines','\'Sleigh Ride\'',219,'http://www.multitracks.cambridge-mt.com/FunnyValentines_SleighRide_Full.zip','Full'),('The Long Wait','\'Back Home To Blue\'',61,'http://www.multitracks.cambridge-mt.com/TheLongWait_BackHomeToBlue.zip','Excerpt'),('The Long Wait','\'Back Home To Blue\'',397,'http://www.multitracks.cambridge-mt.com/TheLongWait_BackHomeToBlue_Full.zip','Full'),('The Long Wait','\'Dark Horses\'',34,'http://www.multitracks.cambridge-mt.com/TheLongWait_DarkHorses.zip','Excerpt'),('The Long Wait','\'Dark Horses\'',410,'http://www.multitracks.cambridge-mt.com/TheLongWait_DarkHorses_Full.zip','Full'),('The Long Wait','\'Drag\'',50,'http://www.multitracks.cambridge-mt.com/TheLongWait_Drag.zip','Excerpt'),('The Long Wait','\'Drag\'',676,'http://www.multitracks.cambridge-mt.com/TheLongWait_Drag_Full.zip','Full'),('The Long Wait','\'Lookout Mountain\'',60,'http://www.multitracks.cambridge-mt.com/TheLongWait_LookoutMountain.zip','Excerpt'),('The Long Wait','\'Lookout Mountain\'',395,'http://www.multitracks.cambridge-mt.com/TheLongWait_LookoutMountain_Full.zip','Full'),('The Long Wait','\'Santa\'',66,'http://www.multitracks.cambridge-mt.com/TheLongWait_Santa.zip','Excerpt'),('The Long Wait','\'Santa\'',218,'http://www.multitracks.cambridge-mt.com/TheLongWait_Santa_Full.zip','Full'),('The Mountaineering Club','\'Mallory\'',76,'http://www.multitracks.cambridge-mt.com/MR1205_MountaineeringClub.zip','Excerpt'),('The Mountaineering Club','\'Mallory\'',647,'http://www.multitracks.cambridge-mt.com/MR1205_MountaineeringClub_Full.zip','Full'),('The Mountaineering Club Orchestra','\'Cruising The Ice\'',89,'http://www.multitracks.cambridge-mt.com/MountaineeringClubOrchestra_CruisingTheIce.zip','Excerpt'),('The Mountaineering Club Orchestra','\'Cruising The Ice\'',363,'http://www.multitracks.cambridge-mt.com/MountaineeringClubOrchestra_CruisingTheIce_Full.zip','Full'),('The So So Glos','\'Emergency\'',323,'http://www.shakingthrough.com/thesosoglos','Full'),('The Sunshine Garcia Band','\'For I Am The Moon\'',203,'http://www.multitracks.cambridge-mt.com/SunshineGarciaBand_ForIAmTheMoon.zip','Excerpt'),('The Sunshine Garcia Band','\'For I Am The Moon\'',1185,'http://www.multitracks.cambridge-mt.com/SunshineGarciaBand_ForIAmTheMoon_Full.zip','Full'),('The Tontons','\'Lush\'',10,'http://www.shakingthrough.com/thetontons','Full'),('The Travelling Band','\'Passing Ships\'',171,'http://www.multitracks.cambridge-mt.com/TheTravellingBand_PassingShips.zip','Excerpt'),('The Travelling Band','\'Passing Ships\'',761,'http://www.multitracks.cambridge-mt.com/TheTravellingBand_PassingShips_Full.zip','Full'),('The Travelling Band','\'Quicksand\'',69,'http://www.multitracks.cambridge-mt.com/TheTravellingBand_Quicksand.zip','Excerpt'),('The Travelling Band','\'Quicksand\'',397,'http://www.multitracks.cambridge-mt.com/TheTravellingBand_Quicksand_Full.zip','Full'),('The Wrong\'uns','\'Rothko\'',35,'http://www.multitracks.cambridge-mt.com/MR1303_WrongUns.zip','Excerpt'),('The Wrong\'uns','\'Rothko\'',236,'http://www.multitracks.cambridge-mt.com/MR1303_WrongUns_Full.zip','Full'),('Tim Taler','\'Stalker\'',62,'http://www.multitracks.cambridge-mt.com/TimTaler_Stalker.zip','Excerpt'),('Tim Taler','\'Stalker\'',277,'http://www.multitracks.cambridge-mt.com/TimTaler_Stalker_Full.zip','Full'),('Timboz','\'Pony\'',34,'http://www.multitracks.cambridge-mt.com/Timboz_Pony.zip','Excerpt'),('Timboz','\'Pony\'',239,'http://www.multitracks.cambridge-mt.com/Timboz_Pony_Full.zip','Full'),('Timo And The Timezone','\'Just Don\'t Talk\'',45,'http://www.multitracks.cambridge-mt.com/TimoAndTheTimezone_JustDontTalk.zip','Excerpt'),('Timo And The Timezone','\'Just Don\'t Talk\'',205,'http://www.multitracks.cambridge-mt.com/TimoAndTheTimezone_JustDontTalk_Full.zip','Full'),('Timo Carlier','\'The Road Ahead\'',24,'http://www.multitracks.cambridge-mt.com/MR0904_TimoCarlier.zip','Excerpt'),('Timo Carlier','\'The Road Ahead\'',170,'http://www.multitracks.cambridge-mt.com/MR0904_TimoCarlier_Full.zip','Full'),('Titanium','\'Haunted Age\'',55,'http://www.multitracks.cambridge-mt.com/Titanium_HauntedAge.zip','Excerpt'),('Titanium','\'Haunted Age\'',360,'http://www.multitracks.cambridge-mt.com/Titanium_HauntedAge_Full.zip','Full'),('Tom McKenzie','\'Directions\'',61,'http://www.multitracks.cambridge-mt.com/MR1304_TomMcKenzie.zip','Excerpt'),('Tom McKenzie','\'Directions\'',290,'http://www.multitracks.cambridge-mt.com/MR1304_TomMcKenzie_Full.zip','Full'),('Tommy Marcinek','\'Happy Blues\'',39,'http://www.multitracks.cambridge-mt.com/TommyMarcinek_HappyBlues.zip','Excerpt'),('Tommy Marcinek','\'Happy Blues\'',140,'http://www.multitracks.cambridge-mt.com/TommyMarcinek_HappyBlues_Full.zip','Full'),('Torres','\'New Skin\'',579,'http://www.shakingthrough.com/torres','Full'),('Traffic Experiment','\'Once More (With Feeling)\'',112,'http://www.multitracks.cambridge-mt.com/TrafficExperiment_OnceMore.zip','Excerpt'),('Traffic Experiment','\'Once More (With Feeling)\'',1133,'http://www.multitracks.cambridge-mt.com/TrafficExperiment_OnceMore_Full.zip','Full'),('Traffic Experiment','\'Sirens\'',127,'http://www.multitracks.cambridge-mt.com/TrafficExperiment_Sirens.zip','Excerpt'),('Traffic Experiment','\'Sirens\'',888,'http://www.multitracks.cambridge-mt.com/TrafficExperiment_Sirens_Full.zip','Full'),('Trick Bird','\'Window\'',42,'http://www.multitracks.cambridge-mt.com/TrickBird_Window.zip','Excerpt'),('Trick Bird','\'Window\'',254,'http://www.multitracks.cambridge-mt.com/TrickBird_Window_Full.zip','Full'),('Triviul','\'Alright?\'',42,'http://www.multitracks.cambridge-mt.com/Triviul_Alright.zip','Excerpt'),('Triviul','\'Alright?\'',240,'http://www.multitracks.cambridge-mt.com/Triviul_Alright_Full.zip','Full'),('Triviul','\'Angelsaint\'',50,'http://www.multitracks.cambridge-mt.com/Triviul_Angelsaint.zip','Excerpt'),('Triviul','\'Angelsaint\'',285,'http://www.multitracks.cambridge-mt.com/Triviul_Angelsaint_Full.zip','Full'),('Triviul','\'Better?\'',70,'http://www.multitracks.cambridge-mt.com/Triviul_Better.zip','Excerpt'),('Triviul','\'Better?\'',286,'http://www.multitracks.cambridge-mt.com/Triviul_Better_Full.zip','Full'),('Triviul','\'Dorothy\'',67,'http://www.multitracks.cambridge-mt.com/Triviul_Dorothy.zip','Excerpt'),('Triviul','\'Dorothy\'',171,'http://www.multitracks.cambridge-mt.com/Triviul_Dorothy_Full.zip','Full'),('Triviul','\'Gimme\'',38,'http://www.multitracks.cambridge-mt.com/Triviul_Gimme.zip','Excerpt'),('Triviul','\'Gimme\'',199,'http://www.multitracks.cambridge-mt.com/Triviul_Gimme_Full.zip','Full'),('Triviul','\'To Sam Rawfers\'',65,'http://www.multitracks.cambridge-mt.com/Triviul_ToSamRawfers.zip','Excerpt'),('Triviul','\'To Sam Rawfers\'',244,'http://www.multitracks.cambridge-mt.com/Triviul_ToSamRawfers_Full.zip','Full'),('Triviul feat. The Fiend','\'Widow\'',96,'http://www.multitracks.cambridge-mt.com/Triviul_Widow.zip','Excerpt'),('Triviul feat. The Fiend','\'Widow\'',313,'http://www.multitracks.cambridge-mt.com/Triviul_Widow_Full.zip','Full'),('Turkuaz','\'Tip Toe Through The Crypto\'',455,'http://alt.telefunken-elektroakustik.com/downloads/Turkuaz_TTTTC_Audio-Files01.zip','Full'),('Turn Back To Spring','\'Another Day Calling\'',72,'http://www.multitracks.cambridge-mt.com/TurnBackToSpring_AnotherDayCalling.zip','Excerpt'),('Turn Back To Spring','\'Another Day Calling\'',544,'http://www.multitracks.cambridge-mt.com/TurnBackToSpring_AnotherDayCalling_Full.zip','Full'),('U T Gandhi','\'Arto\'',43,'http://www.multitracks.cambridge-mt.com/UTGandhi_Arto.zip','Excerpt'),('U T Gandhi','\'Arto\'',326,'http://www.multitracks.cambridge-mt.com/UTGandhi_Arto_Full.zip','Full'),('Uncle Dad','\'Who I Am\'',279,'http://alt.telefunken-elektroakustik.com/downloads/legend-drums.zip','Full'),('Uncle Dad','\'Who I Am\'',100,'http://alt.telefunken-elektroakustik.com/downloads/legend-piano-vox-mix.zip','Full'),('Uncle Dad','\'Who I Am\'',262,'http://alt.telefunken-elektroakustik.com/downloads/legend-strings.zip','Full'),('Vikki Hewitt','\'Move On\'\'',34,'http://www.multitracks.cambridge-mt.com/VikkiHewitt_MoveOn.zip','Excerpt'),('Vikki Hewitt','\'Move On\'\'',287,'http://www.multitracks.cambridge-mt.com/VikkiHewitt_MoveOn_Full.zip','Full'),('Voelund','\'Comfort Lives In Belief\'',81,'http://www.multitracks.cambridge-mt.com/Voelund_ComfortLivesInBelief.zip','Excerpt'),('Voelund','\'Comfort Lives In Belief\'',420,'http://www.multitracks.cambridge-mt.com/Voelund_ComfortLivesInBelief_Full.zip','Full'),('W.I.N.D.','\'Funky To The Bone\'',87,'http://www.multitracks.cambridge-mt.com/WIND_FunkyToTheBone.zip','Excerpt'),('W.I.N.D.','\'Funky To The Bone\'',962,'http://www.multitracks.cambridge-mt.com/WIND_FunkyToTheBone_Full.zip','Full'),('W.I.N.D.','\'Temporary Happiness\'',75,'http://www.multitracks.cambridge-mt.com/WIND_TemporaryHappiness.zip','Excerpt'),('W.I.N.D.','\'Temporary Happiness\'',1006,'http://www.multitracks.cambridge-mt.com/WIND_TemporaryHappiness_Full.zip','Full'),('Wall Of Death','\'Femme\'',48,'http://www.multitracks.cambridge-mt.com/WallOfDeath_Femme.zip','Excerpt'),('Wall Of Death','\'Femme\'',371,'http://www.multitracks.cambridge-mt.com/WallOfDeath_Femme_Full.zip','Full'),('We Fell From The Sky','\'Not You\'',47,'http://www.multitracks.cambridge-mt.com/MR1105_WeFellFromTheSky.zip','Excerpt'),('We Fell From The Sky','\'Not You\'',530,'http://www.multitracks.cambridge-mt.com/MR1105_WeFellFromTheSky_Full.zip','Full'),('Wesley Morgan','\'Backroom In Tulsa\'',82,'http://www.multitracks.cambridge-mt.com/WesleyMorgan_BackroomInTulsa.zip','Excerpt'),('Wesley Morgan','\'Backroom In Tulsa\'',595,'http://www.multitracks.cambridge-mt.com/WesleyMorgan_BackroomInTulsa_Full.zip','Full'),('Wesley Morgan','\'Flesh And Bone\'',48,'http://www.multitracks.cambridge-mt.com/WesleyMorgan_FleshAndBone.zip','Excerpt'),('Wesley Morgan','\'Flesh And Bone\'',349,'http://www.multitracks.cambridge-mt.com/WesleyMorgan_FleshAndBone_Full.zip','Full'),('Wess Meets West','\'64 Bristol\'',187,'http://www.multitracks.cambridge-mt.com/WessMeetsWest_64Bristol.zip','Excerpt'),('Wess Meets West','\'64 Bristol\'',970,'http://www.multitracks.cambridge-mt.com/WessMeetsWest_64Bristol_Full.zip','Full'),('Will Knox','\'Cog In The Machine\'',752,'http://puremix.net/video/othering/events/gearfest-2011-tracking-1-6-bass-drum.html','Full'),('Wolf\'s Head &amp; Vixen Morris Band','\'Lament\'',28,'http://www.multitracks.cambridge-mt.com/MR1108_WolfsHeadAndVixen.zip','Excerpt'),('Wolf\'s Head &amp; Vixen Morris Band','\'Lament\'',130,'http://www.multitracks.cambridge-mt.com/MR1108_WolfsHeadAndVixen_Full.zip','Full'),('Young Griffo','\'Blood To Bone\'',68,'http://www.multitracks.cambridge-mt.com/YoungGriffo_BloodToBone.zip','Excerpt'),('Young Griffo','\'Blood To Bone\'',482,'http://www.multitracks.cambridge-mt.com/YoungGriffo_BloodToBone_Full.zip','Full'),('Young Griffo','\'Facade\'',110,'http://www.multitracks.cambridge-mt.com/MR1110_YoungGriffo.zip','Excerpt'),('Young Griffo','\'Facade\'',322,'http://www.multitracks.cambridge-mt.com/MR1110_YoungGriffo_Full.zip','Full'),('Young Griffo','\'Pennies\'',59,'http://www.multitracks.cambridge-mt.com/YoungGriffo_Pennies.zip','Excerpt'),('Young Griffo','\'Pennies\'',540,'http://www.multitracks.cambridge-mt.com/YoungGriffo_Pennies_Full.zip','Full'),('Zane Carney &amp; Friends','\'Talk To Me Baby\'',505,'http://alt.telefunken-elektroakustik.com/downloads/mic-summit/telefunken-zane-carney-mic-summit-audio-files.zip','Full'),('Zeno','\'Signs\'',90,'http://www.multitracks.cambridge-mt.com/MR1003_Zeno.zip','Excerpt'),('Zeno','\'Signs\'',387,'http://www.multitracks.cambridge-mt.com/MR1003_Zeno_Full.zip','Full'),('Zwiepack','\'Air\'',34,'http://www.multitracks.cambridge-mt.com/Zwiepack_Air.zip','Excerpt'),('Zwiepack','\'Air\'',193,'http://www.multitracks.cambridge-mt.com/Zwiepack_Air_Full.zip','Full'),('Zwiepack','\'Summertime\'',57,'http://www.multitracks.cambridge-mt.com/Zwiepack_Summertime.zip','Excerpt'),('Zwiepack','\'Summertime\'',214,'http://www.multitracks.cambridge-mt.com/Zwiepack_Summertime_Full.zip','Full'),('c:fx','\'Mathematician\'',38,'http://www.multitracks.cambridge-mt.com/cfx_Mathematician.zip','Excerpt'),('c:fx','\'Mathematician\'',294,'http://www.multitracks.cambridge-mt.com/cfx_Mathematician_Full.zip','Full'),('impossible c o l o u r s','\'Dune Rider\'',96,'http://www.multitracks.cambridge-mt.com/ImpossibleColours_DuneRider.zip','Excerpt'),('impossible c o l o u r s','\'Dune Rider\'',705,'http://www.multitracks.cambridge-mt.com/ImpossibleColours_DuneRider_Full.zip','Full'),('impossible c o l o u r s','\'The Truth\'',81,'http://www.multitracks.cambridge-mt.com/ImpossibleColours_TheTruth.zip','Excerpt'),('impossible c o l o u r s','\'The Truth\'',704,'http://www.multitracks.cambridge-mt.com/ImpossibleColours_TheTruth_Full.zip','Full'),('Maurizio Pagnutti Sextet','\'Bess\'',660,'http://www.multitracks.cambridge-mt.com/MaurizioPagnuttiSextet_Bess_Full.zip','Full'),('Maurizio Pagnutti Sextet','\'Bess\'',76,'http://www.multitracks.cambridge-mt.com/MaurizioPagnuttiSextet_Bess.zip','Excerpt'),('Ronnie Jones','\'Why Don\'t You Stay\'',751,'http://www.multitracks.cambridge-mt.com/RonnieJones_WhyDontYouStay_Full.zip','Full'),('Ronnie Jones','\'Why Don\'t You Stay\'',79,'http://www.multitracks.cambridge-mt.com/RonnieJones_WhyDontYouStay.zip','Excerpt'),('Death Of A Romantic','\'The Well\'',441,'http://www.multitracks.cambridge-mt.com/DeathOfARomantic_TheWell_Full.zip','Full'),('Death Of A Romantic','\'The Well\'',76,'http://www.multitracks.cambridge-mt.com/DeathOfARomantic_TheWell.zip','Excerpt'),('FIN','\'Echoes\'',342,'http://www.multitracks.cambridge-mt.com/Fin_Echoes_Full.zip','Full'),('FIN','\'Echoes\'',86,'http://www.multitracks.cambridge-mt.com/Fin_Echoes.zip','Excerpt'),('Colton Benjamin','\'Sail Away\'',310,'http://www.multitracks.cambridge-mt.com/ColtonBenjamin_SailAway_Full.zip','Full'),('Colton Benjamin','\'Sail Away\'',48,'http://www.multitracks.cambridge-mt.com/ColtonBenjamin_SailAway.zip','Excerpt'),('Karl Hungus','\'Got Your Love\'',328,'http://www.multitracks.cambridge-mt.com/KarlHungus_GotYourLove_Full.zip','Full'),('Karl Hungus','\'Got Your Love\'',61,'http://www.multitracks.cambridge-mt.com/KarlHungus_GotYourLove.zip','Excerpt'),('Swing Bazar','\'Fleche D\'Or\'',215,'http://www.multitracks.cambridge-mt.com/SwingBazar_FlecheDOr_Full.zip','Full'),('Swing Bazar','\'Fleche D\'Or\'',42,'http://www.multitracks.cambridge-mt.com/SwingBazar_FlecheDOr.zip','Excerpt'),('Joanna Ward','\'Away\'',142,'http://www.multitracks.cambridge-mt.com/JoannaWard_Away_Full.zip','Full'),('Decypher','\'Unseen\'',885,'http://www.multitracks.cambridge-mt.com/Decypher_Unseen_Full.zip','Full'),('Lindy Hip Big Band','\'Makin\' Whoopee\'',465,'http://www.multitracks.cambridge-mt.com/LindyHipBigBand_MakinWhoopee_Full.zip','Full'),('Lindy Hip Big Band','\'Makin\' Whoopee\'',77,'http://www.multitracks.cambridge-mt.com/LindyHipBigBand_MakinWhoopee.zip','Excerpt'),('The Black Crown','\'Flames\'',869,'http://www.multitracks.cambridge-mt.com/TheBlackCrown_Flames_Full.zip','Full'),('The Black Crown','\'Flames\'',110,'http://www.multitracks.cambridge-mt.com/TheBlackCrown_Flames.zip','Excerpt'),('Perpetual Escape','\'Sin Six\'',884,'http://www.multitracks.cambridge-mt.com/PerpetualEscape_SinSix_Full.zip','Full'),('Perpetual Escape','\'Sin Six\'',156,'http://www.multitracks.cambridge-mt.com/PerpetualEscape_SinSix.zip','Excerpt'),('Bolz &amp; Knecht','\'Summertime\'',29,'http://www.multitracks.cambridge-mt.com/BolzAndKnecht_Summertime.zip','Excerpt'),('Bolz &amp; Knecht','\'Summertime\'',146,'http://www.multitracks.cambridge-mt.com/BolzAndKnecht_Summertime_Full.zip','Full'),('Decypher','\'Unseen\'',97,'http://www.multitracks.cambridge-mt.com/Decypher_Unseen.zip','Excerpt'),('Last Legacy','\'Who\'s Who In Hell\'',354,'http://www.multitracks.cambridge-mt.com/Lastlegacy_WhosWhoInHell_Full.zip','Full'),('Last Legacy','\'Who\'s Who In Hell\'',52,'http://www.multitracks.cambridge-mt.com/Lastlegacy_WhosWhoInHell.zip','Excerpt'),('James May','\'Eliza Jane\'',567,'http://www.multitracks.cambridge-mt.com/JamesMay_ElizaJane_Full.zip','Full'),('James May','\'Eliza Jane\'',62,'http://www.multitracks.cambridge-mt.com/JamesMay_ElizaJane.zip','Excerpt'),('Dark Ride','\'Hammer Down\'',585,'http://www.multitracks.cambridge-mt.com/DarkRide_HammerDown_Full.zip','Full'),('Dark Ride','\'Hammer Down\'',112,'http://www.multitracks.cambridge-mt.com/DarkRide_HammerDown.zip','Excerpt'),('The Balazs Daniel Boogie Woogie Trio','\'Own Way To Boogie\'',405,'http://www.multitracks.cambridge-mt.com/BalazsDanielBoogieWoogieTrio_OwnWayToBoogie_Full.zip','Full'),('The Balazs Daniel Boogie Woogie Trio','\'Own Way To Boogie\'',46,'http://www.multitracks.cambridge-mt.com/BalazsDanielBoogieWoogieTrio_OwnWayToBoogie.zip','Excerpt'),('Perpetual Escape','\'Duty &amp; Memories\'',85,'http://www.multitracks.cambridge-mt.com/PerpetualEscape_DutyAndMemories.zip','Excerpt'),('Colton Benjamin','\'Can\'t Let You Go\'',245,'http://www.multitracks.cambridge-mt.com/ColtonBenjamin_CantLetYouGo_Full.zip','Full'),('Colton Benjamin','\'Can\'t Let You Go\'',28,'http://www.multitracks.cambridge-mt.com/ColtonBenjamin_CantLetYouGo.zip','Excerpt'),('Perpetual Escape','\'Duty &amp; Memories\'',889,'http://www.multitracks.cambridge-mt.com/PerpetualEscape_DutyAndMemories_Full.zip','Full'),('Scott Elliott','\'Aeternum Vale\'',1247,'http://www.multitracks.cambridge-mt.com/ScottElliott_AeternumVale_Full.zip','Full'),('Scott Elliott','\'Aeternum Vale\'',97,'http://www.multitracks.cambridge-mt.com/ScottElliott_AeternumVale.zip','Excerpt'),('Woodfire','\'Outer _\'',290,'http://www.multitracks.cambridge-mt.com/Woodfire_Outer_Full.zip','Full'),('Woodfire','\'Outer _\'',21,'http://www.multitracks.cambridge-mt.com/Woodfire_Outer.zip','Excerpt');

--
-- Table structure for table `ProjectTypes`
--

CREATE TABLE `ProjectTypes` (
  `projectType` varchar(32) NOT NULL,
  PRIMARY KEY (`projectType`)
) ENGINE=MyISAM DEFAULT CHARSET=latin1;

--
-- Dumping data for table `ProjectTypes`
--

INSERT INTO `ProjectTypes` VALUES ('Excerpt'),('Full');

--
-- Table structure for table `Projects`
--

CREATE TABLE `Projects` (
  `artist` varchar(256) NOT NULL,
  `project` varchar(256) NOT NULL,
  `numTracks` smallint(6) NOT NULL,
  `dateAdded` datetime NOT NULL,
  `previewURL` varchar(256) NOT NULL,
  `wimpyURL` varchar(256) NOT NULL,
  `moreInfoTID` varchar(6) DEFAULT NULL,
  `discussFID` varchar(6) DEFAULT NULL,
  `showFID` tinyint(1) DEFAULT NULL,
  `projectType` varchar(32) NOT NULL,
  `urlIdentifier` varchar(256) DEFAULT NULL,
  `numDLs` smallint(6) DEFAULT NULL,
  `active` tinyint(1) NOT NULL,
  `generalStyle` varchar(256) DEFAULT NULL,
  `explicitLyrics` tinyint(1) DEFAULT NULL,
  `specificStyle` varchar(256) DEFAULT NULL,
  `title` varchar(230) DEFAULT NULL,
  `isNew` tinyint(1) DEFAULT NULL,
  PRIMARY KEY (`artist`,`project`,`projectType`),
  KEY `R_16` (`projectType`),
  KEY `R_25` (`urlIdentifier`,`numDLs`),
  KEY `R_26` (`generalStyle`),
  KEY `R_35` (`specificStyle`),
  KEY `R_37` (`title`)
) ENGINE=MyISAM DEFAULT CHARSET=latin1;

--
-- Dumping data for table `Projects`
--

INSERT INTO `Projects` VALUES ('&Ouml;jebok&ouml;ren','\'That\'s Entertainment\'',7,'2016-01-22 00:00:00','http://www.previews.cambridge-mt.com/ThatsEntertainment_Preview.mp3','http://www.previews.cambridge-mt.com/ThatsEntertainment_Preview.mp3','0','0',0,'Excerpt','cambridge-mt.com',1,1,'Acoustic / Jazz / Country / Orchestral',0,'Choral musical','',0),('&Ouml;jebok&ouml;ren','\'That\'s Entertainment\'',7,'2016-01-22 00:00:00','http://www.previews.cambridge-mt.com/ThatsEntertainment_Full_Preview.mp3','http://www.previews.cambridge-mt.com/ThatsEntertainment_Full_Preview.mp3','13710','334',1,'Full','cambridge-mt.com',1,1,'Acoustic / Jazz / Country / Orchestral',0,'Choral musical','',0),('&mu;','\'Too Bright\'',16,'2014-12-16 00:00:00','http://www.previews.cambridge-mt.com/TooBright_Preview.mp3','http://www.previews.cambridge-mt.com/TooBright_Preview.mp3','0','0',0,'Excerpt','cambridge-mt.com',1,1,'Electronica / Dance / Experimental',0,'Alternative Electro Rock','',0),('&mu;','\'Too Bright\'',32,'2014-12-16 00:00:00','http://www.previews.cambridge-mt.com/TooBright_Full_Preview.mp3','http://www.previews.cambridge-mt.com/TooBright_Full_Preview.mp3','0','277',1,'Full','cambridge-mt.com',1,1,'Electronica / Dance / Experimental',0,'Alternative Electro Rock','',0),('A Classic Education','\'Night Owl\'',35,'2013-01-01 00:00:00','http://soundcloud.com/wvmusic/night-owl-by-a-classic-education','http://www.previews.cambridge-mt.com/NightOwl_Full_Preview.mp3','0','66',1,'Full','shakingthrough.com',1,0,'Alt Rock / Blues / Country Rock / Indie / Funk / Reggae',0,'Alt Rock','',0),('AM Contra','\'Heart Peripheral\'',24,'2013-01-01 00:00:00','http://www.previews.cambridge-mt.com/HeartPeripheral_Preview.mp3','http://www.previews.cambridge-mt.com/HeartPeripheral_Preview.mp3','0','0',0,'Excerpt','cambridge-mt.com',1,1,'Electronica / Dance / Experimental',0,'Electronic Dance Pop','',0),('AM Contra','\'Heart Peripheral\'',32,'2013-01-01 00:00:00','http://www.previews.cambridge-mt.com/HeartPeripheral_Full_Preview.mp3','http://www.previews.cambridge-mt.com/HeartPeripheral_Full_Preview.mp3','0','34',1,'Full','cambridge-mt.com',1,1,'Electronica / Dance / Experimental',0,'Electronic Dance Pop','',0),('ANiMAL','\'Clinic A\'',38,'2013-01-01 00:00:00','http://www.previews.cambridge-mt.com/ClinicA_Preview.mp3','http://www.previews.cambridge-mt.com/ClinicA_Preview.mp3','0','0',0,'Excerpt','cambridge-mt.com',1,0,'Hip-Hop / R&amp;B',1,'UK Hip-Hop','',0),('ANiMAL','\'Clinic A\'',97,'2013-01-01 00:00:00','http://www.previews.cambridge-mt.com/ClinicA_Full_Preview.mp3','http://www.previews.cambridge-mt.com/ClinicA_Full_Preview.mp3','290','167',1,'Full','cambridge-mt.com',1,0,'Hip-Hop / R&amp;B',1,'UK Hip-Hop','',0),('ANiMAL','\'Easy Tiger\'',22,'2013-01-01 00:00:00','http://www.previews.cambridge-mt.com/EasyTiger_Preview.mp3','http://www.previews.cambridge-mt.com/EasyTiger_Preview.mp3','0','0',0,'Excerpt','cambridge-mt.com',1,0,'Hip-Hop / R&amp;B',0,'UK Hip-Hop','',0),('ANiMAL','\'Easy Tiger\'',41,'2013-01-01 00:00:00','http://www.previews.cambridge-mt.com/EasyTiger_Full_Preview.mp3','http://www.previews.cambridge-mt.com/EasyTiger_Full_Preview.mp3','0','139',1,'Full','cambridge-mt.com',1,0,'Hip-Hop / R&amp;B',0,'UK Hip-Hop','',0),('ANiMAL','\'Rockshow\'',32,'2013-01-01 00:00:00','http://www.previews.cambridge-mt.com/0812_Preview.mp3','http://www.previews.cambridge-mt.com/0812_Preview.mp3','0','0',0,'Excerpt','cambridge-mt.com',1,0,'Hip-Hop / R&amp;B',0,'UK Hip-Hop','',0),('ANiMAL','\'Rockshow\'',35,'2013-01-01 00:00:00','http://www.previews.cambridge-mt.com/0812_Remix.mp3','http://www.previews.cambridge-mt.com/0812_Remix.mp3','30','140',1,'Full','cambridge-mt.com',1,0,'Hip-Hop / R&amp;B',0,'UK Hip-Hop','',0),('APZX','\'Amalgamize\'',14,'2013-01-01 00:00:00','http://www.previews.cambridge-mt.com/Amalgamize_Preview.mp3','http://www.previews.cambridge-mt.com/Amalgamize_Preview.mp3','0','0',0,'Excerpt','cambridge-mt.com',1,1,'Electronica / Dance / Experimental',0,'Progressive Trance','',0),('APZX','\'Amalgamize\'',27,'2013-01-01 00:00:00','http://www.previews.cambridge-mt.com/Amalgamize_Full_Preview.mp3','http://www.previews.cambridge-mt.com/Amalgamize_Full_Preview.mp3','107','160',1,'Full','cambridge-mt.com',1,1,'Electronica / Dance / Experimental',0,'Progressive Trance','',0),('APZX','\'Cyber Mower\'',17,'2016-10-15 00:00:00','http://www.previews.cambridge-mt.com/CyberMower_Preview.mp3','http://www.previews.cambridge-mt.com/CyberMower_Preview.mp3','0','0',0,'Excerpt','cambridge-mt.com',1,1,'Electronica / Dance / Experimental',0,'Progressive Trance','',0),('APZX','\'Cyber Mower\'',37,'2016-10-15 00:00:00','http://www.previews.cambridge-mt.com/CyberMower_Full_Preview.mp3','http://www.previews.cambridge-mt.com/CyberMower_Full_Preview.mp3','0','360',1,'Full','cambridge-mt.com',1,1,'Electronica / Dance / Experimental',0,'Progressive Trance','',0),('APZX','\'From Earth To Planet Omega\'',18,'2014-05-01 00:00:00','http://www.previews.cambridge-mt.com/FromEarthToPlanetOmega_Preview.mp3','http://www.previews.cambridge-mt.com/FromEarthToPlanetOmega_Preview.mp3','0','0',0,'Excerpt','cambridge-mt.com',1,1,'Electronica / Dance / Experimental',0,'Progressive Trance','',0),('APZX','\'From Earth To Planet Omega\'',60,'2014-05-01 00:00:00','http://www.previews.cambridge-mt.com/FromEarthToPlanetOmega_Full_Preview.mp3','http://www.previews.cambridge-mt.com/FromEarthToPlanetOmega_Full_Preview.mp3','0','245',1,'Full','cambridge-mt.com',1,1,'Electronica / Dance / Experimental',0,'Progressive Trance','',0),('APZX','\'Lacuna\'',25,'2013-01-01 00:00:00','http://www.previews.cambridge-mt.com/Lacuna_Preview.mp3','http://www.previews.cambridge-mt.com/Lacuna_Preview.mp3','0','0',0,'Excerpt','cambridge-mt.com',1,1,'Electronica / Dance / Experimental',0,'Progressive Trance','',0),('APZX','\'Lacuna\'',38,'2013-01-01 00:00:00','http://www.previews.cambridge-mt.com/Lacuna_Full_Preview.mp3','http://www.previews.cambridge-mt.com/Lacuna_Full_Preview.mp3','572','181',1,'Full','cambridge-mt.com',1,1,'Electronica / Dance / Experimental',0,'Progressive Trance','',0),('APZX','\'Transcention\'',16,'2014-01-29 00:00:00','http://www.previews.cambridge-mt.com/Transcention_Preview.mp3','http://www.previews.cambridge-mt.com/Transcention_Preview.mp3','0','0',0,'Excerpt','cambridge-mt.com',1,1,'Electronica / Dance / Experimental',0,'Progressive Trance','',0),('APZX','\'Transcention\'',26,'2014-01-29 00:00:00','http://www.previews.cambridge-mt.com/Transcention_Full_Preview.mp3','http://www.previews.cambridge-mt.com/Transcention_Full_Preview.mp3','0','235',1,'Full','cambridge-mt.com',1,1,'Electronica / Dance / Experimental',0,'Progressive Trance','',0),('Actions','\'Devil\'s Words\'',18,'2013-01-01 00:00:00','http://www.previews.cambridge-mt.com/DevilsWords_Preview.mp3','http://www.previews.cambridge-mt.com/DevilsWords_Preview.mp3','0','0',0,'Excerpt','cambridge-mt.com',1,1,'Pop / Singer-Songwriter',0,'Power Pop','',0),('Actions','\'Devil\'s Words\'',27,'2013-01-01 00:00:00','http://www.previews.cambridge-mt.com/DevilsWords_Full_Preview.mp3','http://www.previews.cambridge-mt.com/DevilsWords_Full_Preview.mp3','0','174',1,'Full','cambridge-mt.com',1,1,'Pop / Singer-Songwriter',0,'Power Pop','',0),('Actions','\'One Minute Smile\'',17,'2013-01-01 00:00:00','http://www.previews.cambridge-mt.com/OneMinuteSmile_Preview.mp3','http://www.previews.cambridge-mt.com/OneMinuteSmile_Preview.mp3','0','0',0,'Excerpt','cambridge-mt.com',1,1,'Pop / Singer-Songwriter',0,'Power Pop','',0),('Actions','\'One Minute Smile\'',23,'2013-01-01 00:00:00','http://www.previews.cambridge-mt.com/OneMinuteSmile_Full_Preview.mp3','http://www.previews.cambridge-mt.com/OneMinuteSmile_Full_Preview.mp3','353','172',1,'Full','cambridge-mt.com',1,1,'Pop / Singer-Songwriter',0,'Power Pop','',0),('Actions','\'South Of The Water\'',22,'2013-01-01 00:00:00','http://www.previews.cambridge-mt.com/SouthOfTheWater_Preview.mp3','http://www.previews.cambridge-mt.com/SouthOfTheWater_Preview.mp3','0','0',0,'Excerpt','cambridge-mt.com',1,1,'Pop / Singer-Songwriter',0,'Power Pop','',0),('Actions','\'South Of The Water\'',30,'2013-01-01 00:00:00','http://www.previews.cambridge-mt.com/SouthOfTheWater_Full_Preview.mp3','http://www.previews.cambridge-mt.com/SouthOfTheWater_Full_Preview.mp3','289','168',1,'Full','cambridge-mt.com',1,1,'Pop / Singer-Songwriter',0,'Power Pop','',0),('Admiral Crumple','\'Keeps Flowing\'',9,'2013-01-01 00:00:00','http://www.previews.cambridge-mt.com/KeepsFlowing_Preview.mp3','http://www.previews.cambridge-mt.com/KeepsFlowing_Preview.mp3','0','0',0,'Excerpt','cambridge-mt.com',1,1,'Hip-Hop / R&amp;B',0,'Dark Hip-Hop','',0),('Admiral Crumple','\'Keeps Flowing\'',10,'2013-01-01 00:00:00','http://www.previews.cambridge-mt.com/KeepsFlowing_Full_Preview.mp3','http://www.previews.cambridge-mt.com/KeepsFlowing_Full_Preview.mp3','175','163',1,'Full','cambridge-mt.com',1,1,'Hip-Hop / R&amp;B',1,'Dark Hip-Hop','',0),('Al James','\'Schoolboy Fascination\'',33,'2013-01-01 00:00:00','http://www.previews.cambridge-mt.com/0908_Preview.mp3','http://www.previews.cambridge-mt.com/0908_Preview.mp3','0','0',0,'Excerpt','cambridge-mt.com',1,1,'Pop / Singer-Songwriter',0,'Bubblegum Pop','',0),('Al James','\'Schoolboy Fascination\'',62,'2013-10-02 00:00:00','http://www.previews.cambridge-mt.com/0908_Remix.mp3','http://www.previews.cambridge-mt.com/0908_Remix.mp3','0','44',1,'Full','cambridge-mt.com',1,1,'Pop / Singer-Songwriter',0,'Bubblegum Pop','',0),('Alan Evans Trio','\'I\'m Coming Home\'',16,'2015-03-23 00:00:00','http://www.previews.cambridge-mt.com/ImComingHome_Full_Preview.mp3','http://www.previews.cambridge-mt.com/ImComingHome_Full_Preview.mp3','0','302',1,'Full','telefunken-elektroakustik.com',3,1,'Acoustic / Jazz / Country / Orchestral',0,'Live Funk Rock','',0),('Albert Kader','\'Ubiquitous\'',11,'2016-10-13 00:00:00','http://www.previews.cambridge-mt.com/Ubiquitous_Preview.mp3','http://www.previews.cambridge-mt.com/Ubiquitous_Preview.mp3','0','0',0,'Excerpt','cambridge-mt.com',1,1,'Electronica / Dance / Experimental',0,'Minimal Techno','',0),('Albert Kader','\'Ubiquitous\'',11,'2016-10-13 00:00:00','http://www.previews.cambridge-mt.com/Ubiquitous_Full_Preview.mp3','http://www.previews.cambridge-mt.com/Ubiquitous_Full_Preview.mp3','0','361',1,'Full','cambridge-mt.com',1,1,'Electronica / Dance / Experimental',0,'Minimal Techno','',0),('Albert Kader','\'Whiptails\'',12,'2016-12-01 09:11:23','http://www.previews.cambridge-mt.com/Whiptails_Preview.mp3','http://www.previews.cambridge-mt.com/Whiptails_Preview.mp3','0','0',0,'Excerpt','cambridge-mt.com',1,1,'Electronica / Dance / Experimental',0,'Minimal Techno','',0),('Albert Kader','\'Whiptails\'',15,'2016-12-01 09:08:21','http://www.previews.cambridge-mt.com/Whiptails_Full_Preview.mp3','http://www.previews.cambridge-mt.com/Whiptails_Full_Preview.mp3','0','368',1,'Full','cambridge-mt.com',1,1,'Electronica / Dance / Experimental',0,'Minimal Techno','',0),('Alejo Granados','\'Rumba Chonta\'',18,'2013-10-31 00:00:00','http://www.previews.cambridge-mt.com/RumbaChonta_Preview.mp3','http://www.previews.cambridge-mt.com/RumbaChonta_Preview.mp3','0','0',0,'Excerpt','cambridge-mt.com',1,1,'Acoustic / Jazz / Country / Orchestral',0,'Afrocolombian Folk Instrumental','',0),('Alejo Granados','\'Rumba Chonta\'',20,'2013-10-31 00:00:00','http://www.previews.cambridge-mt.com/RumbaChonta_Full_Preview.mp3','http://www.previews.cambridge-mt.com/RumbaChonta_Full_Preview.mp3','0','224',1,'Full','cambridge-mt.com',1,1,'Acoustic / Jazz / Country / Orchestral',0,'Afrocolombian Folk Instrumental','',0),('All Hands Lost','\'Ambitions\'',20,'2013-01-01 00:00:00','http://www.previews.cambridge-mt.com/Ambitions_Full_Preview.mp3','http://www.previews.cambridge-mt.com/Ambitions_Full_Preview.mp3','22','93',1,'Full','mixoff.org',1,1,'Rock / Punk / Metal',0,'Emo Rock','',0),('Amber Skye','\'Howlin\'',90,'2014-08-01 00:00:00','http://www.previews.cambridge-mt.com/Howlin_Full_Preview.mp3','http://www.previews.cambridge-mt.com/Howlin_Full_Preview.mp3','0','262',1,'Full','puremix.net',1,1,'Pop / Singer-Songwriter',0,'Electronic Pop','',0),('Andrew Cole','\'Dead Roses\'',33,'2013-01-01 00:00:00','http://www.previews.cambridge-mt.com/DeadRoses_Full_Preview.mp3','http://www.previews.cambridge-mt.com/DeadRoses_Full_Preview.mp3','575','8',1,'Full','telefunken-elektroakustik.com',1,1,'Acoustic / Jazz / Country / Orchestral',0,'Acoustic Folk-Pop','',0),('Angela Thomas Wade','\'Milk Cow Blues\'',10,'2013-01-01 00:00:00','http://www.previews.cambridge-mt.com/MilkCowBlues_Preview.mp3','http://www.previews.cambridge-mt.com/MilkCowBlues_Preview.mp3','0','0',0,'Excerpt','cambridge-mt.com',1,1,'Acoustic / Jazz / Country / Orchestral',0,'Country','',0),('Angela Thomas Wade','\'Milk Cow Blues\'',11,'2013-01-01 00:00:00','http://www.previews.cambridge-mt.com/MilkCowBlues_Full_Preview.mp3','http://www.previews.cambridge-mt.com/MilkCowBlues_Full_Preview.mp3','70','9',1,'Full','cambridge-mt.com',1,1,'Acoustic / Jazz / Country / Orchestral',0,'Country','',0),('Angels In Amplifiers','\'I\'m Alright\'',12,'2013-06-24 00:00:00','http://www.previews.cambridge-mt.com/ImAlright_Preview.mp3','http://www.previews.cambridge-mt.com/ImAlright_Preview.mp3','0','0',0,'Excerpt','cambridge-mt.com',1,1,'Rock / Punk / Metal',0,'Smooth Acoustic Rock','',0),('Angels In Amplifiers','\'I\'m Alright\'',13,'2013-06-24 00:00:00','http://www.previews.cambridge-mt.com/ImAlright_Full_Preview.mp3','http://www.previews.cambridge-mt.com/ImAlright_Full_Preview.mp3','0','212',1,'Full','cambridge-mt.com',1,1,'Rock / Punk / Metal',0,'Smooth Acoustic Rock','',0),('Anna Blanton','\'Waves\'',13,'2016-05-19 00:00:00','http://www.previews.cambridge-mt.com/Waves_Preview.mp3','http://www.previews.cambridge-mt.com/Waves_Preview.mp3','0','0',0,'Excerpt','cambridge-mt.com',1,1,'Acoustic / Jazz / Country / Orchestral',0,'Acoustic Country Pop','',0),('Anna Blanton','\'Waves\'',13,'2016-05-19 00:00:00','http://www.previews.cambridge-mt.com/Waves_Full_Preview.mp3','http://www.previews.cambridge-mt.com/Waves_Full_Preview.mp3','0','346',1,'Full','cambridge-mt.com',1,1,'Acoustic / Jazz / Country / Orchestral',0,'Acoustic Country Pop','',0),('Arise','\'Run Run Run\'',18,'2013-01-01 00:00:00','http://www.previews.cambridge-mt.com/1111_Preview.mp3','http://www.previews.cambridge-mt.com/1111_Preview.mp3','0','0',0,'Excerpt','cambridge-mt.com',1,1,'Alt Rock / Blues / Country Rock / Indie / Funk / Reggae',0,'Roots Reggae','',0),('Arise','\'Run Run Run\'',22,'2013-01-01 00:00:00','http://www.previews.cambridge-mt.com/1111_Remix.mp3','http://www.previews.cambridge-mt.com/1111_Remix.mp3','32','60',1,'Full','cambridge-mt.com',1,1,'Alt Rock / Blues / Country Rock / Indie / Funk / Reggae',0,'Roots Reggae','',0),('Asam Classical Soloists','G.F.Handel\'s \'Non Lo Diro Col Labbro\'',5,'2013-01-01 00:00:00','http://www.previews.cambridge-mt.com/NonLoDiroColLabbro_Full_Preview.mp3','http://www.previews.cambridge-mt.com/NonLoDiroColLabbro_Full_Preview.mp3','99','155',1,'Full','cambridge-mt.com',1,1,'Acoustic / Jazz / Country / Orchestral',0,'Classical Chamber Concert','Live Concert Selection',0),('Asam Classical Soloists','J.S.Bach\'s \'Jesu bleibet meine Freude\'',5,'2013-01-01 00:00:00','http://www.previews.cambridge-mt.com/JesuJoy_Full_Preview.mp3','http://www.previews.cambridge-mt.com/JesuJoy_Full_Preview.mp3','98','148',1,'Full','cambridge-mt.com',1,1,'Acoustic / Jazz / Country / Orchestral',0,'Classical Chamber Concert','Live Concert Selection',0),('Atlantis Bound','\'It Was My Fault For Waiting\'',25,'2014-11-10 00:00:00','http://www.previews.cambridge-mt.com/ItWasMyFaultForWaiting_Preview.mp3','http://www.previews.cambridge-mt.com/ItWasMyFaultForWaiting_Preview.mp3','0','0',0,'Excerpt','cambridge-mt.com',1,1,'Pop / Singer-Songwriter',0,'Widescreen Pop/Rock','',0),('Atlantis Bound','\'It Was My Fault For Waiting\'',44,'2014-11-10 00:00:00','http://www.previews.cambridge-mt.com/ItWasMyFaultForWaiting_Full_Preview.mp3','http://www.previews.cambridge-mt.com/ItWasMyFaultForWaiting_Full_Preview.mp3','0','273',1,'Full','cambridge-mt.com',1,1,'Pop / Singer-Songwriter',0,'Widescreen Pop/Rock','',0),('Auctioneer','\'Our Future Faces\'',47,'2013-01-01 00:00:00','http://www.previews.cambridge-mt.com/OurFutureFaces_Full_Preview.mp3','http://www.previews.cambridge-mt.com/OurFutureFaces_Full_Preview.mp3','0','177',1,'Full','shakingthrough.com',1,0,'Alt Rock / Blues / Country Rock / Indie / Funk / Reggae',0,'Experimental Indie','',0),('Audio-Technica Demo','\'Loud And Clear\'',45,'2014-11-01 00:00:00','http://www.previews.cambridge-mt.com/LoudAndClear_Full_Preview.mp3','http://www.previews.cambridge-mt.com/LoudAndClear_Full_Preview.mp3','0','263',1,'Full','at.thestudio22.com',1,0,'Rock / Punk / Metal',0,'Classic MOR Rock','',0),('Ava Luna','\'Water Duct\'',53,'2013-01-01 00:00:00','http://www.previews.cambridge-mt.com/WaterDuct_Full_Preview.mp3','http://www.previews.cambridge-mt.com/WaterDuct_Full_Preview.mp3','172','165',1,'Full','shakingthrough.com',1,0,'Alt Rock / Blues / Country Rock / Indie / Funk / Reggae',0,'Alt Soul/Punk','',0),('Avalon','\'All I Know\'',14,'2015-02-16 00:00:00','http://www.previews.cambridge-mt.com/AllIKnow_Preview.mp3','http://www.previews.cambridge-mt.com/AllIKnow_Preview.mp3','0','0',0,'Excerpt','cambridge-mt.com',1,1,'Alt Rock / Blues / Country Rock / Indie / Funk / Reggae',0,'90s Alt Pop/Rock','',0),('Avalon','\'All I Know\'',19,'2015-02-16 00:00:00','http://www.previews.cambridge-mt.com/AllIKnow_Full_Preview.mp3','http://www.previews.cambridge-mt.com/AllIKnow_Full_Preview.mp3','0','295',1,'Full','cambridge-mt.com',1,1,'Alt Rock / Blues / Country Rock / Indie / Funk / Reggae',0,'90s Alt Pop/Rock','',0),('BKS','\'Bulldozer\'',37,'2013-01-01 00:00:00','http://www.previews.cambridge-mt.com/Bulldozer_Preview.mp3','http://www.previews.cambridge-mt.com/Bulldozer_Preview.mp3','0','0',0,'Excerpt','cambridge-mt.com',1,1,'Rock / Punk / Metal',0,'Rock','',0),('BKS','\'Bulldozer\'',51,'2013-01-01 00:00:00','http://www.previews.cambridge-mt.com/Bulldozer_Full_Preview.mp3','http://www.previews.cambridge-mt.com/Bulldozer_Full_Preview.mp3','109','94',1,'Full','cambridge-mt.com',1,1,'Rock / Punk / Metal',0,'Rock','',0),('BKS','\'Too Much\'',30,'2013-01-01 00:00:00','http://www.previews.cambridge-mt.com/TooMuch_Preview.mp3','http://www.previews.cambridge-mt.com/TooMuch_Preview.mp3','0','0',0,'Excerpt','cambridge-mt.com',1,1,'Rock / Punk / Metal',0,'Rock','',0),('BKS','\'Too Much\'',50,'2013-01-01 00:00:00','http://www.previews.cambridge-mt.com/TooMuch_Full_Preview.mp3','http://www.previews.cambridge-mt.com/TooMuch_Full_Preview.mp3','0','95',1,'Full','cambridge-mt.com',1,1,'Rock / Punk / Metal',0,'Rock','',0),('Banda Magda','\'Mouche\'',50,'2015-07-21 00:00:00','http://www.previews.cambridge-mt.com/Mouche_Full_Preview.mp3','http://www.previews.cambridge-mt.com/Mouche_Full_Preview.mp3','0','317',1,'Full','puremix.net',1,1,'Pop / Singer-Songwriter',0,'French-language Cinematic Pop','',0),('Banned From The Zoo','\'Black Out Betty\'',24,'2013-01-01 00:00:00','http://www.previews.cambridge-mt.com/BlackOutBetty_Preview.mp3','http://www.previews.cambridge-mt.com/BlackOutBetty_Preview.mp3','0','0',0,'Excerpt','cambridge-mt.com',1,1,'Alt Rock / Blues / Country Rock / Indie / Funk / Reggae',0,'Easy-going Alt Pop/Rock','',0),('Banned From The Zoo','\'Black Out Betty\'',25,'2013-01-01 00:00:00','http://www.previews.cambridge-mt.com/BlackOutBetty_Full_Preview.mp3','http://www.previews.cambridge-mt.com/BlackOutBetty_Full_Preview.mp3','110','61',1,'Full','cambridge-mt.com',1,1,'Alt Rock / Blues / Country Rock / Indie / Funk / Reggae',0,'Easy-going Alt Pop/Rock','',0),('Banned From The Zoo','\'Encore\'',16,'2013-01-01 00:00:00','http://www.previews.cambridge-mt.com/Encore_Preview.mp3','http://www.previews.cambridge-mt.com/Encore_Preview.mp3','0','0',0,'Excerpt','cambridge-mt.com',1,1,'Alt Rock / Blues / Country Rock / Indie / Funk / Reggae',0,'Easy-going Alt Pop/Rock','',0),('Banned From The Zoo','\'Encore\'',16,'2013-01-01 00:00:00','http://www.previews.cambridge-mt.com/Encore_Full_Preview.mp3','http://www.previews.cambridge-mt.com/Encore_Full_Preview.mp3','0','176',1,'Full','cambridge-mt.com',1,1,'Alt Rock / Blues / Country Rock / Indie / Funk / Reggae',0,'Easy-going Alt Pop/Rock','',0),('Banned From The Zoo','\'Fish Tacos\'',17,'2013-01-01 00:00:00','http://www.previews.cambridge-mt.com/FishTacos_Preview.mp3','http://www.previews.cambridge-mt.com/FishTacos_Preview.mp3','0','0',0,'Excerpt','cambridge-mt.com',1,1,'Alt Rock / Blues / Country Rock / Indie / Funk / Reggae',0,'Easy-going Alt Pop/Rock','',0),('Banned From The Zoo','\'Fish Tacos\'',18,'2013-01-01 00:00:00','http://www.previews.cambridge-mt.com/FishTacos_Full_Preview.mp3','http://www.previews.cambridge-mt.com/FishTacos_Full_Preview.mp3','111','154',1,'Full','cambridge-mt.com',1,1,'Alt Rock / Blues / Country Rock / Indie / Funk / Reggae',0,'Easy-going Alt Pop/Rock','',0),('Banned From The Zoo','\'Turn On Me\'',15,'2013-01-01 00:00:00','http://www.previews.cambridge-mt.com/TurnOnMe_Preview.mp3','http://www.previews.cambridge-mt.com/TurnOnMe_Preview.mp3','0','0',0,'Excerpt','cambridge-mt.com',1,1,'Alt Rock / Blues / Country Rock / Indie / Funk / Reggae',0,'Easy-going Alt Pop/Rock','',0),('Banned From The Zoo','\'Turn On Me\'',16,'2013-01-01 00:00:00','http://www.previews.cambridge-mt.com/TurnOnMe_Full_Preview.mp3','http://www.previews.cambridge-mt.com/TurnOnMe_Full_Preview.mp3','95','151',1,'Full','cambridge-mt.com',1,1,'Alt Rock / Blues / Country Rock / Indie / Funk / Reggae',0,'Easy-going Alt Pop/Rock','',0),('Ben Carrigan','\'Hey Carrie Anne\'',23,'2014-08-03 00:00:00','http://www.previews.cambridge-mt.com/HeyCarrieAnne_Preview.mp3','http://www.previews.cambridge-mt.com/HeyCarrieAnne_Preview.mp3','0','0',0,'Excerpt','cambridge-mt.com',1,1,'Pop / Singer-Songwriter',0,'Orchestral Indie Pop','',0),('Ben Carrigan','\'Hey Carrie Anne\'',24,'2014-08-03 00:00:00','http://www.previews.cambridge-mt.com/HeyCarrieAnne_Full_Preview.mp3','http://www.previews.cambridge-mt.com/HeyCarrieAnne_Full_Preview.mp3','0','260',1,'Full','cambridge-mt.com',1,1,'Pop / Singer-Songwriter',0,'Orchestral Indie Pop','',0),('Ben Carrigan','\'We\'ll Talk About It All Tonight\'',36,'2014-07-31 00:00:00','http://www.previews.cambridge-mt.com/WellTalkAboutItAllTonight_Preview.mp3','http://www.previews.cambridge-mt.com/WellTalkAboutItAllTonight_Preview.mp3','0','0',0,'Excerpt','cambridge-mt.com',1,1,'Pop / Singer-Songwriter',0,'Orchestral Indie Pop','',0),('Ben Carrigan','\'We\'ll Talk About It All Tonight\'',51,'2014-07-31 00:00:00','http://www.previews.cambridge-mt.com/WellTalkAboutItAllTonight_Full_Preview.mp3','http://www.previews.cambridge-mt.com/WellTalkAboutItAllTonight_Full_Preview.mp3','0','257',1,'Full','cambridge-mt.com',1,1,'Pop / Singer-Songwriter',0,'Orchestral Indie Pop','',0),('Benjamin John','\'Better Way\'',39,'2016-02-23 00:00:00','http://www.previews.cambridge-mt.com/BetterWay_Preview.mp3','http://www.previews.cambridge-mt.com/BetterWay_Preview.mp3','0','0',0,'Excerpt','cambridge-mt.com',1,1,'Pop / Singer-Songwriter',0,'Acoustic Indie Pop','<i>Son Of Grace</i> (Album Selection)',0),('Benjamin John','\'Better Way\'',46,'2016-02-23 00:00:00','http://www.previews.cambridge-mt.com/BetterWay_Full_Preview.mp3','http://www.previews.cambridge-mt.com/BetterWay_Full_Preview.mp3','15224','335',1,'Full','cambridge-mt.com',1,1,'Pop / Singer-Songwriter',0,'Acoustic Indie Pop','<i>Son Of Grace</i> (Album Selection)',0),('Big Head Todd &amp; The Monsters','\'Hey Delilah\'',23,'2014-12-11 00:00:00','http://www.previews.cambridge-mt.com/HeyDelilah_Full_Preview.mp3','http://www.previews.cambridge-mt.com/HeyDelilah_Full_Preview.mp3','0','283',1,'Full','telefunken-elektroakustik.com',3,1,'Alt Rock / Blues / Country Rock / Indie / Funk / Reggae',0,'Blues Rock','',0),('Big Mean Sound Machine','\'Contraband\'',21,'2014-11-22 00:00:00','http://www.previews.cambridge-mt.com/Contraband_Full_Preview.mp3','http://www.previews.cambridge-mt.com/Contraband_Full_Preview.mp3','0','275',1,'Full','telefunken-elektroakustik.com',2,1,'Alt Rock / Blues / Country Rock / Indie / Funk / Reggae',0,'Afrobeat','',0),('Big Stone Culture','\'Fragile Thoughts\'',7,'2013-01-01 00:00:00','http://www.previews.cambridge-mt.com/FragileThoughts_Preview.mp3','http://www.previews.cambridge-mt.com/FragileThoughts_Preview.mp3','0','0',0,'Excerpt','cambridge-mt.com',1,1,'Alt Rock / Blues / Country Rock / Indie / Funk / Reggae',0,'Moody Ska/Rock','',0),('Big Stone Culture','\'Fragile Thoughts\'',7,'2013-01-01 00:00:00','http://www.previews.cambridge-mt.com/FragileThoughts_Full_Preview.mp3','http://www.previews.cambridge-mt.com/FragileThoughts_Full_Preview.mp3','0','62',1,'Full','cambridge-mt.com',1,1,'Alt Rock / Blues / Country Rock / Indie / Funk / Reggae',0,'Moody Ska/Rock','',0),('Big Troubles','\'Phantom\'',36,'2013-01-01 00:00:00','http://soundcloud.com/wvmusic/big-troubles-phantom','http://www.previews.cambridge-mt.com/Phantom_Full_Preview.mp3','0','63',1,'Full','shakingthrough.com',1,0,'Alt Rock / Blues / Country Rock / Indie / Funk / Reggae',0,'Anthemic Indie','',0),('Bill Chudziak','\'Children Of No-one\'',19,'2013-01-01 00:00:00','http://www.previews.cambridge-mt.com/1212_Preview.mp3','http://www.previews.cambridge-mt.com/1212_Preview.mp3','0','0',0,'Excerpt','cambridge-mt.com',1,1,'Rock / Punk / Metal',0,'Classic Psychedelic Rock','',0),('Bill Chudziak','\'Children Of No-one\'',24,'2013-01-01 00:00:00','http://www.previews.cambridge-mt.com/1212_Remix.mp3','http://www.previews.cambridge-mt.com/1212_Remix.mp3','0','185',1,'Full','cambridge-mt.com',1,1,'Rock / Punk / Metal',0,'Classic Psychedelic Rock','',0),('Black Bloc','\'If You Want Success\'',20,'2013-01-01 00:00:00','http://www.previews.cambridge-mt.com/1004_Preview.mp3','http://www.previews.cambridge-mt.com/1004_Preview.mp3','0','0',0,'Excerpt','cambridge-mt.com',1,1,'Alt Rock / Blues / Country Rock / Indie / Funk / Reggae',0,'Political Funk/Rock','',0),('Black Bloc','\'If You Want Success\'',30,'2013-01-01 00:00:00','http://www.previews.cambridge-mt.com/1004_Remix.mp3','http://www.previews.cambridge-mt.com/1004_Remix.mp3','0','64',1,'Full','cambridge-mt.com',1,1,'Alt Rock / Blues / Country Rock / Indie / Funk / Reggae',0,'Political Funk/Rock','',0),('Blue Lit Moon','\'Dad\'s Glad\'',11,'2013-01-01 00:00:00','http://www.previews.cambridge-mt.com/1106_Preview.mp3','http://www.previews.cambridge-mt.com/1106_Preview.mp3','0','0',0,'Excerpt','cambridge-mt.com',1,1,'Acoustic / Jazz / Country / Orchestral',0,'Intimate Acoustic Alt Rock','',0),('Blue Lit Moon','\'Dad\'s Glad\'',13,'2013-01-01 00:00:00','http://www.previews.cambridge-mt.com/1106_Remix.mp3','http://www.previews.cambridge-mt.com/1106_Remix.mp3','113','10',1,'Full','cambridge-mt.com',1,1,'Acoustic / Jazz / Country / Orchestral',0,'Intimate Acoustic Alt Rock','',0),('Bobby Nobody','\'Stitch Up\'',22,'2013-01-01 00:00:00','http://www.previews.cambridge-mt.com/0911_Preview.mp3','http://www.previews.cambridge-mt.com/0911_Preview.mp3','0','0',0,'Excerpt','cambridge-mt.com',1,1,'Alt Rock / Blues / Country Rock / Indie / Funk / Reggae',0,'Indie Pop/Rock','',0),('Bobby Nobody','\'Stitch Up\'',44,'2013-01-01 00:00:00','http://www.previews.cambridge-mt.com/0911_Remix.mp3','http://www.previews.cambridge-mt.com/0911_Remix.mp3','72','65',1,'Full','cambridge-mt.com',1,1,'Alt Rock / Blues / Country Rock / Indie / Funk / Reggae',0,'Indie Pop/Rock','',0),('Bolz &amp; Knecht','\'Brahms\'s \'Hungarian Dance No. 5\'',3,'2016-04-21 00:00:00','http://www.previews.cambridge-mt.com/HungarianDanceNo5_Preview.mp3','http://www.previews.cambridge-mt.com/HungarianDanceNo5_Preview.mp3','0','0',0,'Excerpt','cambridge-mt.com',1,1,'Acoustic / Jazz / Country / Orchestral',0,'Guitar/Sax Acoustic Duo','',0),('Bolz &amp; Knecht','\'Brahms\'s \'Hungarian Dance No. 5\'',3,'2016-04-21 00:00:00','http://www.previews.cambridge-mt.com/HungarianDanceNo5_Full_Preview.mp3','http://www.previews.cambridge-mt.com/HungarianDanceNo5_Full_Preview.mp3','0','343',1,'Full','cambridge-mt.com',1,1,'Acoustic / Jazz / Country / Orchestral',0,'Guitar/Sax Acoustic Duo','',0),('Boogiesnakes','\'It\'s My Right\'',19,'2015-02-20 00:00:00','http://www.previews.cambridge-mt.com/ItsMyRight_Preview.mp3','http://www.previews.cambridge-mt.com/ItsMyRight_Preview.mp3','0','0',0,'Excerpt','cambridge-mt.com',1,1,'Alt Rock / Blues / Country Rock / Indie / Funk / Reggae',0,'Blues/Funk-Rock','',0),('Boogiesnakes','\'It\'s My Right\'',19,'2015-02-20 00:00:00','http://www.previews.cambridge-mt.com/ItsMyRight_Full_Preview.mp3','http://www.previews.cambridge-mt.com/ItsMyRight_Full_Preview.mp3','0','298',1,'Full','cambridge-mt.com',1,1,'Alt Rock / Blues / Country Rock / Indie / Funk / Reggae',0,'Blues/Funk-Rock','',0),('Bosnian Rainbows','\'Morning Sickness\'',10,'2015-05-21 00:00:00','http://www.previews.cambridge-mt.com/MorningSickness_Full_Preview.mp3','http://www.previews.cambridge-mt.com/MorningSickness_Full_Preview.mp3','0','312',1,'Full','telefunken-elektroakustik.com',1,1,'Alt Rock / Blues / Country Rock / Indie / Funk / Reggae',0,'Live Alt Rock','',0),('Bravestar','\'Downtempo\'',18,'2015-02-02 00:00:00','http://www.previews.cambridge-mt.com/Downtempo_Preview.mp3','http://www.previews.cambridge-mt.com/Downtempo_Preview.mp3','0','0',0,'Excerpt','cambridge-mt.com',1,1,'Electronica / Dance / Experimental',0,'Atmospheric Electronica','',0),('Bravestar','\'Downtempo\'',26,'2015-02-02 00:00:00','http://www.previews.cambridge-mt.com/Downtempo_Full_Preview.mp3','http://www.previews.cambridge-mt.com/Downtempo_Full_Preview.mp3','0','285',1,'Full','cambridge-mt.com',1,1,'Electronica / Dance / Experimental',0,'Atmospheric Electronica','',0),('Brian Eno &amp David Byrne','\'A Secret Life\'',20,'2013-01-01 00:00:00','http://www.previews.cambridge-mt.com/ASecretLife_Preview.mp3','http://www.previews.cambridge-mt.com/ASecretLife_Preview.mp3','0','0',0,'Full','bush-of-ghosts.com',1,0,'Electronica / Dance / Experimental',0,'Early 1980s Experimental','',0),('Brian Eno &amp David Byrne','\'Help Me Somebody\'',24,'2013-01-01 00:00:00','http://www.previews.cambridge-mt.com/HelpMeSomebody_Preview.mp3','http://www.previews.cambridge-mt.com/HelpMeSomebody_Preview.mp3','0','0',0,'Full','bush-of-ghosts.com',1,0,'Electronica / Dance / Experimental',0,'Early 1980s Experimental','',0),('Bronze Radio Return','\'Mister, Mister\'',23,'2014-12-12 00:00:00','http://www.previews.cambridge-mt.com/MisterMister_Full_Preview.mp3','http://www.previews.cambridge-mt.com/MisterMister_Full_Preview.mp3','0','282',1,'Full','telefunken-elektroakustik.com',2,1,'Alt Rock / Blues / Country Rock / Indie / Funk / Reggae',0,'Live Indie/Roots Rock','',0),('Bruks','\'Kak Tvoi Dela, Vova?\'',16,'2015-03-27 00:00:00','http://www.previews.cambridge-mt.com/KakTvoiDela_Preview.mp3','http://www.previews.cambridge-mt.com/KakTvoiDela_Preview.mp3','0','0',0,'Excerpt','cambridge-mt.com',1,1,'Pop / Singer-Songwriter',0,'Russian Pop/Rock','',0),('Bruks','\'Kak Tvoi Dela, Vova?\'',27,'2015-03-27 00:00:00','http://www.previews.cambridge-mt.com/KakTvoiDelaVova_Full_Preview.mp3','http://www.previews.cambridge-mt.com/KakTvoiDelaVova_Full_Preview.mp3','0','308',1,'Full','cambridge-mt.com',1,1,'Pop / Singer-Songwriter',0,'Russian Pop/Rock','',0),('Buitraker','\'Revo X\'',22,'2013-08-29 00:00:00','http://www.previews.cambridge-mt.com/RevoX_Preview.mp3','http://www.previews.cambridge-mt.com/RevoX_Preview.mp3','0','0',0,'Excerpt','cambridge-mt.com',1,1,'Alt Rock / Blues / Country Rock / Indie / Funk / Reggae',0,'Basque Indie Rock','',0),('Buitraker','\'Revo X\'',31,'2013-08-29 00:00:00','http://www.previews.cambridge-mt.com/RevoX_Full_Preview.mp3','http://www.previews.cambridge-mt.com/RevoX_Full_Preview.mp3','0','217',1,'Full','cambridge-mt.com',1,1,'Alt Rock / Blues / Country Rock / Indie / Funk / Reggae',0,'Basque Indie Rock','',0),('Camilla Francesca Bull','\'Va! Laisse Couler Mes Larmes\'',6,'2016-12-01 09:06:02','http://www.previews.cambridge-mt.com/VaLaisseCoulerMesLarmes_Preview.mp3','http://www.previews.cambridge-mt.com/VaLaisseCoulerMesLarmes_Preview.mp3','0','0',0,'Excerpt','cambridge-mt.com',1,1,'Acoustic / Jazz / Country / Orchestral',0,'Classical Opera','',0),('Camilla Francesca Bull','\'Va! Laisse Couler Mes Larmes\'',6,'2016-12-01 09:03:06','http://www.previews.cambridge-mt.com/VaLaisseCoulerMesLarmes_Full_Preview.mp3','http://www.previews.cambridge-mt.com/VaLaisseCoulerMesLarmes_Full_Preview.mp3','0','367',1,'Full','cambridge-mt.com',1,1,'Acoustic / Jazz / Country / Orchestral',0,'Classical Opera','',0),('Camilla Francesca Bull','\'W.A.Mozart\'s \'Voi Che Sapete\'\'',6,'2016-10-17 00:00:00','http://www.previews.cambridge-mt.com/VoiCheSapete_Preview.mp3','http://www.previews.cambridge-mt.com/VoiCheSapete_Preview.mp3','0','0',0,'Excerpt','cambridge-mt.com',1,1,'Acoustic / Jazz / Country / Orchestral',0,'Classical Opera','',0),('Camilla Francesca Bull','\'W.A.Mozart\'s \'Voi Che Sapete\'\'',6,'2016-10-17 00:00:00','http://www.previews.cambridge-mt.com/VoiCheSapete_Full_Preview.mp3','http://www.previews.cambridge-mt.com/VoiCheSapete_Full_Preview.mp3','0','358',1,'Full','cambridge-mt.com',1,1,'Acoustic / Jazz / Country / Orchestral',0,'Classical Opera','',0),('Carlos Gonzalez','\'A Place For Us\'',46,'2014-05-05 00:00:00','http://www.previews.cambridge-mt.com/APlaceForUs_Preview.mp3','http://www.previews.cambridge-mt.com/APlaceForUs_Preview.mp3','0','0',0,'Excerpt','cambridge-mt.com',1,1,'Pop / Singer-Songwriter',0,'Indie Pop/Rock','',0),('Carlos Gonzalez','\'A Place For Us\'',69,'2014-05-05 00:00:00','http://www.previews.cambridge-mt.com/APlaceForUs_Full_Preview.mp3','http://www.previews.cambridge-mt.com/APlaceForUs_Full_Preview.mp3','0','244',1,'Full','cambridge-mt.com',1,1,'Pop / Singer-Songwriter',0,'Indie Pop/Rock','',0),('Cassandra Jenkins','\'Perfect Day\'',82,'2014-08-01 00:00:00','http://www.previews.cambridge-mt.com/PerfectDay_Full_Preview.mp3','http://www.previews.cambridge-mt.com/PerfectDay_Full_Preview.mp3','0','252',1,'Full','shakingthrough.com',1,0,'Pop / Singer-Songwriter',0,'Orchestral Singer-Songwriter','',0),('Cat Martino','\'I Promise\'',53,'2013-01-01 00:00:00','http://www.previews.cambridge-mt.com/IPromise_Full_Preview.mp3','http://www.previews.cambridge-mt.com/IPromise_Full_Preview.mp3','0','149',1,'Full','shakingthrough.com',1,0,'Pop / Singer-Songwriter',0,'Alternative Singer-Songwriter/Electronica','',0),('Cayetana','\'Miss Thing\'',10,'2014-08-03 00:00:00','http://www.previews.cambridge-mt.com/MissThing_Full_Preview.mp3','http://www.previews.cambridge-mt.com/MissThing_Full_Preview.mp3','0','258',1,'Full','shakingthrough.com',1,0,'Pop / Singer-Songwriter',0,'Alternative Singer-Songwriter','',0),('Celestial Shore','\'Die For Us\'',30,'2013-11-20 00:00:00','http://www.previews.cambridge-mt.com/DieForUs_Full_Preview.mp3','http://www.previews.cambridge-mt.com/DieForUs_Full_Preview.mp3','0','230',1,'Full','shakingthrough.com',1,0,'Alt Rock / Blues / Country Rock / Indie / Funk / Reggae',0,'Ethereal Indie Rock','',0),('Chris Durban','\'Celebrate\'',23,'2013-01-01 00:00:00','http://www.previews.cambridge-mt.com/0905_Preview.mp3','http://www.previews.cambridge-mt.com/0905_Preview.mp3','0','0',0,'Excerpt','cambridge-mt.com',1,1,'Electronica / Dance / Experimental',0,'Dark Break-based Dance','',0),('Chris Durban','\'Celebrate\'',30,'2013-01-01 00:00:00','http://www.previews.cambridge-mt.com/0905_Remix.mp3','http://www.previews.cambridge-mt.com/0905_Remix.mp3','28','37',1,'Full','cambridge-mt.com',1,1,'Electronica / Dance / Experimental',0,'Dark Break-based Dance','',0),('Cnoc An Tursa','\'Bannockburn\'',35,'2013-01-01 00:00:00','http://www.previews.cambridge-mt.com/Bannockburn_Preview.mp3','http://www.previews.cambridge-mt.com/Bannockburn_Preview.mp3','0','0',0,'Excerpt','cambridge-mt.com',1,1,'Rock / Punk / Metal',0,'Death Metal','',0),('Cnoc An Tursa','\'Bannockburn\'',43,'2013-01-01 00:00:00','http://www.previews.cambridge-mt.com/Bannockburn_Full_Preview.mp3','http://www.previews.cambridge-mt.com/Bannockburn_Full_Preview.mp3','47','97',1,'Full','cambridge-mt.com',1,1,'Rock / Punk / Metal',0,'Death Metal','',0),('Creepoid','\'Old Tree\'',40,'2013-01-01 00:00:00','http://soundcloud.com/wvmusic/creepoid-old-tree','http://www.previews.cambridge-mt.com/OldTree_Full_Preview.mp3','0','67',1,'Full','shakingthrough.com',1,0,'Alt Rock / Blues / Country Rock / Indie / Funk / Reggae',0,'Indie Rock','',0),('Cristina Vane','\'So Easy\'',32,'2013-04-25 00:00:00','http://www.previews.cambridge-mt.com/1305_Preview.mp3','http://www.previews.cambridge-mt.com/1305_Preview.mp3','0','0',0,'Excerpt','cambridge-mt.com',1,1,'Pop / Singer-Songwriter',0,'Acoustic Singer-Songwriter','',0),('Cristina Vane','\'So Easy\'',37,'2013-04-25 00:00:00','http://www.previews.cambridge-mt.com/1305_Remix.mp3','http://www.previews.cambridge-mt.com/1305_Remix.mp3','0','202',1,'Full','cambridge-mt.com',1,1,'Pop / Singer-Songwriter',0,'Acoustic Singer-Songwriter','',0),('Dark Ride','\'Burning Bridges\'',18,'2014-08-04 00:00:00','http://www.previews.cambridge-mt.com/BurningBridges_Preview.mp3','http://www.previews.cambridge-mt.com/BurningBridges_Preview.mp3','0','0',0,'Excerpt','cambridge-mt.com',1,1,'Rock / Punk / Metal',0,'Heavy Metal','',0),('Dark Ride','\'Burning Bridges\'',32,'2014-08-04 00:00:00','http://www.previews.cambridge-mt.com/BurningBridges_Full_Preview.mp3','http://www.previews.cambridge-mt.com/BurningBridges_Full_Preview.mp3','5761','259',1,'Full','cambridge-mt.com',1,1,'Rock / Punk / Metal',0,'Heavy Metal','',0),('Dark Ride','\'Dead Enemies\'',20,'2015-02-15 00:00:00','http://www.previews.cambridge-mt.com/DeadEnemies_Preview.mp3','http://www.previews.cambridge-mt.com/DeadEnemies_Preview.mp3','0','0',0,'Excerpt','cambridge-mt.com',1,1,'Rock / Punk / Metal',0,'Heavy Metal','',0),('Dark Ride','\'Dead Enemies\'',55,'2015-02-15 00:00:00','http://www.previews.cambridge-mt.com/DeadEnemies_Full_Preview.mp3','http://www.previews.cambridge-mt.com/DeadEnemies_Full_Preview.mp3','8507','294',1,'Full','cambridge-mt.com',1,1,'Rock / Punk / Metal',0,'Heavy Metal','',0),('Dark Ride','\'Piece Of Me\'',21,'2015-03-24 00:00:00','http://www.previews.cambridge-mt.com/PieceOfMe_Preview.mp3','http://www.previews.cambridge-mt.com/PieceOfMe_Preview.mp3','0','0',0,'Excerpt','cambridge-mt.com',1,1,'Rock / Punk / Metal',0,'Heavy Metal','',0),('Dark Ride','\'Piece Of Me\'',31,'2015-03-24 00:00:00','http://www.previews.cambridge-mt.com/PieceOfMe_Full_Preview.mp3','http://www.previews.cambridge-mt.com/PieceOfMe_Full_Preview.mp3','0','307',1,'Full','cambridge-mt.com',1,1,'Rock / Punk / Metal',0,'Heavy Metal','',0),('David Youngs','\'Dust, You And Me\'',1,'2013-01-01 00:00:00','http://www.previews.cambridge-mt.com/DustYouAndMe_Full_Preview.mp3','http://www.previews.cambridge-mt.com/DustYouAndMe_Full_Preview.mp3','0','11',1,'Full','cambridge-mt.com',1,1,'Acoustic / Jazz / Country / Orchestral',0,'Intricate Solo Acoustic Guitar','<i>Transience</i> (Album Selection)',0),('David Youngs','\'Long Overdue\'',4,'2013-01-01 00:00:00','http://www.previews.cambridge-mt.com/LongOverdue_Full_Preview.mp3','http://www.previews.cambridge-mt.com/LongOverdue_Full_Preview.mp3','0','12',1,'Full','cambridge-mt.com',1,1,'Acoustic / Jazz / Country / Orchestral',0,'Intricate Solo Acoustic Guitar','<i>Transience</i> (Album Selection)',0),('David Youngs','\'Technomantra\'',2,'2013-01-01 00:00:00','http://www.previews.cambridge-mt.com/Technomantra_Full_Preview.mp3','http://www.previews.cambridge-mt.com/Technomantra_Full_Preview.mp3','0','13',1,'Full','cambridge-mt.com',1,1,'Acoustic / Jazz / Country / Orchestral',0,'Intricate Solo Acoustic Guitar','<i>Transience</i> (Album Selection)',0),('Detsky Sad','\'Walkie Talkie\'',15,'2013-03-20 00:00:00','http://www.previews.cambridge-mt.com/WalkieTalkie_Preview.mp3','http://www.previews.cambridge-mt.com/WalkieTalkie_Preview.mp3','0','0',0,'Excerpt','cambridge-mt.com',1,1,'Alt Rock / Blues / Country Rock / Indie / Funk / Reggae',0,'Ukrainian Indie Rock','',0),('Detsky Sad','\'Walkie Talkie\'',52,'2013-03-20 00:00:00','http://www.previews.cambridge-mt.com/WalkieTalkie_Full_Preview.mp3','http://www.previews.cambridge-mt.com/WalkieTalkie_Full_Preview.mp3','0','199',1,'Full','cambridge-mt.com',1,1,'Alt Rock / Blues / Country Rock / Indie / Funk / Reggae',0,'Ukrainian Indie Rock','',0),('Diesel13','\'Colour Me Red\'',27,'2016-10-19 00:00:00','http://www.previews.cambridge-mt.com/ColourMeRed_Preview.mp3','http://www.previews.cambridge-mt.com/ColourMeRed_Preview.mp3','0','0',0,'Excerpt','cambridge-mt.com',1,1,'Alt Rock / Blues / Country Rock / Indie / Funk / Reggae',0,'Alt Country/Americana','',0),('Diesel13','\'Colour Me Red\'',55,'2016-10-19 00:00:00','http://www.previews.cambridge-mt.com/ColourMeRed_Full_Preview.mp3','http://www.previews.cambridge-mt.com/ColourMeRed_Full_Preview.mp3','0','363',1,'Full','cambridge-mt.com',1,1,'Alt Rock / Blues / Country Rock / Indie / Funk / Reggae',0,'Alt Country/Americana','',0),('Dino On The Loose','\'Queen\'s Light\'',17,'2013-01-01 00:00:00','http://www.previews.cambridge-mt.com/QueensLight_Preview.mp3','http://www.previews.cambridge-mt.com/QueensLight_Preview.mp3','0','0',0,'Excerpt','cambridge-mt.com',1,1,'Acoustic / Jazz / Country / Orchestral',0,'Jazz Fusion','',0),('Dino On The Loose','\'Queen\'s Light\'',20,'2013-01-01 00:00:00','http://www.previews.cambridge-mt.com/QueensLight_Full_Preview.mp3','http://www.previews.cambridge-mt.com/QueensLight_Full_Preview.mp3','174','164',1,'Full','cambridge-mt.com',1,1,'Acoustic / Jazz / Country / Orchestral',0,'Jazz Fusion','',0),('Don Camillo Choir','\'The Marsh Marigold\'s Song\'',12,'2016-10-12 00:00:00','http://www.previews.cambridge-mt.com/MarshMarigoldsSong_Preview.mp3','http://www.previews.cambridge-mt.com/MarshMarigoldsSong_Preview.mp3','0','0',0,'Excerpt','cambridge-mt.com',1,1,'Acoustic / Jazz / Country / Orchestral',0,'German Unaccompanied Choir','Kasimir\'s Adventure',0),('Don Camillo Choir','\'The Marsh Marigold\'s Song\'',12,'2016-10-12 00:00:00','http://www.previews.cambridge-mt.com/MarshMarigoldsSong_Full_Preview.mp3','http://www.previews.cambridge-mt.com/MarshMarigoldsSong_Full_Preview.mp3','0','359',1,'Full','cambridge-mt.com',1,1,'Acoustic / Jazz / Country / Orchestral',0,'German Unaccompanied Choir','Kasimir\'s Adventure',0),('Don Camillo Choir','\'The Woodworm Song\'',11,'2016-12-01 09:15:13','http://www.previews.cambridge-mt.com/WoodwormSong_Preview.mp3','http://www.previews.cambridge-mt.com/WoodwormSong_Preview.mp3','0','0',0,'Excerpt','cambridge-mt.com',1,1,'Acoustic / Jazz / Country / Orchestral',0,'German Unaccompanied Choir','Kasimir\'s Adventure',0),('Don Camillo Choir','\'The Woodworm Song\'',11,'2016-12-01 09:13:16','http://www.previews.cambridge-mt.com/WoodwormSong_Full_Preview.mp3','http://www.previews.cambridge-mt.com/WoodwormSong_Full_Preview.mp3','0','372',1,'Full','cambridge-mt.com',1,1,'Acoustic / Jazz / Country / Orchestral',0,'German Unaccompanied Choir','Kasimir\'s Adventure',0),('Don Camillo Choir','\'Trude The Bumblebee\'',19,'2016-08-22 00:00:00','http://www.previews.cambridge-mt.com/TrudeTheBumblebee_Preview.mp3','http://www.previews.cambridge-mt.com/TrudeTheBumblebee_Preview.mp3','0','0',0,'Excerpt','cambridge-mt.com',1,1,'Acoustic / Jazz / Country / Orchestral',0,'German Unaccompanied Choir','Kasimir\'s Adventure',0),('Don Camillo Choir','\'Trude The Bumblebee\'',20,'2016-08-22 00:00:00','http://www.previews.cambridge-mt.com/TrudeTheBumblebee_Full_Preview.mp3','http://www.previews.cambridge-mt.com/TrudeTheBumblebee_Full_Preview.mp3','0','351',1,'Full','cambridge-mt.com',1,1,'Acoustic / Jazz / Country / Orchestral',0,'German Unaccompanied Choir','Kasimir\'s Adventure',0),('Dreamers Of The Ghetto','\'Heavy Love\'',30,'2013-01-01 00:00:00','http://soundcloud.com/wvmusic/heavy-love','http://www.previews.cambridge-mt.com/HeavyLove_Full_Preview.mp3','0','69',1,'Full','shakingthrough.com',1,0,'Alt Rock / Blues / Country Rock / Indie / Funk / Reggae',0,'Alt Rock','',0),('Drumtracks','\'Ghost Bitch\'',16,'2014-05-30 00:00:00','http://www.previews.cambridge-mt.com/GhostBitch_Preview.mp3','http://www.previews.cambridge-mt.com/GhostBitch_Preview.mp3','0','0',0,'Excerpt','cambridge-mt.com',1,1,'Pop / Singer-Songwriter',0,'Leftfield Theatrical Pop','',0),('Drumtracks','\'Ghost Bitch\'',25,'2014-05-30 00:00:00','http://www.previews.cambridge-mt.com/GhostBitch_Full_Preview.mp3','http://www.previews.cambridge-mt.com/GhostBitch_Full_Preview.mp3','0','249',1,'Full','cambridge-mt.com',1,1,'Pop / Singer-Songwriter',0,'Leftfield Theatrical Pop','',0),('Dry Clean Only','\'Iron Sheik\'',30,'2015-07-22 00:00:00','http://www.previews.cambridge-mt.com/IronSheik_Full_Preview.mp3','http://www.previews.cambridge-mt.com/IronSheik_Full_Preview.mp3','0','318',1,'Full','puremix.net',1,1,'Rock / Punk / Metal',0,'Alt Punk','',0),('Dunning Kruger','\'EnDance\'',21,'2013-01-01 00:00:00','http://www.previews.cambridge-mt.com/EnDance_Preview.mp3','http://www.previews.cambridge-mt.com/EnDance_Preview.mp3','0','0',0,'Excerpt','cambridge-mt.com',1,1,'Alt Rock / Blues / Country Rock / Indie / Funk / Reggae',0,'Indie Rock','',0),('Dunning Kruger','\'EnDance\'',25,'2013-01-01 00:00:00','http://www.previews.cambridge-mt.com/EnDance_Full_Preview.mp3','http://www.previews.cambridge-mt.com/EnDance_Full_Preview.mp3','173','162',1,'Full','cambridge-mt.com',1,1,'Alt Rock / Blues / Country Rock / Indie / Funk / Reggae',0,'Indie Rock','',0),('Dunning Kruger','\'Japan Song\'',14,'2013-01-01 00:00:00','http://www.previews.cambridge-mt.com/JapanSong_Preview.mp3','http://www.previews.cambridge-mt.com/JapanSong_Preview.mp3','0','0',0,'Excerpt','cambridge-mt.com',1,1,'Alt Rock / Blues / Country Rock / Indie / Funk / Reggae',0,'Indie Rock','',0),('Dunning Kruger','\'Japan Song\'',30,'2013-01-01 00:00:00','http://www.previews.cambridge-mt.com/JapanSong_Full_Preview.mp3','http://www.previews.cambridge-mt.com/JapanSong_Full_Preview.mp3','291','166',1,'Full','cambridge-mt.com',1,1,'Alt Rock / Blues / Country Rock / Indie / Funk / Reggae',0,'Indie Rock','',0),('Dunning Kruger','\'Sascha\'',15,'2013-01-01 00:00:00','http://www.previews.cambridge-mt.com/Sascha_Preview.mp3','http://www.previews.cambridge-mt.com/Sascha_Preview.mp3','0','0',0,'Excerpt','cambridge-mt.com',1,1,'Alt Rock / Blues / Country Rock / Indie / Funk / Reggae',0,'Indie Rock','',0),('Dunning Kruger','\'Sascha\'',24,'2013-01-01 00:00:00','http://www.previews.cambridge-mt.com/Sascha_Full_Preview.mp3','http://www.previews.cambridge-mt.com/Sascha_Full_Preview.mp3','352','171',1,'Full','cambridge-mt.com',1,1,'Alt Rock / Blues / Country Rock / Indie / Funk / Reggae',0,'Indie Rock','',0),('Enda Reilly','\'An Nasc Nua\'',11,'2014-07-30 00:00:00','http://www.previews.cambridge-mt.com/AnNascNua_Preview.mp3','http://www.previews.cambridge-mt.com/AnNascNua_Preview.mp3','0','0',0,'Excerpt','cambridge-mt.com',1,1,'Acoustic / Jazz / Country / Orchestral',0,'Irish-Language Singer-Songwriter','',0),('Enda Reilly','\'An Nasc Nua\'',19,'2014-07-30 00:00:00','http://www.previews.cambridge-mt.com/AnNascNua_Full_Preview.mp3','http://www.previews.cambridge-mt.com/AnNascNua_Full_Preview.mp3','0','256',1,'Full','cambridge-mt.com',1,1,'Acoustic / Jazz / Country / Orchestral',0,'Irish-Language Singer-Songwriter','',0),('Enda Reilly','\'Cur An Long Ag Seol\'',11,'2014-05-07 00:00:00','http://www.previews.cambridge-mt.com/CurAnLongAgSeol_Preview.mp3','http://www.previews.cambridge-mt.com/CurAnLongAgSeol_Preview.mp3','0','0',0,'Excerpt','cambridge-mt.com',1,1,'Acoustic / Jazz / Country / Orchestral',0,'Irish-Language Singer-Songwriter','',0),('Enda Reilly','\'Cur An Long Ag Seol\'',12,'2014-05-07 00:00:00','http://www.previews.cambridge-mt.com/CurAnLongAgSeol_Full_Preview.mp3','http://www.previews.cambridge-mt.com/CurAnLongAgSeol_Full_Preview.mp3','0','242',1,'Full','cambridge-mt.com',1,1,'Acoustic / Jazz / Country / Orchestral',0,'Irish-Language Singer-Songwriter','',0),('Faces On Film','\'Waiting For GA\'',30,'2013-01-01 00:00:00','http://www.previews.cambridge-mt.com/WaitingForGA_Full_Preview.mp3','http://www.previews.cambridge-mt.com/WaitingForGA_Full_Preview.mp3','0','70',1,'Full','shakingthrough.com',1,0,'Alt Rock / Blues / Country Rock / Indie / Funk / Reggae',0,'Lush Indie Rock','',0),('Family Band','\'Again\'',29,'2013-01-01 00:00:00','http://soundcloud.com/wvmusic/family-band-again','http://www.previews.cambridge-mt.com/Again_Full_Preview.mp3','0','71',1,'Full','shakingthrough.com',1,0,'Alt Rock / Blues / Country Rock / Indie / Funk / Reggae',0,'Sparse Alt Rock','',0),('Fergessen','\'Back From The Start\'',23,'2013-06-22 00:00:00','http://www.previews.cambridge-mt.com/BackFromTheStart_Preview.mp3','http://www.previews.cambridge-mt.com/BackFromTheStart_Preview.mp3','0','0',0,'Excerpt','cambridge-mt.com',1,1,'Alt Rock / Blues / Country Rock / Indie / Funk / Reggae',0,'Melodic Indie Rock','',0),('Fergessen','\'Back From The Start\'',23,'2013-06-22 00:00:00','http://www.previews.cambridge-mt.com/BackFromTheStart_Full_Preview.mp3','http://www.previews.cambridge-mt.com/BackFromTheStart_Full_Preview.mp3','0','211',1,'Full','cambridge-mt.com',1,1,'Alt Rock / Blues / Country Rock / Indie / Funk / Reggae',0,'Melodic Indie Rock','',0),('Fergessen','\'Nos Palpitants\'',19,'2013-06-02 00:00:00','http://www.previews.cambridge-mt.com/NosPalpitants_Preview.mp3','http://www.previews.cambridge-mt.com/NosPalpitants_Preview.mp3','0','0',0,'Excerpt','cambridge-mt.com',1,1,'Alt Rock / Blues / Country Rock / Indie / Funk / Reggae',0,'Melodic Indie Rock','',0),('Fergessen','\'Nos Palpitants\'',23,'2013-06-02 00:00:00','http://www.previews.cambridge-mt.com/NosPalpitants_Full_Preview.mp3','http://www.previews.cambridge-mt.com/NosPalpitants_Full_Preview.mp3','0','207',1,'Full','cambridge-mt.com',1,1,'Alt Rock / Blues / Country Rock / Indie / Funk / Reggae',0,'Melodic Indie Rock','',0),('Fergessen','\'The Wind\'',30,'2013-04-29 00:00:00','http://www.previews.cambridge-mt.com/TheWind_Preview.mp3','http://www.previews.cambridge-mt.com/TheWind_Preview.mp3','0','0',0,'Excerpt','cambridge-mt.com',1,1,'Alt Rock / Blues / Country Rock / Indie / Funk / Reggae',0,'Melodic Indie Rock','',0),('Fergessen','\'The Wind\'',31,'2013-04-29 00:00:00','http://www.previews.cambridge-mt.com/TheWind_Full_Preview.mp3','http://www.previews.cambridge-mt.com/TheWind_Full_Preview.mp3','0','205',1,'Full','cambridge-mt.com',1,1,'Alt Rock / Blues / Country Rock / Indie / Funk / Reggae',0,'Melodic Indie Rock','',0),('Filthybird','\'I\'d Like To Know\'',34,'2013-01-01 00:00:00','http://soundcloud.com/wvmusic/id-like-to-know','http://www.previews.cambridge-mt.com/IdLikeToKnow_Full_Preview.mp3','0','72',1,'Full','shakingthrough.com',1,0,'Alt Rock / Blues / Country Rock / Indie / Funk / Reggae',0,'Retro Alt Pop','',0),('Flags','\'54\'',30,'2013-01-01 00:00:00','http://www.previews.cambridge-mt.com/1103_Preview.mp3','http://www.previews.cambridge-mt.com/1103_Preview.mp3','0','0',0,'Excerpt','cambridge-mt.com',1,1,'Alt Rock / Blues / Country Rock / Indie / Funk / Reggae',0,'Buckley-esque Indie Rock','',0),('Flags','\'54\'',63,'2013-01-01 00:00:00','http://www.previews.cambridge-mt.com/1103_Remix.mp3','http://www.previews.cambridge-mt.com/1103_Remix.mp3','0','73',1,'Full','cambridge-mt.com',1,1,'Alt Rock / Blues / Country Rock / Indie / Funk / Reggae',0,'Buckley-esque Indie Rock','',0),('Forkupines','\'Semantics\'',27,'2014-05-06 00:00:00','http://www.previews.cambridge-mt.com/Semantics_Preview.mp3','http://www.previews.cambridge-mt.com/Semantics_Preview.mp3','0','0',0,'Excerpt','cambridge-mt.com',1,1,'Rock / Punk / Metal',0,'Alternative Punk-Rock','',0),('Forkupines','\'Semantics\'',48,'2014-05-06 00:00:00','http://www.previews.cambridge-mt.com/Semantics_Full_Preview.mp3','http://www.previews.cambridge-mt.com/Semantics_Full_Preview.mp3','0','247',1,'Full','cambridge-mt.com',1,1,'Rock / Punk / Metal',0,'Alternative Punk-Rock','',0),('Forkupines','\'Sleep By The Fire, Bloom In Water\'',33,'2015-10-22 00:00:00','http://www.previews.cambridge-mt.com/SleepByTheFireBloomInWater_Preview.mp3','http://www.previews.cambridge-mt.com/SleepByTheFireBloomInWater_Preview.mp3','0','0',0,'Excerpt','cambridge-mt.com',1,1,'Rock / Punk / Metal',0,'Alternative Punk Rock','<i>Yet The Same</i> (EP Selection)',0),('Forkupines','\'Sleep By The Fire, Bloom In Water\'',44,'2015-10-22 00:00:00','http://www.previews.cambridge-mt.com/SleepByTheFireBloomInWater_Full_Preview.mp3','http://www.previews.cambridge-mt.com/SleepByTheFireBloomInWater_Full_Preview.mp3','0','327',1,'Full','cambridge-mt.com',1,1,'Rock / Punk / Metal',0,'Alternative Punk Rock','<i>Yet The Same</i> (EP Selection)',0),('Francis Dunnery','\'Immaculate\'',42,'2013-01-01 00:00:00','http://www.previews.cambridge-mt.com/Immaculate_Full_Preview.mp3','http://www.previews.cambridge-mt.com/Immaculate_Full_Preview.mp3','54','14',1,'Full','telefunken-elektroakustik.com',1,1,'Acoustic / Jazz / Country / Orchestral',0,'Acoustic Singer-Songwriter','',0),('Francis Dunnery &amp; Dorie Jackson','\'Heartache Reborn\'',5,'2013-01-01 00:00:00','http://www.previews.cambridge-mt.com/HeartacheReborn_Full_Preview.mp3','http://www.previews.cambridge-mt.com/HeartacheReborn_Full_Preview.mp3','0','15',1,'Full','telefunken-elektroakustik.com',1,1,'Acoustic / Jazz / Country / Orchestral',0,'Acoustic Singer-Songwriter','',0),('Francis Dunnery &amp; Dorie Jackson','\'Holiday\'',5,'2013-01-01 00:00:00','http://www.previews.cambridge-mt.com/Holiday_Full_Preview.mp3','http://www.previews.cambridge-mt.com/Holiday_Full_Preview.mp3','0','16',1,'Full','telefunken-elektroakustik.com',1,1,'Acoustic / Jazz / Country / Orchestral',0,'Acoustic Singer-Songwriter','',0),('Franco Bidanco','\'Emotional Technology\'',12,'2013-01-01 00:00:00','http://www.previews.cambridge-mt.com/EmotionalTechnology_Preview.mp3','http://www.previews.cambridge-mt.com/EmotionalTechnology_Preview.mp3','0','38',1,'Excerpt','cambridge-mt.com',1,0,'Electronica / Dance / Experimental',0,'Up-tempo Electro Dance','',0),('Fredy V','\'Not Alone\'',26,'2015-11-17 00:00:00','http://www.previews.cambridge-mt.com/NotAlone_Full_Preview.mp3','http://www.previews.cambridge-mt.com/NotAlone_Full_Preview.mp3','0','331',1,'Full','archive.org',1,1,'Pop / Singer-Songwriter',0,'Smooth Soul/Pop','',0),('Galias','\'Horizon\'',13,'2016-06-22 00:00:00','http://www.previews.cambridge-mt.com/Horizon_Preview.mp3','http://www.previews.cambridge-mt.com/Horizon_Preview.mp3','0','0',0,'Excerpt','cambridge-mt.com',1,1,'Electronica / Dance / Experimental',0,'Tropical House','',0),('Galias','\'Horizon\'',20,'2016-06-22 00:00:00','http://www.previews.cambridge-mt.com/Horizon_Full_Preview.mp3','http://www.previews.cambridge-mt.com/Horizon_Full_Preview.mp3','0','348',1,'Full','cambridge-mt.com',1,1,'Electronica / Dance / Experimental',0,'Tropical House','',0),('Georgia Wonder','\'Siren\'',37,'2013-01-01 00:00:00','http://www.previews.cambridge-mt.com/Siren_Preview.mp3','http://www.previews.cambridge-mt.com/Siren_Preview.mp3','0','0',0,'Excerpt','cambridge-mt.com',1,1,'Electronica / Dance / Experimental',0,'Pop Disco/Rock','',0),('Georgia Wonder','\'Siren\'',59,'2013-01-01 00:00:00','http://www.previews.cambridge-mt.com/Siren_Full_Preview.mp3','http://www.previews.cambridge-mt.com/Siren_Full_Preview.mp3','69','39',1,'Full','cambridge-mt.com',1,1,'Electronica / Dance / Experimental',0,'Pop Disco/Rock','',0),('Girls Under Glass','\'We Feel Alright\'',15,'2013-01-01 00:00:00','http://www.previews.cambridge-mt.com/1011_Preview.mp3','http://www.previews.cambridge-mt.com/1011_Preview.mp3','0','0',0,'Excerpt','cambridge-mt.com',1,1,'Electronica / Dance / Experimental',0,'Gothic Electro','',0),('Girls Under Glass','\'We Feel Alright\'',19,'2013-01-01 00:00:00','http://www.previews.cambridge-mt.com/1011_Remix.mp3','http://www.previews.cambridge-mt.com/1011_Remix.mp3','0','40',1,'Full','cambridge-mt.com',1,1,'Electronica / Dance / Experimental',0,'Gothic Electro','',0),('Giselle','\'Moss\'',28,'2013-01-01 00:00:00','http://www.previews.cambridge-mt.com/Moss_Preview.mp3','http://www.previews.cambridge-mt.com/Moss_Preview.mp3','0','0',0,'Excerpt','cambridge-mt.com',1,1,'Electronica / Dance / Experimental',0,'Electronica/Classical Crossover','<i>Turning Circles</i> (Album Selection)',0),('Giselle','\'Moss\'',54,'2013-01-01 00:00:00','http://www.previews.cambridge-mt.com/Moss_Full_Preview.mp3','http://www.previews.cambridge-mt.com/Moss_Full_Preview.mp3','0','153',1,'Full','cambridge-mt.com',1,1,'Electronica / Dance / Experimental',0,'Electronica/Classical Crossover','<i>Turning Circles</i> (Album Selection)',0),('Giselle','\'You\'',40,'2013-01-01 00:00:00','http://www.previews.cambridge-mt.com/You_Preview.mp3','http://www.previews.cambridge-mt.com/You_Preview.mp3','0','0',0,'Excerpt','cambridge-mt.com',1,1,'Electronica / Dance / Experimental',0,'Electronica/Classical Crossover','<i>Turning Circles</i> (Album Selection)',0),('Giselle','\'You\'',60,'2013-01-01 00:00:00','http://www.previews.cambridge-mt.com/You_Full_Preview.mp3','http://www.previews.cambridge-mt.com/You_Full_Preview.mp3','0','41',1,'Full','cambridge-mt.com',1,1,'Electronica / Dance / Experimental',0,'Electronica/Classical Crossover','<i>Turning Circles</i> (Album Selection)',0),('Grant$','\'Punch Drunk\'',41,'2013-01-01 00:00:00','http://www.previews.cambridge-mt.com/PunchDrunk_Full_Preview.mp3','http://www.previews.cambridge-mt.com/PunchDrunk_Full_Preview.mp3','0','187',1,'Full','shakingthrough.com',1,0,'Hip-Hop / R&amp;B',1,'Hip-Hop','',0),('Headwound Harry','\'XXXV\'',15,'2016-10-14 00:00:00','http://www.previews.cambridge-mt.com/XXXV_Preview.mp3','http://www.previews.cambridge-mt.com/XXXV_Preview.mp3','0','0',0,'Excerpt','cambridge-mt.com',1,1,'Rock / Punk / Metal',1,'Metal/Grindcore','',0),('Headwound Harry','\'XXXV\'',23,'2016-10-14 00:00:00','http://www.previews.cambridge-mt.com/XXXV_Full_Preview.mp3','http://www.previews.cambridge-mt.com/XXXV_Full_Preview.mp3','0','366',1,'Full','cambridge-mt.com',1,1,'Rock / Punk / Metal',1,'Metal/Grindcore','',0),('Helado Negro','\'Mitad Del Mundo\'',29,'2013-02-08 00:00:00','http://www.previews.cambridge-mt.com/MitadDelMundo_Full_Preview.mp3','http://www.previews.cambridge-mt.com/MitadDelMundo_Full_Preview.mp3','0','197',1,'Full','shakingthrough.com',1,0,'Electronica / Dance / Experimental',0,'Downtempo Electronica Song','',0),('Hezekiah Jones','\'Borrowed Heart\'',35,'2013-01-01 00:00:00','http://soundcloud.com/wvmusic/borrowed-heart-long-version','http://www.previews.cambridge-mt.com/BorrowedHeart_Full_Preview.mp3','0','74',1,'Full','shakingthrough.com',1,0,'Alt Rock / Blues / Country Rock / Indie / Funk / Reggae',0,'Acoustic Alt Rock','',0),('Hollow Ground','\'Ill Fate\'',21,'2013-01-01 00:00:00','http://www.previews.cambridge-mt.com/IllFate_Preview.mp3','http://www.previews.cambridge-mt.com/IllFate_Preview.mp3','0','0',0,'Excerpt','cambridge-mt.com',1,1,'Rock / Punk / Metal',0,'Death Metal','',0),('Hollow Ground','\'Ill Fate\'',21,'2013-02-05 00:00:00','http://www.previews.cambridge-mt.com/IllFate_Full_Preview.mp3','http://www.previews.cambridge-mt.com/IllFate_Full_Preview.mp3','0','191',1,'Full','cambridge-mt.com',1,1,'Rock / Punk / Metal',0,'Death Metal','',0),('Hollow Ground','\'Left Blind\'',16,'2013-01-01 00:00:00','http://www.previews.cambridge-mt.com/LeftBlind_Preview.mp3','http://www.previews.cambridge-mt.com/LeftBlind_Preview.mp3','0','0',0,'Excerpt','cambridge-mt.com',1,1,'Rock / Punk / Metal',0,'Death Metal','',0),('Hollow Ground','\'Left Blind\'',16,'2013-01-01 00:00:00','http://www.previews.cambridge-mt.com/LeftBlind_Full_Preview.mp3','http://www.previews.cambridge-mt.com/LeftBlind_Full_Preview.mp3','104','99',1,'Full','cambridge-mt.com',1,1,'Rock / Punk / Metal',0,'Death Metal','',0),('Hop Along','\'Sister Cities\'',31,'2013-06-20 00:00:00','http://www.previews.cambridge-mt.com/SisterCities_Full_Preview.mp3','http://www.previews.cambridge-mt.com/SisterCities_Full_Preview.mp3','0','213',1,'Full','shakingthrough.com',1,0,'Alt Rock / Blues / Country Rock / Indie / Funk / Reggae',0,'Alt Rock','',0),('How To Kill A Conversation','\'Heart On My Thumb\'',12,'2013-01-01 00:00:00','http://www.previews.cambridge-mt.com/HeartOnMyThumb_Preview.mp3','http://www.previews.cambridge-mt.com/HeartOnMyThumb_Preview.mp3','0','0',0,'Excerpt','cambridge-mt.com',1,1,'Alt Rock / Blues / Country Rock / Indie / Funk / Reggae',0,'Indie Rock','Live Sessions',0),('How To Kill A Conversation','\'Heart On My Thumb\'',12,'2013-01-01 00:00:00','http://www.previews.cambridge-mt.com/HeartOnMyThumb_Full_Preview.mp3','http://www.previews.cambridge-mt.com/HeartOnMyThumb_Full_Preview.mp3','0','75',1,'Full','cambridge-mt.com',1,1,'Alt Rock / Blues / Country Rock / Indie / Funk / Reggae',0,'Indie Rock','Live Sessions',0),('How To Kill A Conversation','\'Location Location\'',16,'2013-01-01 00:00:00','http://www.previews.cambridge-mt.com/LocationLocation_Preview.mp3','http://www.previews.cambridge-mt.com/LocationLocation_Preview.mp3','0','0',0,'Excerpt','cambridge-mt.com',1,1,'Alt Rock / Blues / Country Rock / Indie / Funk / Reggae',0,'Indie Rock','Live Sessions',0),('How To Kill A Conversation','\'Location Location\'',16,'2013-01-01 00:00:00','http://www.previews.cambridge-mt.com/LocationLocation_Full_Preview.mp3','http://www.previews.cambridge-mt.com/LocationLocation_Full_Preview.mp3','0','76',1,'Full','cambridge-mt.com',1,1,'Alt Rock / Blues / Country Rock / Indie / Funk / Reggae',0,'Indie Rock','Live Sessions',0),('How To Kill A Conversation','\'Mute\'',12,'2013-01-01 00:00:00','http://www.previews.cambridge-mt.com/Mute_Preview.mp3','http://www.previews.cambridge-mt.com/Mute_Preview.mp3','0','0',0,'Excerpt','cambridge-mt.com',1,1,'Alt Rock / Blues / Country Rock / Indie / Funk / Reggae',0,'Indie Rock','Live Sessions',0),('How To Kill A Conversation','\'Mute\'',12,'2013-01-01 00:00:00','http://www.previews.cambridge-mt.com/Mute_Full_Preview.mp3','http://www.previews.cambridge-mt.com/Mute_Full_Preview.mp3','0','77',1,'Full','cambridge-mt.com',1,1,'Alt Rock / Blues / Country Rock / Indie / Funk / Reggae',0,'Indie Rock','Live Sessions',0),('How To Kill A Conversation','\'Oil\'',16,'2013-01-01 00:00:00','http://www.previews.cambridge-mt.com/Oil_Preview.mp3','http://www.previews.cambridge-mt.com/Oil_Preview.mp3','0','0',0,'Excerpt','cambridge-mt.com',1,1,'Alt Rock / Blues / Country Rock / Indie / Funk / Reggae',0,'Indie Rock','Live Sessions',0),('How To Kill A Conversation','\'Oil\'',16,'2013-01-01 00:00:00','http://www.previews.cambridge-mt.com/Oil_Full_Preview.mp3','http://www.previews.cambridge-mt.com/Oil_Full_Preview.mp3','0','78',1,'Full','cambridge-mt.com',1,1,'Alt Rock / Blues / Country Rock / Indie / Funk / Reggae',0,'Indie Rock','Live Sessions',0),('How To Kill A Conversation','\'Showmonster\'',12,'2013-01-01 00:00:00','http://www.previews.cambridge-mt.com/Showmonster_Preview.mp3','http://www.previews.cambridge-mt.com/Showmonster_Preview.mp3','0','0',0,'Excerpt','cambridge-mt.com',1,1,'Alt Rock / Blues / Country Rock / Indie / Funk / Reggae',0,'Indie Rock','Live Sessions',0),('How To Kill A Conversation','\'Showmonster\'',12,'2013-01-01 00:00:00','http://www.previews.cambridge-mt.com/Showmonster_Full_Preview.mp3','http://www.previews.cambridge-mt.com/Showmonster_Full_Preview.mp3','0','79',1,'Full','cambridge-mt.com',1,1,'Alt Rock / Blues / Country Rock / Indie / Funk / Reggae',0,'Indie Rock','Live Sessions',0),('Human Radio','\'You &amp; Me &amp; The Radio\'',28,'2013-06-01 00:00:00','http://www.previews.cambridge-mt.com/YouAndMeAndTheRadio_Preview.mp3','http://www.previews.cambridge-mt.com/YouAndMeAndTheRadio_Preview.mp3','0','0',0,'Excerpt','cambridge-mt.com',1,1,'Pop / Singer-Songwriter',0,'Pop/Rock','',0),('Human Radio','\'You &amp; Me &amp; The Radio\'',34,'2013-06-01 00:00:00','http://www.previews.cambridge-mt.com/YouAndMeAndTheRadio_Full_Preview.mp3','http://www.previews.cambridge-mt.com/YouAndMeAndTheRadio_Full_Preview.mp3','0','208',1,'Full','cambridge-mt.com',1,1,'Pop / Singer-Songwriter',0,'Pop/Rock','',0),('I Am Cassettes','\'Believe\'',36,'2015-08-21 00:00:00','http://www.previews.cambridge-mt.com/Believe_Full_Preview.mp3','http://www.previews.cambridge-mt.com/Believe_Full_Preview.mp3','0','323',1,'Full','www.dropbox.com',4,1,'Rock / Punk / Metal',0,'Rock Ballad','',0),('Ian Dearden','\'Thursday Reverie\'',6,'2016-10-11 00:00:00','http://www.previews.cambridge-mt.com/ThursdayReverie_Full_Preview.mp3','http://www.previews.cambridge-mt.com/ThursdayReverie_Full_Preview.mp3','0','362',1,'Full','cambridge-mt.com',1,1,'Electronica / Dance / Experimental',0,'Ambient Electronica','',0),('Invisible Familiars','\'Disturbing Wildlife\'',28,'2013-04-26 00:00:00','http://www.previews.cambridge-mt.com/DisturbingWildlife_Full_Preview.mp3','http://www.previews.cambridge-mt.com/DisturbingWildlife_Full_Preview.mp3','0','206',1,'Full','shakingthrough.com',1,0,'Pop / Singer-Songwriter',0,'Alternative/Indie Singer-Songwriter','',0),('JJ Cinnerman','\'Never Say Goodbye\'',19,'2015-06-23 00:00:00','http://www.previews.cambridge-mt.com/NeverSayGoodbye_Full_Preview.mp3','http://www.previews.cambridge-mt.com/NeverSayGoodbye_Full_Preview.mp3','0','314',1,'Full','ca-musicians',1,0,'Pop / Singer-Songwriter',0,'Acoustic Singer-Songwriter','',0),('Jackie Greene','\'Don\'t Let The Devil Take Your Mind\'',27,'2015-03-22 00:00:00','http://www.previews.cambridge-mt.com/DontLetTheDevilTakeYourMind_Full_Preview.mp3','http://www.previews.cambridge-mt.com/DontLetTheDevilTakeYourMind_Full_Preview.mp3','0','301',1,'Full','telefunken-elektroakustik.com',3,1,'Alt Rock / Blues / Country Rock / Indie / Funk / Reggae',0,'Americana','',0),('Jackie Greene','\'Rise Up Singing\'',48,'2013-01-01 00:00:00','http://www.previews.cambridge-mt.com/RiseUpSinging_Full_Preview.mp3','http://www.previews.cambridge-mt.com/RiseUpSinging_Full_Preview.mp3','88','80',1,'Full','telefunken-elektroakustik.com',6,1,'Alt Rock / Blues / Country Rock / Indie / Funk / Reggae',0,'Americana','',0),('James Elder &amp; Mark M Thompson','\'The English Actor\'',17,'2013-01-01 00:00:00','http://www.previews.cambridge-mt.com/0902_Preview.mp3','http://www.previews.cambridge-mt.com/0902_Preview.mp3','0','0',0,'Excerpt','cambridge-mt.com',1,1,'Pop / Singer-Songwriter',0,'Indie Pop','',0),('James Elder &amp; Mark M Thompson','\'The English Actor\'',20,'2013-01-01 00:00:00','http://www.previews.cambridge-mt.com/0902_Remix.mp3','http://www.previews.cambridge-mt.com/0902_Remix.mp3','177','45',1,'Full','cambridge-mt.com',1,1,'Pop / Singer-Songwriter',0,'Indie Pop','',0),('James May','\'All Souls Moon\'',14,'2013-11-19 00:00:00','http://www.previews.cambridge-mt.com/AllSoulsMoon_Preview.mp3','http://www.previews.cambridge-mt.com/AllSoulsMoon_Preview.mp3','0','0',0,'Excerpt','cambridge-mt.com',1,1,'Acoustic / Jazz / Country / Orchestral',0,'Acoustic Singer-Songwriter','<i>Sweets For The Sweet</i> (Album Selection)',0),('James May','\'All Souls Moon\'',16,'2013-11-19 00:00:00','http://www.previews.cambridge-mt.com/AllSoulsMoon_Full_Preview.mp3','http://www.previews.cambridge-mt.com/AllSoulsMoon_Full_Preview.mp3','0','226',1,'Full','cambridge-mt.com',1,1,'Acoustic / Jazz / Country / Orchestral',0,'Acoustic Singer-Songwriter','<i>Sweets For The Sweet</i> (Album Selection)',0),('James May','\'Don\'t Let Go\'',11,'2014-05-03 00:00:00','http://www.previews.cambridge-mt.com/DontLetGo_Preview.mp3','http://www.previews.cambridge-mt.com/DontLetGo_Preview.mp3','0','0',0,'Excerpt','cambridge-mt.com',1,1,'Acoustic / Jazz / Country / Orchestral',0,'Acoustic Singer-Songwriter','<i>Sweets For The Sweet</i> (Album Selection)',0),('James May','\'Don\'t Let Go\'',13,'2014-05-03 00:00:00','http://www.previews.cambridge-mt.com/DontLetGo_Full_Preview.mp3','http://www.previews.cambridge-mt.com/DontLetGo_Full_Preview.mp3','0','241',1,'Full','cambridge-mt.com',1,1,'Acoustic / Jazz / Country / Orchestral',0,'Acoustic Singer-Songwriter','<i>Sweets For The Sweet</i> (Album Selection)',0),('James May','\'Hold On You\'',9,'2015-08-23 00:00:00','http://www.previews.cambridge-mt.com/HoldOnYou_Preview.mp3','http://www.previews.cambridge-mt.com/HoldOnYou_Preview.mp3','0','0',0,'Excerpt','cambridge-mt.com',1,1,'Acoustic / Jazz / Country / Orchestral',0,'Acoustic Singer-Songwriter','',0),('James May','\'Hold On You\'',9,'2015-08-23 00:00:00','http://www.previews.cambridge-mt.com/HoldOnYou_Full_Preview.mp3','http://www.previews.cambridge-mt.com/HoldOnYou_Full_Preview.mp3','11848','321',1,'Full','cambridge-mt.com',1,1,'Acoustic / Jazz / Country / Orchestral',0,'Acoustic Singer-Songwriter','',0),('James May','\'If You Say\'',16,'2013-01-01 00:00:00','http://www.previews.cambridge-mt.com/IfYouSay_Preview.mp3','http://www.previews.cambridge-mt.com/IfYouSay_Preview.mp3','0','0',0,'Excerpt','cambridge-mt.com',1,1,'Acoustic / Jazz / Country / Orchestral',0,'Acoustic Singer-Songwriter','<i>A Thousand Shining Pieces</i> (Album Selection)',0),('James May','\'If You Say\'',16,'2013-01-01 00:00:00','http://www.previews.cambridge-mt.com/IfYouSay_Full_Preview.mp3','http://www.previews.cambridge-mt.com/IfYouSay_Full_Preview.mp3','55','17',1,'Full','cambridge-mt.com',1,1,'Acoustic / Jazz / Country / Orchestral',0,'Acoustic Singer-Songwriter','<i>A Thousand Shining Pieces</i> (Album Selection)',0),('James May','\'On The Line\'',14,'2013-01-01 00:00:00','http://www.previews.cambridge-mt.com/1210_PreviewLoud.mp3','http://www.previews.cambridge-mt.com/1210_PreviewLoud.mp3','0','0',0,'Excerpt','cambridge-mt.com',1,1,'Acoustic / Jazz / Country / Orchestral',0,'Acoustic Singer-Songwriter','<i>A Thousand Shining Pieces</i> (Album Selection)',0),('James May','\'On The Line\'',14,'2013-01-01 00:00:00','http://www.previews.cambridge-mt.com/1210_RemixLoud.mp3','http://www.previews.cambridge-mt.com/1210_RemixLoud.mp3','354','173',1,'Full','cambridge-mt.com',1,1,'Acoustic / Jazz / Country / Orchestral',0,'Acoustic Singer-Songwriter','<i>A Thousand Shining Pieces</i> (Album Selection)',0),('Jamie Walker','\'Love Can Be\'',7,'2013-01-01 00:00:00','http://www.previews.cambridge-mt.com/LoveCanBe_Full_Preview.mp3','http://www.previews.cambridge-mt.com/LoveCanBe_Full_Preview.mp3','0','19',1,'Full','methodsandapplicationslaboratory.com',1,0,'Acoustic / Jazz / Country / Orchestral',0,'Acoustic Country','',0),('Jay Menon','\'Through My Eyes\'',16,'2013-01-01 00:00:00','http://www.previews.cambridge-mt.com/1001_Preview.mp3','http://www.previews.cambridge-mt.com/1001_Preview.mp3','0','0',0,'Excerpt','cambridge-mt.com',1,1,'Pop / Singer-Songwriter',0,'Intimate Pop Ballad','',0),('Jay Menon','\'Through My Eyes\'',23,'2013-01-01 00:00:00','http://www.previews.cambridge-mt.com/1001_Remix.mp3','http://www.previews.cambridge-mt.com/1001_Remix.mp3','108','161',1,'Full','cambridge-mt.com',1,1,'Pop / Singer-Songwriter',0,'Intimate Pop Ballad','',0),('Jeffrey Hayat','\'Alex The Adventurer\'',35,'2013-01-01 00:00:00','http://www.previews.cambridge-mt.com/AlexTheAdventurer_Full_Preview.mp3','http://www.previews.cambridge-mt.com/AlexTheAdventurer_Full_Preview.mp3','56','20',1,'Full','cambridge-mt.com',1,1,'Acoustic / Jazz / Country / Orchestral',0,'Adventure Film Orchestral','',0),('Jesper Buhl Trio','\'What Is This Thing Called Love\'',6,'2013-01-01 00:00:00','http://www.previews.cambridge-mt.com/0804_Preview.mp3','http://www.previews.cambridge-mt.com/0804_Preview.mp3','0','0',0,'Excerpt','cambridge-mt.com',1,1,'Acoustic / Jazz / Country / Orchestral',0,'Acoustic Jazz','',0),('Jesper Buhl Trio','\'What Is This Thing Called Love\'',6,'2013-01-01 00:00:00','http://www.previews.cambridge-mt.com/0804_Remix.mp3','http://www.previews.cambridge-mt.com/0804_Remix.mp3','25','18',1,'Full','cambridge-mt.com',1,1,'Acoustic / Jazz / Country / Orchestral',0,'Acoustic Jazz','',0),('Jessica Childress','\'Slow Down\'',18,'2014-11-21 00:00:00','http://www.previews.cambridge-mt.com/SlowDown_Full_Preview.mp3','http://www.previews.cambridge-mt.com/SlowDown_Full_Preview.mp3','0','276',1,'Full','telefunken-elektroakustik.com',1,1,'Hip-Hop / R&amp;B',0,'Classic R&amp;B','',0),('John McKay','\'Daisy Daisy\'',11,'2013-01-01 00:00:00','http://www.previews.cambridge-mt.com/DaisyDaisy_Preview.mp3','http://www.previews.cambridge-mt.com/DaisyDaisy_Preview.mp3','0','0',0,'Excerpt','cambridge-mt.com',1,1,'Rock / Punk / Metal',0,'Punk Rock','',0),('John McKay','\'Daisy Daisy\'',12,'2013-01-01 00:00:00','http://www.previews.cambridge-mt.com/DaisyDaisy_Full_Preview.mp3','http://www.previews.cambridge-mt.com/DaisyDaisy_Full_Preview.mp3','0','100',1,'Full','cambridge-mt.com',1,1,'Rock / Punk / Metal',0,'Punk Rock','',0),('Johnny Lokke','\'Promises &amp; Lies\'',14,'2013-01-01 00:00:00','http://www.previews.cambridge-mt.com/1101_Preview.mp3','http://www.previews.cambridge-mt.com/1101_Preview.mp3','0','0',0,'Excerpt','cambridge-mt.com',1,1,'Rock / Punk / Metal',0,'Classic Heavy Rock','',0),('Johnny Lokke','\'Promises &amp; Lies\'',23,'2013-01-01 00:00:00','http://www.previews.cambridge-mt.com/1101_Remix.mp3','http://www.previews.cambridge-mt.com/1101_Remix.mp3','176','101',1,'Full','cambridge-mt.com',1,1,'Rock / Punk / Metal',0,'Classic Heavy Rock','',0),('Johnny Lokke','\'Whisper To A Scream\'',19,'2013-11-18 00:00:00','http://www.previews.cambridge-mt.com/WhisperToAScream_Preview.mp3','http://www.previews.cambridge-mt.com/WhisperToAScream_Preview.mp3','0','0',0,'Excerpt','cambridge-mt.com',1,1,'Rock / Punk / Metal',0,'Classic Heavy Rock','',0),('Johnny Lokke','\'Whisper To A Scream\'',24,'2013-11-18 00:00:00','http://www.previews.cambridge-mt.com/WhisperToAScream_Full_Preview.mp3','http://www.previews.cambridge-mt.com/WhisperToAScream_Full_Preview.mp3','0','227',1,'Full','cambridge-mt.com',1,1,'Rock / Punk / Metal',0,'Classic Heavy Rock','',0),('Jokers, Jacks &amp; Kings','\'Sea Of Leaves\'',22,'2013-01-01 00:00:00','http://www.previews.cambridge-mt.com/1204_Preview.mp3','http://www.previews.cambridge-mt.com/1204_Preview.mp3','0','0',0,'Excerpt','cambridge-mt.com',1,1,'Alt Rock / Blues / Country Rock / Indie / Funk / Reggae',0,'Uptempo Indie Rock','',0),('Jokers, Jacks &amp; Kings','\'Sea Of Leaves\'',33,'2013-01-01 00:00:00','http://www.previews.cambridge-mt.com/1204_Remix.mp3','http://www.previews.cambridge-mt.com/1204_Remix.mp3','26','81',1,'Full','cambridge-mt.com',1,1,'Alt Rock / Blues / Country Rock / Indie / Funk / Reggae',0,'Uptempo Indie Rock','',0),('Jonny Rodgers','\'Glorious\'',9,'2013-01-01 00:00:00','http://www.previews.cambridge-mt.com/Glorious_Full_Preview.mp3','http://www.previews.cambridge-mt.com/Glorious_Full_Preview.mp3','0','21',1,'Full','telefunken-elektroakustik.com',1,1,'Acoustic / Jazz / Country / Orchestral',0,'Leftfield Acoustic Singer-Songwriter','',0),('Jules King','\'Never Stop\'',29,'2015-06-21 00:00:00','http://www.previews.cambridge-mt.com/NeverStop_Preview.mp3','http://www.previews.cambridge-mt.com/NeverStop_Preview.mp3','0','0',0,'Excerpt','cambridge-mt.com',1,1,'Pop / Singer-Songwriter',0,'Singer-Songwriter','',0),('Jules King','\'Never Stop\'',41,'2015-06-21 00:00:00','http://www.previews.cambridge-mt.com/NeverStop_Full_Preview.mp3','http://www.previews.cambridge-mt.com/NeverStop_Full_Preview.mp3','0','316',1,'Full','cambridge-mt.com',1,1,'Pop / Singer-Songwriter',0,'Singer-Songwriter','',0),('Juliet\'s Rescue','\'Heartbeats\'',24,'2013-01-01 00:00:00','http://www.previews.cambridge-mt.com/Heartbeats_Preview.mp3','http://www.previews.cambridge-mt.com/Heartbeats_Preview.mp3','0','0',0,'Excerpt','cambridge-mt.com',1,1,'Electronica / Dance / Experimental',0,'Club Rock','',0),('Juliet\'s Rescue','\'Heartbeats\'',45,'2013-02-03 00:00:00','http://www.previews.cambridge-mt.com/Heartbeats_Full_Preview.mp3','http://www.previews.cambridge-mt.com/Heartbeats_Full_Preview.mp3','0','189',1,'Full','cambridge-mt.com',1,1,'Electronica / Dance / Experimental',0,'Club Rock','',0),('Justin Myles','\'Alone With You\'',13,'2016-02-22 00:00:00','http://www.previews.cambridge-mt.com/AloneWithYou_Preview.mp3','http://www.previews.cambridge-mt.com/AloneWithYou_Preview.mp3','0','0',0,'Excerpt','cambridge-mt.com',1,1,'Hip-Hop / R&amp;B',0,'Smooth R&amp;B','',0),('Justin Myles','\'Alone With You\'',15,'2016-02-22 00:00:00','http://www.previews.cambridge-mt.com/AloneWithYou_Full_Preview.mp3','http://www.previews.cambridge-mt.com/AloneWithYou_Full_Preview.mp3','14626','337',1,'Full','cambridge-mt.com',1,1,'Hip-Hop / R&amp;B',0,'Smooth R&amp;B','',0),('Kevin Reeves','\'Afraid &amp; Alone\'',25,'2013-01-01 00:00:00','http://www.previews.cambridge-mt.com/AfraidAndAlone_Full_Preview.mp3','http://www.previews.cambridge-mt.com/AfraidAndAlone_Full_Preview.mp3','0','47',1,'Full','kevinreeves.net',1,0,'Pop / Singer-Songwriter',0,'Pop/Rock Singer-Songwriter','<i>It\'s About Time</i> (Album Selection)',0),('Kevin Reeves','\'In Love With You\'',21,'2013-01-01 00:00:00','http://www.previews.cambridge-mt.com/InLoveWithYou_Full_Preview.mp3','http://www.previews.cambridge-mt.com/InLoveWithYou_Full_Preview.mp3','0','48',1,'Full','kevinreeves.net',1,0,'Pop / Singer-Songwriter',0,'Pop/Rock Singer-Songwriter','<i>It\'s About Time</i> (Album Selection)',0),('Kevin Reeves','\'It\'s About Time\'',19,'2013-01-01 00:00:00','http://www.previews.cambridge-mt.com/ItsAboutTime_Full_Preview.mp3','http://www.previews.cambridge-mt.com/ItsAboutTime_Full_Preview.mp3','0','49',1,'Full','kevinreeves.net',1,0,'Pop / Singer-Songwriter',0,'Pop/Rock Singer-Songwriter','<i>It\'s About Time</i> (Album Selection)',0),('Kevin Reeves','\'Mother\'',15,'2013-01-01 00:00:00','http://www.previews.cambridge-mt.com/Mother_Full_Preview.mp3','http://www.previews.cambridge-mt.com/Mother_Full_Preview.mp3','0','50',1,'Full','kevinreeves.net',1,0,'Pop / Singer-Songwriter',0,'Pop/Rock Singer-Songwriter','<i>It\'s About Time</i> (Album Selection)',0),('Kevin Reeves','\'Said &amp; Done\'',17,'2013-01-01 00:00:00','http://www.previews.cambridge-mt.com/SaidAndDone_Full_Preview.mp3','http://www.previews.cambridge-mt.com/SaidAndDone_Full_Preview.mp3','0','51',1,'Full','kevinreeves.net',1,0,'Pop / Singer-Songwriter',0,'Pop/Rock Singer-Songwriter','<i>It\'s About Time</i> (Album Selection)',0),('Kevin Reeves','\'The Game\'',23,'2013-01-01 00:00:00','http://www.previews.cambridge-mt.com/TheGame_Full_Preview.mp3','http://www.previews.cambridge-mt.com/TheGame_Full_Preview.mp3','64','52',1,'Full','kevinreeves.net',1,0,'Pop / Singer-Songwriter',0,'Pop/Rock Singer-Songwriter','<i>It\'s About Time</i> (Album Selection)',0),('Kevin Reeves','\'Throw Me A Line\'',20,'2013-01-01 00:00:00','http://www.previews.cambridge-mt.com/ThrowMeALine_Full_Preview.mp3','http://www.previews.cambridge-mt.com/ThrowMeALine_Full_Preview.mp3','36','53',1,'Full','kevinreeves.net',1,0,'Pop / Singer-Songwriter',0,'Pop/Rock Singer-Songwriter','<i>It\'s About Time</i> (Album Selection)',0),('Kevin Reeves','\'Wasted\'',27,'2013-01-01 00:00:00','http://www.previews.cambridge-mt.com/Wasted_Full_Preview.mp3','http://www.previews.cambridge-mt.com/Wasted_Full_Preview.mp3','87','54',1,'Full','kevinreeves.net',1,0,'Pop / Singer-Songwriter',0,'Pop/Rock Singer-Songwriter','<i>It\'s About Time</i> (Album Selection)',0),('Keystone Angel','\'Afterglow\'',27,'2015-02-18 00:00:00','http://www.previews.cambridge-mt.com/Afterglow_Preview.mp3','http://www.previews.cambridge-mt.com/Afterglow_Preview.mp3','0','0',0,'Excerpt','cambridge-mt.com',1,1,'Pop / Singer-Songwriter',0,'Atmospheric Singer-Songwriter','',0),('Keystone Angel','\'Afterglow\'',31,'2015-02-18 00:00:00','http://www.previews.cambridge-mt.com/Afterglow_Full_Preview.mp3','http://www.previews.cambridge-mt.com/Afterglow_Full_Preview.mp3','0','296',1,'Full','cambridge-mt.com',1,1,'Pop / Singer-Songwriter',0,'Atmospheric Singer-Songwriter','',0),('King\'s College London Baroque Orchestra','\'Telemann\'s \'La Lyra\' Overture\'',9,'2015-10-21 00:00:00','http://www.previews.cambridge-mt.com/TelemannLaLyraOverture_Full_Preview.mp3','http://www.previews.cambridge-mt.com/TelemannLaLyraOverture_Full_Preview.mp3','0','328',1,'Full','cambridge-mt.com',1,1,'Acoustic / Jazz / Country / Orchestral',0,'Baroque Orchestral','',0),('Lead Inc','\'The Dice\'',19,'2016-03-18 00:00:00','http://www.previews.cambridge-mt.com/TheDice_Preview.mp3','http://www.previews.cambridge-mt.com/TheDice_Preview.mp3','0','0',0,'Excerpt','cambridge-mt.com',1,1,'Rock / Punk / Metal',0,'Progressive Stoner Rock','',0),('Lead Inc','\'The Dice\'',26,'2016-03-18 00:00:00','http://www.previews.cambridge-mt.com/TheDice_Full_Preview.mp3','http://www.previews.cambridge-mt.com/TheDice_Full_Preview.mp3','14383','339',1,'Full','cambridge-mt.com',1,1,'Rock / Punk / Metal',0,'Progressive Stoner Rock','',0),('Lead Inc','\'The Inner Circle\'',42,'2016-08-21 00:00:00','http://www.previews.cambridge-mt.com/InnerCircle_Preview.mp3','http://www.previews.cambridge-mt.com/InnerCircle_Preview.mp3','0','0',0,'Excerpt','cambridge-mt.com',1,1,'Rock / Punk / Metal',0,'Progressive Stoner Rock','',0),('Lead Inc','\'The Inner Circle\'',47,'2016-08-21 00:00:00','http://www.previews.cambridge-mt.com/InnerCircle_Full_Preview.mp3','http://www.previews.cambridge-mt.com/InnerCircle_Full_Preview.mp3','0','350',1,'Full','cambridge-mt.com',1,1,'Rock / Punk / Metal',0,'Progressive Stoner Rock','',0),('Lead Inc','\'Way Of Life\'',16,'2016-05-18 00:00:00','http://www.previews.cambridge-mt.com/WayOfLife_Preview.mp3','http://www.previews.cambridge-mt.com/WayOfLife_Preview.mp3','0','0',0,'Excerpt','cambridge-mt.com',1,1,'Rock / Punk / Metal',0,'Progressive Stoner Rock','',0),('Lead Inc','\'Way Of Life\'',25,'2016-05-18 00:00:00','http://www.previews.cambridge-mt.com/WayOfLife_Full_Preview.mp3','http://www.previews.cambridge-mt.com/WayOfLife_Full_Preview.mp3','15237','344',1,'Full','cambridge-mt.com',1,1,'Rock / Punk / Metal',0,'Progressive Stoner Rock','',0),('Leaf','\'Come Around\'',13,'2013-01-01 00:00:00','http://www.previews.cambridge-mt.com/0702_Preview.mp3','http://www.previews.cambridge-mt.com/0702_Preview.mp3','0','0',0,'Excerpt','cambridge-mt.com',1,1,'Pop / Singer-Songwriter',0,'Atmospheric Indie Pop','',0),('Leaf','\'Come Around\'',27,'2013-01-01 00:00:00','http://www.previews.cambridge-mt.com/0702_Remix.mp3','http://www.previews.cambridge-mt.com/0702_Remix.mp3','19','55',1,'Full','cambridge-mt.com',1,1,'Pop / Singer-Songwriter',0,'Atmospheric Indie Pop','',0),('Leaf','\'Summerghost\'',14,'2013-12-22 00:00:00','http://www.previews.cambridge-mt.com/Summerghost_Preview.mp3','http://www.previews.cambridge-mt.com/Summerghost_Preview.mp3','0','0',0,'Excerpt','cambridge-mt.com',1,1,'Pop / Singer-Songwriter',0,'Atmospheric Indie Pop','',0),('Leaf','\'Summerghost\'',28,'2013-12-22 00:00:00','http://www.previews.cambridge-mt.com/Summerghost_Full_Preview.mp3','http://www.previews.cambridge-mt.com/Summerghost_Full_Preview.mp3','0','232',1,'Full','cambridge-mt.com',1,1,'Pop / Singer-Songwriter',0,'Atmospheric Indie Pop','',0),('Leaf','\'Wicked\'',14,'2014-05-02 00:00:00','http://www.previews.cambridge-mt.com/Wicked_Preview.mp3','http://www.previews.cambridge-mt.com/Wicked_Preview.mp3','0','0',0,'Excerpt','cambridge-mt.com',1,1,'Pop / Singer-Songwriter',0,'Atmospheric Indie Pop','',0),('Leaf','\'Wicked\'',26,'2014-05-02 00:00:00','http://www.previews.cambridge-mt.com/Wicked_Full_Preview.mp3','http://www.previews.cambridge-mt.com/Wicked_Full_Preview.mp3','0','243',1,'Full','cambridge-mt.com',1,1,'Pop / Singer-Songwriter',0,'Atmospheric Indie Pop','',0),('Leftover Salmon','\'River\'s Risin\'',16,'2015-03-21 00:00:00','http://www.previews.cambridge-mt.com/RiversRisin_Full_Preview.mp3','http://www.previews.cambridge-mt.com/RiversRisin_Full_Preview.mp3','0','303',1,'Full','telefunken-elektroakustik.com',2,1,'Alt Rock / Blues / Country Rock / Indie / Funk / Reggae',0,'Live Bluegrass Rock','',0),('Lindy Hip Big Band','\'The Opener\'',19,'2015-08-22 00:00:00','http://www.previews.cambridge-mt.com/TheOpener_Preview.mp3','http://www.previews.cambridge-mt.com/TheOpener_Preview.mp3','0','0',0,'Excerpt','cambridge-mt.com',1,1,'Acoustic / Jazz / Country / Orchestral',0,'Big Band Jazz','',0),('Lindy Hip Big Band','\'The Opener\'',19,'2015-08-22 00:00:00','http://www.previews.cambridge-mt.com/TheOpener_Full_Preview.mp3','http://www.previews.cambridge-mt.com/TheOpener_Full_Preview.mp3','0','322',1,'Full','cambridge-mt.com',1,1,'Acoustic / Jazz / Country / Orchestral',0,'Big Band Jazz','',0),('Little Chicago\'s Finest','\'My Own\'',18,'2013-08-17 00:00:00','http://www.previews.cambridge-mt.com/MyOwn_Preview.mp3','http://www.previews.cambridge-mt.com/MyOwn_Preview.mp3','0','0',0,'Excerpt','cambridge-mt.com',1,1,'Hip-Hop / R&amp;B',0,'Hip-Hop','',0),('Little Chicago\'s Finest','\'My Own\'',24,'2013-08-17 00:00:00','http://www.previews.cambridge-mt.com/MyOwn_Full_Preview.mp3','http://www.previews.cambridge-mt.com/MyOwn_Full_Preview.mp3','0','215',1,'Full','cambridge-mt.com',1,1,'Hip-Hop / R&amp;B',0,'Hip-Hop','',0),('Louis Cressy Band','\'Good Time\'',20,'2013-01-01 00:00:00','http://www.previews.cambridge-mt.com/GoodTime_Preview.mp3','http://www.previews.cambridge-mt.com/GoodTime_Preview.mp3','0','0',0,'Excerpt','cambridge-mt.com',1,1,'Rock / Punk / Metal',0,'Funk Rock','',0),('Louis Cressy Band','\'Good Time\'',21,'2013-01-01 00:00:00','http://www.previews.cambridge-mt.com/GoodTime_Full_Preview.mp3','http://www.previews.cambridge-mt.com/GoodTime_Full_Preview.mp3','58','102',1,'Full','cambridge-mt.com',1,1,'Rock / Punk / Metal',0,'Funk Rock','',0),('Lush Life','\'Toynbee Suite\'',60,'2013-11-18 00:00:00','http://www.previews.cambridge-mt.com/ToynbeeSuite_Full_Preview.mp3','http://www.previews.cambridge-mt.com/ToynbeeSuite_Full_Preview.mp3','0','229',1,'Full','shakingthrough.com',1,0,'Hip-Hop / R&amp;B',0,'Eclectic Hip-hop/Electronica','',0),('Lyndsey Ollard','\'Catching Up\'',49,'2013-12-21 00:00:00','http://www.previews.cambridge-mt.com/CatchingUp_Full_Preview.mp3','http://www.previews.cambridge-mt.com/CatchingUp_Full_Preview.mp3','0','231',1,'Full','cambridge-mt.com',1,1,'Pop / Singer-Songwriter',0,'MOR Singer-Songwriter','',0),('M.E.R.C. Music','\'Knockout\'',33,'2013-01-01 00:00:00','http://www.previews.cambridge-mt.com/Knockout_Preview.mp3','http://www.previews.cambridge-mt.com/Knockout_Preview.mp3','0','0',0,'Excerpt','cambridge-mt.com',1,1,'Hip-Hop / R&amp;B',0,'Mainstream Hip-Hop','',0),('M.E.R.C. Music','\'Knockout\'',53,'2013-01-01 00:00:00','http://www.previews.cambridge-mt.com/Knockout_Full_Preview.mp3','http://www.previews.cambridge-mt.com/Knockout_Full_Preview.mp3','102','141',1,'Full','cambridge-mt.com',1,1,'Hip-Hop / R&amp;B',1,'Mainstream Hip-Hop','',0),('Malenky Slovos','\'Matterplay\'',18,'2015-07-24 00:00:00','http://www.previews.cambridge-mt.com/Matterplay_Preview.mp3','http://www.previews.cambridge-mt.com/Matterplay_Preview.mp3','0','0',0,'Excerpt','cambridge-mt.com',1,1,'Alt Rock / Blues / Country Rock / Indie / Funk / Reggae',0,'Prog/Indie Rock','',0),('Malenky Slovos','\'Matterplay\'',34,'2015-07-24 00:00:00','http://www.previews.cambridge-mt.com/Matterplay_Full_Preview.mp3','http://www.previews.cambridge-mt.com/Matterplay_Full_Preview.mp3','0','320',1,'Full','cambridge-mt.com',1,1,'Alt Rock / Blues / Country Rock / Indie / Funk / Reggae',0,'Prog/Indie Rock','',0),('Man About A Dog','\'Maggie May\'',11,'2013-01-01 00:00:00','http://www.previews.cambridge-mt.com/MaggieMay_Preview.mp3','http://www.previews.cambridge-mt.com/MaggieMay_Preview.mp3','0','0',0,'Excerpt','cambridge-mt.com',1,1,'Alt Rock / Blues / Country Rock / Indie / Funk / Reggae',0,'Alt Country Rock','',0),('Man About A Dog','\'Maggie May\'',15,'2013-01-01 00:00:00','http://www.previews.cambridge-mt.com/MaggieMay_Full_Preview.mp3','http://www.previews.cambridge-mt.com/MaggieMay_Full_Preview.mp3','0','82',1,'Full','cambridge-mt.com',1,1,'Alt Rock / Blues / Country Rock / Indie / Funk / Reggae',0,'Alt Country Rock','',0),('Maurizio Pagnutti Sextet','\'All The Gin Is Gone\'',16,'2016-10-20 00:00:00','http://www.previews.cambridge-mt.com/AllTheGinIsGone_Preview.mp3','http://www.previews.cambridge-mt.com/AllTheGinIsGone_Preview.mp3','0','0',0,'Excerpt','cambridge-mt.com',1,1,'Acoustic / Jazz / Country / Orchestral',0,'Acoustic Jazz','',0),('Maurizio Pagnutti Sextet','\'All The Gin Is Gone\'',16,'2016-10-20 00:00:00','http://www.previews.cambridge-mt.com/AllTheGinIsGone_Full_Preview.mp3','http://www.previews.cambridge-mt.com/AllTheGinIsGone_Full_Preview.mp3','16649','357',1,'Full','cambridge-mt.com',1,1,'Acoustic / Jazz / Country / Orchestral',0,'Acoustic Jazz','',0),('Memnoir','\'The One\'',59,'2013-01-01 00:00:00','http://www.youtube.com/watch?v=Uvyb1QVokAw','http://www.previews.cambridge-mt.com/TheOne_Full_Preview.mp3','103','157',1,'Full','dl.dropboxusercontent.com',1,0,'Rock / Punk / Metal',0,'Modern Heavy Rock','',0),('MerryGold','\'Motherload\'',14,'2014-11-06 00:00:00','http://www.previews.cambridge-mt.com/Motherload_Full_Preview.mp3','http://www.previews.cambridge-mt.com/Motherload_Full_Preview.mp3','0','268',1,'Full','telefunken-elektroakustik.com',1,1,'Acoustic / Jazz / Country / Orchestral',0,'Modern Bluegrass/Country','',0),('Mike Skalandunas','\'Sun Drenched\'',19,'2013-01-01 00:00:00','http://www.previews.cambridge-mt.com/SunDrenched_Full_Preview.mp3','http://www.previews.cambridge-mt.com/SunDrenched_Full_Preview.mp3','0','22',1,'Full','cambridge-mt.com',1,1,'Acoustic / Jazz / Country / Orchestral',0,'Suspense/Thriller Film Orchestral','',0),('Moosmusic','\'Big Dummy Shake\'',14,'2013-01-01 00:00:00','http://www.previews.cambridge-mt.com/0903_Preview.mp3','http://www.previews.cambridge-mt.com/0903_Preview.mp3','0','0',0,'Excerpt','cambridge-mt.com',1,1,'Pop / Singer-Songwriter',0,'Indie Pop/Rock','',0),('Moosmusic','\'Big Dummy Shake\'',34,'2013-01-01 00:00:00','http://www.previews.cambridge-mt.com/0903_Remix.mp3','http://www.previews.cambridge-mt.com/0903_Remix.mp3','0','56',1,'Full','cambridge-mt.com',1,1,'Pop / Singer-Songwriter',0,'Indie Pop/Rock','',0),('Motor Tapes','\'Shore\'',22,'2013-10-01 00:00:00','http://www.previews.cambridge-mt.com/Shore_Preview.mp3','http://www.previews.cambridge-mt.com/Shore_Preview.mp3','0','0',0,'Excerpt','cambridge-mt.com',1,1,'Alt Rock / Blues / Country Rock / Indie / Funk / Reggae',0,'Indie Rock','',0),('Motor Tapes','\'Shore\'',43,'2013-10-01 00:00:00','http://www.previews.cambridge-mt.com/Shore_Full_Preview.mp3','http://www.previews.cambridge-mt.com/Shore_Full_Preview.mp3','0','219',1,'Full','cambridge-mt.com',1,1,'Alt Rock / Blues / Country Rock / Indie / Funk / Reggae',0,'Indie Rock','',0),('Nahum Strickland','\'Steampunk Siege\'',12,'2015-02-19 00:00:00','http://www.previews.cambridge-mt.com/SteampunkSiege_Preview.mp3','http://www.previews.cambridge-mt.com/SteampunkSiege_Preview.mp3','0','0',0,'Excerpt','cambridge-mt.com',1,1,'Electronica / Dance / Experimental',0,'Cinematic Soundtrack','',0),('Nahum Strickland','\'Steampunk Siege\'',21,'2015-02-19 00:00:00','http://www.previews.cambridge-mt.com/SteampunkSiege_Full_Preview.mp3','http://www.previews.cambridge-mt.com/SteampunkSiege_Full_Preview.mp3','0','297',1,'Full','cambridge-mt.com',1,1,'Electronica / Dance / Experimental',0,'Cinematic Soundtrack','',0),('Neon Hornet','\'Take It Off\'',11,'2015-10-15 00:00:00','http://www.previews.cambridge-mt.com/TakeItOff_Preview.mp3','http://www.previews.cambridge-mt.com/TakeItOff_Preview.mp3','0','0',0,'Excerpt','cambridge-mt.com',1,1,'Alt Rock / Blues / Country Rock / Indie / Funk / Reggae',0,'Grungey Blues Rock','',0),('Neon Hornet','\'Take It Off\'',15,'2015-10-15 00:00:00','http://www.previews.cambridge-mt.com/TakeItOff_Full_Preview.mp3','http://www.previews.cambridge-mt.com/TakeItOff_Full_Preview.mp3','0','329',1,'Full','cambridge-mt.com',1,1,'Alt Rock / Blues / Country Rock / Indie / Funk / Reggae',0,'Grungey Blues Rock','',0),('Nervbloc','\'Slapback\'',14,'2015-11-15 00:00:00','http://www.previews.cambridge-mt.com/Slapback_Preview.mp3','http://www.previews.cambridge-mt.com/Slapback_Preview.mp3','0','0',0,'Excerpt','cambridge-mt.com',1,1,'Electronica / Dance / Experimental',0,'Drum &amp; Bass','',0),('Nervbloc','\'Slapback\'',27,'2015-11-15 00:00:00','http://www.previews.cambridge-mt.com/Slapback_Full_Preview.mp3','http://www.previews.cambridge-mt.com/Slapback_Full_Preview.mp3','0','330',1,'Full','cambridge-mt.com',1,1,'Electronica / Dance / Experimental',0,'Drum &amp; Bass','',0),('Nerve 9','\'Pray For The Rain\'',35,'2015-02-05 00:00:00','http://www.previews.cambridge-mt.com/PrayForTheRain_Preview.mp3','http://www.previews.cambridge-mt.com/PrayForTheRain_Preview.mp3','0','0',0,'Excerpt','cambridge-mt.com',1,1,'Alt Rock / Blues / Country Rock / Indie / Funk / Reggae',0,'Alternative Rock Ballad','',0),('Nerve 9','\'Pray For The Rain\'',47,'2015-02-05 00:00:00','http://www.previews.cambridge-mt.com/PrayForTheRain_Full_Preview.mp3','http://www.previews.cambridge-mt.com/PrayForTheRain_Full_Preview.mp3','0','288',1,'Full','cambridge-mt.com',1,1,'Alt Rock / Blues / Country Rock / Indie / Funk / Reggae',0,'Alternative Rock Ballad','',0),('Nicki Bluhm &amp; The Gramblers','\'Go Go Go\'',19,'2015-09-21 00:00:00','http://www.previews.cambridge-mt.com/GoGoGo_Full_Preview.mp3','http://www.previews.cambridge-mt.com/GoGoGo_Full_Preview.mp3','0','325',1,'Full','telefunken-elektroakustik.com',1,1,'Acoustic / Jazz / Country / Orchestral',0,'Live Country Soul','',0),('Night Panther','\'Fire\'',59,'2013-03-20 00:00:00','http://www.previews.cambridge-mt.com/Fire_Full_Preview.mp3','http://www.previews.cambridge-mt.com/Fire_Full_Preview.mp3','0','201',1,'Full','shakingthrough.com',1,0,'Pop / Singer-Songwriter',0,'Alt Disco Pop','',0),('North To Alaska','\'All The Same\'',20,'2013-01-01 00:00:00','http://www.previews.cambridge-mt.com/0912_Preview.mp3','http://www.previews.cambridge-mt.com/0912_Preview.mp3','0','0',0,'Excerpt','cambridge-mt.com',1,1,'Rock / Punk / Metal',0,'Emo Rock','',0),('North To Alaska','\'All The Same\'',34,'2013-01-01 00:00:00','http://www.previews.cambridge-mt.com/0912_Remix.mp3','http://www.previews.cambridge-mt.com/0912_Remix.mp3','0','103',1,'Full','cambridge-mt.com',1,1,'Rock / Punk / Metal',0,'Emo Rock','',0),('Nova-One Studio','\'Four Graham\'',21,'2016-02-21 00:00:00','http://www.previews.cambridge-mt.com/FourGraham_Preview.mp3','http://www.previews.cambridge-mt.com/FourGraham_Preview.mp3','0','0',0,'Excerpt','cambridge-mt.com',1,1,'Rock / Punk / Metal',0,'Pop-Punk','',0),('Nova-One Studio','\'Four Graham\'',37,'2016-02-21 00:00:00','http://www.previews.cambridge-mt.com/FourGraham_Full_Preview.mp3','http://www.previews.cambridge-mt.com/FourGraham_Full_Preview.mp3','0','336',1,'Full','cambridge-mt.com',1,1,'Rock / Punk / Metal',0,'Pop-Punk','',0),('Out Of Tune','\'56 Seconds\'',16,'2013-01-01 00:00:00','http://bugi.oulu.fi/~lmanner/out_of_tune/dp/mp3/13-out_of_tune-56_seconds.mp3','http://bugi.oulu.fi/~lmanner/out_of_tune/dp/mp3/13-out_of_tune-56_seconds.mp3','0','124',1,'Full','oulu.fi',1,0,'Rock / Punk / Metal',0,'Hard Punk Rock','<i>Discontent Producers</i> (Full Album)',0),('Out Of Tune','\'Black Bloc Party\'',23,'2013-01-01 00:00:00','http://bugi.oulu.fi/~lmanner/out_of_tune/dp/mp3/10-out_of_tune-black_bloc_party.mp3','http://bugi.oulu.fi/~lmanner/out_of_tune/dp/mp3/10-out_of_tune-black_bloc_party.mp3','0','125',1,'Full','oulu.fi',1,0,'Rock / Punk / Metal',0,'Hard Punk Rock','<i>Discontent Producers</i> (Full Album)',0),('Out Of Tune','\'Call Of Duty\'',17,'2013-01-01 00:00:00','http://bugi.oulu.fi/~lmanner/out_of_tune/dp/mp3/09-out_of_tune-call_of_duty.mp3','http://bugi.oulu.fi/~lmanner/out_of_tune/dp/mp3/09-out_of_tune-call_of_duty.mp3','261','126',1,'Full','oulu.fi',1,0,'Rock / Punk / Metal',0,'Hard Punk Rock','<i>Discontent Producers</i> (Full Album)',0),('Out Of Tune','\'Copyleft Notice\'',16,'2013-01-01 00:00:00','http://bugi.oulu.fi/~lmanner/out_of_tune/dp/mp3/01-out_of_tune-copyleft_notice.mp3','http://bugi.oulu.fi/~lmanner/out_of_tune/dp/mp3/01-out_of_tune-copyleft_notice.mp3','0','127',1,'Full','oulu.fi',1,0,'Rock / Punk / Metal',0,'Hard Punk Rock','<i>Discontent Producers</i> (Full Album)',0),('Out Of Tune','\'Damaged Cybernetics\'',18,'2013-01-01 00:00:00','http://bugi.oulu.fi/~lmanner/out_of_tune/dp/mp3/15-out_of_tune-damaged_cybernetics.mp3','http://bugi.oulu.fi/~lmanner/out_of_tune/dp/mp3/15-out_of_tune-damaged_cybernetics.mp3','0','128',1,'Full','oulu.fi',1,0,'Rock / Punk / Metal',0,'Hard Punk Rock','<i>Discontent Producers</i> (Full Album)',0),('Out Of Tune','\'Deadline\'',18,'2013-01-01 00:00:00','http://bugi.oulu.fi/~lmanner/out_of_tune/dp/mp3/05-out_of_tune-deadline.mp3','http://bugi.oulu.fi/~lmanner/out_of_tune/dp/mp3/05-out_of_tune-deadline.mp3','0','129',1,'Full','oulu.fi',1,0,'Rock / Punk / Metal',0,'Hard Punk Rock','<i>Discontent Producers</i> (Full Album)',0),('Out Of Tune','\'Desperate Measures\'',16,'2013-01-01 00:00:00','http://bugi.oulu.fi/~lmanner/out_of_tune/dp/mp3/08-out_of_tune-desperate_measures.mp3','http://bugi.oulu.fi/~lmanner/out_of_tune/dp/mp3/08-out_of_tune-desperate_measures.mp3','0','130',1,'Full','oulu.fi',1,0,'Rock / Punk / Metal',0,'Hard Punk Rock','<i>Discontent Producers</i> (Full Album)',0),('Out Of Tune','\'Dissident\'s Anthem\'',16,'2013-01-01 00:00:00','http://bugi.oulu.fi/~lmanner/out_of_tune/dp/mp3/04-out_of_tune-dissidents_anthem.mp3','http://bugi.oulu.fi/~lmanner/out_of_tune/dp/mp3/04-out_of_tune-dissidents_anthem.mp3','0','131',1,'Full','oulu.fi',1,0,'Rock / Punk / Metal',0,'Hard Punk Rock','<i>Discontent Producers</i> (Full Album)',0),('Out Of Tune','\'Dreamgrinder\'',16,'2013-01-01 00:00:00','http://bugi.oulu.fi/~lmanner/out_of_tune/dp/mp3/14-out_of_tune-dreamgrinder.mp3','http://bugi.oulu.fi/~lmanner/out_of_tune/dp/mp3/14-out_of_tune-dreamgrinder.mp3','0','132',1,'Full','oulu.fi',1,0,'Rock / Punk / Metal',0,'Hard Punk Rock','<i>Discontent Producers</i> (Full Album)',0),('Out Of Tune','\'Eat Your Leaders\'',18,'2013-01-01 00:00:00','http://bugi.oulu.fi/~lmanner/out_of_tune/dp/mp3/12-out_of_tune-eat_your_leaders.mp3','http://bugi.oulu.fi/~lmanner/out_of_tune/dp/mp3/12-out_of_tune-eat_your_leaders.mp3','0','133',1,'Full','oulu.fi',1,0,'Rock / Punk / Metal',0,'Hard Punk Rock','<i>Discontent Producers</i> (Full Album)',0),('Out Of Tune','\'God Is A Coward\'',15,'2013-01-01 00:00:00','http://bugi.oulu.fi/~lmanner/out_of_tune/dp/mp3/11-out_of_tune-god_is_a_coward.mp3','http://bugi.oulu.fi/~lmanner/out_of_tune/dp/mp3/11-out_of_tune-god_is_a_coward.mp3','0','134',1,'Full','oulu.fi',1,0,'Rock / Punk / Metal',0,'Hard Punk Rock','<i>Discontent Producers</i> (Full Album)',0),('Out Of Tune','\'Lefthand Dialectics\'',18,'2013-01-01 00:00:00','http://bugi.oulu.fi/~lmanner/out_of_tune/dp/mp3/02-out_of_tune-left_hand_dialectics.mp3','http://bugi.oulu.fi/~lmanner/out_of_tune/dp/mp3/02-out_of_tune-left_hand_dialectics.mp3','0','135',1,'Full','oulu.fi',1,0,'Rock / Punk / Metal',0,'Hard Punk Rock','<i>Discontent Producers</i> (Full Album)',0),('Out Of Tune','\'Mimosa\'',20,'2013-01-01 00:00:00','http://bugi.oulu.fi/~lmanner/out_of_tune/dp/mp3/06-out_of_tune-mimosa.mp3','http://bugi.oulu.fi/~lmanner/out_of_tune/dp/mp3/06-out_of_tune-mimosa.mp3','0','136',1,'Full','oulu.fi',1,0,'Rock / Punk / Metal',0,'Hard Punk Rock','<i>Discontent Producers</i> (Full Album)',0),('Out Of Tune','\'Nothing\'',18,'2013-01-01 00:00:00','http://bugi.oulu.fi/~lmanner/out_of_tune/dp/mp3/07-out_of_tune-nothing.mp3','http://bugi.oulu.fi/~lmanner/out_of_tune/dp/mp3/07-out_of_tune-nothing.mp3','0','137',1,'Full','oulu.fi',1,0,'Rock / Punk / Metal',0,'Hard Punk Rock','<i>Discontent Producers</i> (Full Album)',0),('Out Of Tune','\'Technocracy\'',18,'2013-01-01 00:00:00','http://bugi.oulu.fi/~lmanner/out_of_tune/dp/mp3/03-out_of_tune-technocracy.mp3','http://bugi.oulu.fi/~lmanner/out_of_tune/dp/mp3/03-out_of_tune-technocracy.mp3','0','138',1,'Full','oulu.fi',1,0,'Rock / Punk / Metal',0,'Hard Punk Rock','<i>Discontent Producers</i> (Full Album)',0),('Pablo Martin','\'Progresivo 1, El Vuelo\'',36,'2015-02-03 00:00:00','http://www.previews.cambridge-mt.com/Progresivo1ElVuelo_Preview.mp3','http://www.previews.cambridge-mt.com/Progresivo1ElVuelo_Preview.mp3','0','0',0,'Excerpt','cambridge-mt.com',1,1,'Rock / Punk / Metal',0,'Instrumental Progressive Metal','',0),('Pablo Martin','\'Progresivo 1, El Vuelo\'',59,'2015-02-03 00:00:00','http://www.previews.cambridge-mt.com/Progresivo1ElVuelo_Full_Preview.mp3','http://www.previews.cambridge-mt.com/Progresivo1ElVuelo_Full_Preview.mp3','0','286',1,'Full','cambridge-mt.com',1,1,'Rock / Punk / Metal',0,'Instrumental Progressive Metal','',0),('Painted Skies','\'Piers\'',16,'2016-12-01 09:33:22','http://www.previews.cambridge-mt.com/Piers_Preview.mp3','http://www.previews.cambridge-mt.com/Piers_Preview.mp3','0','0',0,'Excerpt','cambridge-mt.com',1,1,'Rock / Punk / Metal',0,'Melodic Prog Metal','',0),('Painted Skies','\'Piers\'',16,'2016-12-01 09:29:21','http://www.previews.cambridge-mt.com/Piers_Full_Preview.mp3','http://www.previews.cambridge-mt.com/Piers_Full_Preview.mp3','0','369',1,'Full','cambridge-mt.com',1,1,'Rock / Punk / Metal',0,'Melodic Prog Metal','',0),('Patrick Talbot','\'A Reason To Leave\'',30,'2014-12-14 00:00:00','http://www.previews.cambridge-mt.com/AReasonToLeave_Preview.mp3','http://www.previews.cambridge-mt.com/AReasonToLeave_Preview.mp3','0','0',0,'Excerpt','cambridge-mt.com',1,1,'Acoustic / Jazz / Country / Orchestral',0,'Jazz/Singer-Songwriter','',0),('Patrick Talbot','\'A Reason To Leave\'',38,'2014-12-14 00:00:00','http://www.previews.cambridge-mt.com/AReasonToLeave_Full_Preview.mp3','http://www.previews.cambridge-mt.com/AReasonToLeave_Full_Preview.mp3','0','280',1,'Full','cambridge-mt.com',1,1,'Acoustic / Jazz / Country / Orchestral',0,'Jazz/Singer-Songwriter','',0),('Patrick Talbot','\'Blue\'',18,'2014-11-07 00:00:00','http://www.previews.cambridge-mt.com/Blue_Preview.mp3','http://www.previews.cambridge-mt.com/Blue_Preview.mp3','0','0',0,'Excerpt','cambridge-mt.com',1,1,'Acoustic / Jazz / Country / Orchestral',0,'Jazz/Singer-Songwriter','',0),('Patrick Talbot','\'Blue\'',23,'2014-11-07 00:00:00','http://www.previews.cambridge-mt.com/Blue_Full_Preview.mp3','http://www.previews.cambridge-mt.com/Blue_Full_Preview.mp3','0','270',1,'Full','cambridge-mt.com',1,1,'Acoustic / Jazz / Country / Orchestral',0,'Jazz/Singer-Songwriter','',0),('Patrick Talbot','\'Fool\'',15,'2015-02-12 00:00:00','http://www.previews.cambridge-mt.com/Fool_Preview.mp3','http://www.previews.cambridge-mt.com/Fool_Preview.mp3','0','0',0,'Excerpt','cambridge-mt.com',1,1,'Acoustic / Jazz / Country / Orchestral',0,'Jazz/Singer-Songwriter','',0),('Patrick Talbot','\'Fool\'',26,'2015-02-12 00:00:00','http://www.previews.cambridge-mt.com/Fool_Full_Preview.mp3','http://www.previews.cambridge-mt.com/Fool_Full_Preview.mp3','0','291',1,'Full','cambridge-mt.com',1,1,'Acoustic / Jazz / Country / Orchestral',0,'Jazz/Singer-Songwriter','',0),('Patrick Talbot','\'Set Me Free\'',16,'2015-02-01 00:00:00','http://www.previews.cambridge-mt.com/SetMeFree_Preview.mp3','http://www.previews.cambridge-mt.com/SetMeFree_Preview.mp3','0','0',0,'Excerpt','cambridge-mt.com',1,1,'Acoustic / Jazz / Country / Orchestral',0,'Jazz/Singer-Songwriter','',0),('Patrick Talbot','\'Set Me Free\'',23,'2015-02-01 00:00:00','http://www.previews.cambridge-mt.com/SetMeFree_Full_Preview.mp3','http://www.previews.cambridge-mt.com/SetMeFree_Full_Preview.mp3','0','284',1,'Full','cambridge-mt.com',1,1,'Acoustic / Jazz / Country / Orchestral',0,'Jazz/Singer-Songwriter','',0),('Patrick Talbot','\'Upper Hand\'',29,'2016-01-21 00:00:00','http://www.previews.cambridge-mt.com/UpperHand_Preview.mp3','http://www.previews.cambridge-mt.com/UpperHand_Preview.mp3','0','0',0,'Excerpt','cambridge-mt.com',1,1,'Acoustic / Jazz / Country / Orchestral',0,'Jazz/Singer-Songwriter','',0),('Patrick Talbot','\'Upper Hand\'',31,'2016-01-21 00:00:00','http://www.previews.cambridge-mt.com/UpperHand_Full_Preview.mp3','http://www.previews.cambridge-mt.com/UpperHand_Full_Preview.mp3','0','333',1,'Full','cambridge-mt.com',1,1,'Acoustic / Jazz / Country / Orchestral',0,'Jazz/Singer-Songwriter','',0),('Perpetual Escape','\'Roots Of Mankind\'',38,'2016-12-01 09:42:14','http://www.previews.cambridge-mt.com/RootsOfMankind_Preview.mp3','http://www.previews.cambridge-mt.com/RootsOfMankind_Preview.mp3','0','0',0,'Excerpt','cambridge-mt.com',1,1,'Rock / Punk / Metal',0,'Progressive Heavy Rock','',0),('Perpetual Escape','\'Roots Of Mankind\'',66,'2016-12-01 09:39:28','http://www.previews.cambridge-mt.com/RootsOfMankind_Full_Preview.mp3','http://www.previews.cambridge-mt.com/RootsOfMankind_Full_Preview.mp3','18878','370',1,'Full','cambridge-mt.com',1,1,'Rock / Punk / Metal',0,'Progressive Heavy Rock','',0),('Peter White','\'The Blues Is A Lady\'',21,'2015-02-17 00:00:00','http://www.previews.cambridge-mt.com/TheBluesIsALady_Preview.mp3','http://www.previews.cambridge-mt.com/TheBluesIsALady_Preview.mp3','0','0',0,'Excerpt','cambridge-mt.com',1,1,'Alt Rock / Blues / Country Rock / Indie / Funk / Reggae',0,'Blues','',0),('Peter White','\'The Blues Is A Lady\'',24,'2015-02-17 00:00:00','http://www.previews.cambridge-mt.com/TheBluesIsALady_Full_Preview.mp3','http://www.previews.cambridge-mt.com/TheBluesIsALady_Full_Preview.mp3','0','299',1,'Full','cambridge-mt.com',1,1,'Alt Rock / Blues / Country Rock / Indie / Funk / Reggae',0,'Blues','',0),('Phre The Eon','\'Everybody\'s Falling Apart\'',22,'2013-01-01 00:00:00','http://www.previews.cambridge-mt.com/1008_Preview.mp3','http://www.previews.cambridge-mt.com/1008_Preview.mp3','0','0',0,'Excerpt','cambridge-mt.com',1,1,'Alt Rock / Blues / Country Rock / Indie / Funk / Reggae',0,'Indie Funk/Rock','',0),('Phre The Eon','\'Everybody\'s Falling Apart\'',25,'2013-01-01 00:00:00','http://www.previews.cambridge-mt.com/1008_Remix.mp3','http://www.previews.cambridge-mt.com/1008_Remix.mp3','81','83',1,'Full','cambridge-mt.com',1,1,'Alt Rock / Blues / Country Rock / Indie / Funk / Reggae',0,'Indie Funk/Rock','',0),('Port St Willow','\'Stay Even\'',41,'2013-01-01 00:00:00','http://soundcloud.com/wvmusic/stay-even-by-port-st-willow','http://www.previews.cambridge-mt.com/StayEven_Full_Preview.mp3','0','84',1,'Full','shakingthrough.com',1,0,'Alt Rock / Blues / Country Rock / Indie / Funk / Reggae',0,'Ambient Alt Rock','',0),('Primakova','\'The Glass\'',21,'2016-03-16 00:00:00','http://www.previews.cambridge-mt.com/TheGlass_Preview.mp3','http://www.previews.cambridge-mt.com/TheGlass_Preview.mp3','0','0',0,'Excerpt','cambridge-mt.com',1,1,'Acoustic / Jazz / Country / Orchestral',0,'Folk Rock','',0),('Primakova','\'The Glass\'',24,'2016-03-16 00:00:00','http://www.previews.cambridge-mt.com/TheGlass_Full_Preview.mp3','http://www.previews.cambridge-mt.com/TheGlass_Full_Preview.mp3','0','338',1,'Full','cambridge-mt.com',1,1,'Acoustic / Jazz / Country / Orchestral',0,'Folk Rock','',0),('Punkdisco','\'Oral Hygiene\'',19,'2013-01-01 00:00:00','http://www.previews.cambridge-mt.com/0907_Preview.mp3','http://www.previews.cambridge-mt.com/0907_Preview.mp3','0','0',0,'Excerpt','cambridge-mt.com',1,1,'Electronica / Dance / Experimental',0,'Punk Electronica','',0),('Punkdisco','\'Oral Hygiene\'',30,'2013-01-01 00:00:00','http://www.previews.cambridge-mt.com/0907_Remix.mp3','http://www.previews.cambridge-mt.com/0907_Remix.mp3','0','42',1,'Full','cambridge-mt.com',1,1,'Electronica / Dance / Experimental',0,'Punk Electronica','',0),('Purling Hiss','\'Lolita\'',25,'2013-01-01 00:00:00','http://www.previews.cambridge-mt.com/Lolita_Full_Preview.mp3','http://www.previews.cambridge-mt.com/Lolita_Full_Preview.mp3','105','156',1,'Full','shakingthrough.com',1,0,'Rock / Punk / Metal',0,'Rock','',0),('Qupe','\'Ayni Nehirde\'',19,'2016-09-15 00:00:00','http://www.previews.cambridge-mt.com/AyniNehirde_Preview.mp3','http://www.previews.cambridge-mt.com/AyniNehirde_Preview.mp3','0','0',0,'Excerpt','cambridge-mt.com',1,1,'Alt Rock / Blues / Country Rock / Indie / Funk / Reggae',0,'Turkish Alt Rock','',0),('Qupe','\'Ayni Nehirde\'',28,'2016-09-15 00:00:00','http://www.previews.cambridge-mt.com/AyniNehirde_Full_Preview.mp3','http://www.previews.cambridge-mt.com/AyniNehirde_Full_Preview.mp3','0','352',1,'Full','cambridge-mt.com',1,1,'Alt Rock / Blues / Country Rock / Indie / Funk / Reggae',0,'Turkish Alt Rock','',0),('Raft Monk','\'Tiring\'',29,'2015-02-04 00:00:00','http://www.previews.cambridge-mt.com/Tiring_Preview.mp3','http://www.previews.cambridge-mt.com/Tiring_Preview.mp3','0','0',0,'Excerpt','cambridge-mt.com',1,1,'Pop / Singer-Songwriter',0,'Electronic Rock/Pop','',0),('Raft Monk','\'Tiring\'',36,'2015-02-04 00:00:00','http://www.previews.cambridge-mt.com/Tiring_Full_Preview.mp3','http://www.previews.cambridge-mt.com/Tiring_Full_Preview.mp3','0','287',1,'Full','cambridge-mt.com',1,1,'Pop / Singer-Songwriter',0,'Electronic Rock/Pop','',0),('Remember December','\'C U Next Time\'',27,'2013-01-01 00:00:00','http://www.previews.cambridge-mt.com/CUNextTime_Preview.mp3','http://www.previews.cambridge-mt.com/CUNextTime_Preview.mp3','0','0',0,'Excerpt','cambridge-mt.com',1,1,'Pop / Singer-Songwriter',0,'Alt Pop/Rock','',0),('Remember December','\'C U Next Time\'',30,'2013-02-01 00:00:00','http://www.previews.cambridge-mt.com/CUNextTime_Full_Preview.mp3','http://www.previews.cambridge-mt.com/CUNextTime_Full_Preview.mp3','0','188',1,'Full','cambridge-mt.com',1,1,'Pop / Singer-Songwriter',0,'Alt Pop/Rock','',0),('Rocha','\'Love &amp; Circumstance\'',20,'2013-01-01 00:00:00','http://www.previews.cambridge-mt.com/LoveAndCircumstance_Preview.mp3','http://www.previews.cambridge-mt.com/LoveAndCircumstance_Preview.mp3','0','43',1,'Excerpt','cambridge-mt.com',1,0,'Electronica / Dance / Experimental',0,'Euphoric Chill-Out','',0),('Rod Alexander','\'Tears In The Rain\'',10,'2014-07-20 00:00:00','http://www.previews.cambridge-mt.com/TearsInTheRain_Preview.mp3','http://www.previews.cambridge-mt.com/TearsInTheRain_Preview.mp3','0','0',0,'Excerpt','cambridge-mt.com',1,1,'Acoustic / Jazz / Country / Orchestral',0,'Guitar Instrumental','',0),('Rod Alexander','\'Tears In The Rain\'',14,'2014-07-20 00:00:00','http://www.previews.cambridge-mt.com/TearsInTheRain_Full_Preview.mp3','http://www.previews.cambridge-mt.com/TearsInTheRain_Full_Preview.mp3','0','254',1,'Full','cambridge-mt.com',1,1,'Acoustic / Jazz / Country / Orchestral',0,'Guitar Instrumental','',0),('Rounders','\'It\'s Only A Paper Moon\', \'I Wanna Be Around\' &amp; \'By The Bend Of The River\'',4,'2013-01-01 00:00:00','http://www.previews.cambridge-mt.com/RoundersMedley_Full_Preview.mp3','http://www.previews.cambridge-mt.com/RoundersMedley_Full_Preview.mp3','0','23',1,'Full','telefunken-elektroakustik.com',1,1,'Acoustic / Jazz / Country / Orchestral',0,'Four-Part Barbershop Medley','',0),('Rovers Ahead','\'It\'s In These Times\'',39,'2016-04-23 00:00:00','http://www.previews.cambridge-mt.com/ItsInTheseTimes_Preview.mp3','http://www.previews.cambridge-mt.com/ItsInTheseTimes_Preview.mp3','0','0',0,'Excerpt','cambridge-mt.com',1,1,'Acoustic / Jazz / Country / Orchestral',0,'Celtic Folk Punk','',0),('Rovers Ahead','\'It\'s In These Times\'',41,'2016-04-23 00:00:00','http://www.previews.cambridge-mt.com/ItsInTheseTimes_Full_Preview.mp3','http://www.previews.cambridge-mt.com/ItsInTheseTimes_Full_Preview.mp3','14835','342',1,'Full','cambridge-mt.com',1,1,'Acoustic / Jazz / Country / Orchestral',0,'Celtic Folk Punk','',0),('Sambasevam Shanmugam','\'Kaathaadi\'',16,'2013-01-01 00:00:00','http://www.previews.cambridge-mt.com/1202_Preview.mp3','http://www.previews.cambridge-mt.com/1202_Preview.mp3','0','0',0,'Excerpt','cambridge-mt.com',1,1,'Pop / Singer-Songwriter',0,'Bollywood','',0),('Sambasevam Shanmugam','\'Kaathaadi\'',39,'2013-01-01 00:00:00','http://www.previews.cambridge-mt.com/1202_Remix.mp3','http://www.previews.cambridge-mt.com/1202_Remix.mp3','89','57',1,'Full','cambridge-mt.com',1,1,'Pop / Singer-Songwriter',0,'Bollywood','',0),('Santi Vega','\'Ying Yang\'',1,'2013-01-01 00:00:00','http://www.previews.cambridge-mt.com/1207_Remix.mp3','http://www.previews.cambridge-mt.com/1207_Remix.mp3','112','159',1,'Full','cambridge-mt.com',1,1,'Acoustic / Jazz / Country / Orchestral',0,'Intricate Solo Acoustic Guitar','',0),('Secret Mountains','\'High Horse\'',33,'2013-01-01 00:00:00','http://www.previews.cambridge-mt.com/HighHorse_Full_Preview.mp3','http://www.previews.cambridge-mt.com/HighHorse_Full_Preview.mp3','351','170',1,'Full','shakingthrough.com',1,0,'Alt Rock / Blues / Country Rock / Indie / Funk / Reggae',0,'Shoe-Gazing Indie Pop','',0),('Secretariat','\'Borderline\'',9,'2014-04-21 00:00:00','http://www.previews.cambridge-mt.com/Borderline_Preview.mp3','http://www.previews.cambridge-mt.com/Borderline_Preview.mp3','0','0',0,'Excerpt','cambridge-mt.com',1,1,'Alt Rock / Blues / Country Rock / Indie / Funk / Reggae',0,'Americana','',0),('Secretariat','\'Borderline\'',12,'2014-04-21 00:00:00','http://www.previews.cambridge-mt.com/Borderline_Full_Preview.mp3','http://www.previews.cambridge-mt.com/Borderline_Full_Preview.mp3','0','251',1,'Full','cambridge-mt.com',1,1,'Alt Rock / Blues / Country Rock / Indie / Funk / Reggae',0,'Americana','',0),('Secretariat','\'Homebound\'',2,'2015-02-11 00:00:00','http://www.previews.cambridge-mt.com/Homebound_Preview.mp3','http://www.previews.cambridge-mt.com/Homebound_Preview.mp3','0','0',0,'Excerpt','cambridge-mt.com',1,1,'Alt Rock / Blues / Country Rock / Indie / Funk / Reggae',0,'Americana','',0),('Secretariat','\'Homebound\'',2,'2015-02-11 00:00:00','http://www.previews.cambridge-mt.com/Homebound_Full_Preview.mp3','http://www.previews.cambridge-mt.com/Homebound_Full_Preview.mp3','0','290',1,'Full','cambridge-mt.com',1,1,'Alt Rock / Blues / Country Rock / Indie / Funk / Reggae',0,'Americana','',0),('Secretariat','\'Over The Top\'',10,'2014-01-30 00:00:00','http://www.previews.cambridge-mt.com/OverTheTop_Preview.mp3','http://www.previews.cambridge-mt.com/OverTheTop_Preview.mp3','0','0',0,'Excerpt','cambridge-mt.com',1,1,'Alt Rock / Blues / Country Rock / Indie / Funk / Reggae',0,'Americana','',0),('Secretariat','\'Over The Top\'',11,'2014-01-30 00:00:00','http://www.previews.cambridge-mt.com/OverTheTop_Full_Preview.mp3','http://www.previews.cambridge-mt.com/OverTheTop_Full_Preview.mp3','0','236',1,'Full','cambridge-mt.com',1,1,'Alt Rock / Blues / Country Rock / Indie / Funk / Reggae',0,'Americana','',0),('Selwyn Jazz','Bill Ashton\'s \'Much Too Much\'',15,'2013-01-01 00:00:00','http://www.previews.cambridge-mt.com/MuchTooMuch_Preview.mp3','http://www.previews.cambridge-mt.com/MuchTooMuch_Preview.mp3','0','0',0,'Excerpt','cambridge-mt.com',1,1,'Acoustic / Jazz / Country / Orchestral',0,'Big-Band Jazz','',0),('Selwyn Jazz','Bill Ashton\'s \'Much Too Much\'',15,'2013-01-01 00:00:00','http://www.previews.cambridge-mt.com/MuchTooMuch_Full_Preview.mp3','http://www.previews.cambridge-mt.com/MuchTooMuch_Full_Preview.mp3','570','179',1,'Full','cambridge-mt.com',1,1,'Acoustic / Jazz / Country / Orchestral',0,'Big-Band Jazz','',0),('Side Effects Project','\'Sing With Me\'',43,'2013-01-01 00:00:00','http://www.previews.cambridge-mt.com/1002_Preview.mp3','http://www.previews.cambridge-mt.com/1002_Preview.mp3','0','0',0,'Excerpt','cambridge-mt.com',1,1,'Hip-Hop / R&amp;B',1,'West-Coast Hip-Hop','',0),('Side Effects Project','\'Sing With Me\'',46,'2013-01-01 00:00:00','http://www.previews.cambridge-mt.com/1002_Remix.mp3','http://www.previews.cambridge-mt.com/1002_Remix.mp3','0','142',1,'Full','cambridge-mt.com',1,1,'Hip-Hop / R&amp;B',1,'West-Coast Hip-Hop','',0),('Signe Jakobsen','\'What Have You Done To Me\'',34,'2013-01-01 00:00:00','http://www.previews.cambridge-mt.com/1107_Preview.mp3','http://www.previews.cambridge-mt.com/1107_Preview.mp3','0','0',0,'Excerpt','cambridge-mt.com',1,1,'Pop / Singer-Songwriter',0,'Rock Singer-Songwriter','',0),('Signe Jakobsen','\'What Have You Done To Me\'',35,'2013-01-01 00:00:00','http://www.previews.cambridge-mt.com/1107_Remix.mp3','http://www.previews.cambridge-mt.com/1107_Remix.mp3','86','58',1,'Full','cambridge-mt.com',1,1,'Pop / Singer-Songwriter',0,'Rock Singer-Songwriter','',0),('Simon Lyn','\'Copper\'',24,'2013-12-20 00:00:00','http://www.previews.cambridge-mt.com/Copper_Preview.mp3','http://www.previews.cambridge-mt.com/Copper_Preview.mp3','0','0',0,'Excerpt','cambridge-mt.com',1,1,'Acoustic / Jazz / Country / Orchestral',0,'Atmospheric String Textures','',0),('Simon Lyn','\'Copper\'',26,'2013-12-20 00:00:00','http://www.previews.cambridge-mt.com/Copper_Full_Preview.mp3','http://www.previews.cambridge-mt.com/Copper_Full_Preview.mp3','0','233',1,'Full','cambridge-mt.com',1,1,'Acoustic / Jazz / Country / Orchestral',0,'Atmospheric String Textures','',0),('Skelpolu','\'Anomalous Weeping\'',11,'2015-03-25 00:00:00','http://www.previews.cambridge-mt.com/AnomalousWeeping_Preview.mp3','http://www.previews.cambridge-mt.com/AnomalousWeeping_Preview.mp3','0','0',0,'Excerpt','cambridge-mt.com',1,1,'Electronica / Dance / Experimental',0,'Drum &amp; Bass','',0),('Skelpolu','\'Anomalous Weeping\'',12,'2015-03-25 00:00:00','http://www.previews.cambridge-mt.com/AnomalousWeeping_Full_Preview.mp3','http://www.previews.cambridge-mt.com/AnomalousWeeping_Full_Preview.mp3','0','306',1,'Full','cambridge-mt.com',1,1,'Electronica / Dance / Experimental',0,'Drum &amp; Bass','',0),('Skelpolu','\'Cold Strive\'',13,'2015-02-14 00:00:00','http://www.previews.cambridge-mt.com/ColdStrive_Preview.mp3','http://www.previews.cambridge-mt.com/ColdStrive_Preview.mp3','0','0',0,'Excerpt','cambridge-mt.com',1,1,'Electronica / Dance / Experimental',0,'Drum &amp; Bass','',0),('Skelpolu','\'Cold Strive\'',15,'2015-02-14 00:00:00','http://www.previews.cambridge-mt.com/ColdStrive_Full_Preview.mp3','http://www.previews.cambridge-mt.com/ColdStrive_Full_Preview.mp3','0','293',1,'Full','cambridge-mt.com',1,1,'Electronica / Dance / Experimental',0,'Drum &amp; Bass','',0),('Skelpolu','\'Entwine\'',13,'2015-04-28 00:00:00','http://www.previews.cambridge-mt.com/Entwine_Preview.mp3','http://www.previews.cambridge-mt.com/Entwine_Preview.mp3','0','0',0,'Excerpt','cambridge-mt.com',1,1,'Electronica / Dance / Experimental',0,'Drum &amp; Bass','',0),('Skelpolu','\'Entwine\'',13,'2015-04-28 00:00:00','http://www.previews.cambridge-mt.com/Entwine_Full_Preview.mp3','http://www.previews.cambridge-mt.com/Entwine_Full_Preview.mp3','0','309',1,'Full','cambridge-mt.com',1,1,'Electronica / Dance / Experimental',0,'Drum &amp; Bass','',0),('Skelpolu','\'Human Mistakes\'',14,'2014-02-22 00:00:00','http://www.previews.cambridge-mt.com/HumanMistakes_Preview.mp3','http://www.previews.cambridge-mt.com/HumanMistakes_Preview.mp3','0','0',0,'Excerpt','cambridge-mt.com',1,1,'Electronica / Dance / Experimental',0,'Drum &amp; Bass','',0),('Skelpolu','\'Human Mistakes\'',14,'2014-02-22 00:00:00','http://www.previews.cambridge-mt.com/HumanMistakes_Full_Preview.mp3','http://www.previews.cambridge-mt.com/HumanMistakes_Full_Preview.mp3','0','237',1,'Full','cambridge-mt.com',1,1,'Electronica / Dance / Experimental',0,'Drum &amp; Bass','',0),('Skelpolu','\'Long Road\'',15,'2014-08-02 00:00:00','http://www.previews.cambridge-mt.com/LongRoad_Preview.mp3','http://www.previews.cambridge-mt.com/LongRoad_Preview.mp3','0','0',0,'Excerpt','cambridge-mt.com',1,1,'Electronica / Dance / Experimental',0,'Drum &amp; Bass','',0),('Skelpolu','\'Long Road\'',17,'2014-08-02 00:00:00','http://www.previews.cambridge-mt.com/LongRoad_Full_Preview.mp3','http://www.previews.cambridge-mt.com/LongRoad_Full_Preview.mp3','0','261',1,'Full','cambridge-mt.com',1,1,'Electronica / Dance / Experimental',0,'Drum &amp; Bass','',0),('Skelpolu','\'Resurrection Resurrected\'',13,'2014-05-04 00:00:00','http://www.previews.cambridge-mt.com/ResurrectionResurrected_Preview.mp3','http://www.previews.cambridge-mt.com/ResurrectionResurrected_Preview.mp3','0','0',0,'Excerpt','cambridge-mt.com',1,1,'Electronica / Dance / Experimental',0,'Drum &amp; Bass','',0),('Skelpolu','\'Resurrection Resurrected\'',15,'2014-05-04 00:00:00','http://www.previews.cambridge-mt.com/ResurrectionResurrected_Full_Preview.mp3','http://www.previews.cambridge-mt.com/ResurrectionResurrected_Full_Preview.mp3','0','246',1,'Full','cambridge-mt.com',1,1,'Electronica / Dance / Experimental',0,'Drum &amp; Bass','',0),('Skelpolu','\'Together Alone\'',14,'2014-07-29 00:00:00','http://www.previews.cambridge-mt.com/TogetherAlone_Preview.mp3','http://www.previews.cambridge-mt.com/TogetherAlone_Preview.mp3','0','0',0,'Excerpt','cambridge-mt.com',1,1,'Electronica / Dance / Experimental',0,'Drum &amp; Bass','',0),('Skelpolu','\'Together Alone\'',16,'2014-07-29 00:00:00','http://www.previews.cambridge-mt.com/TogetherAlone_Full_Preview.mp3','http://www.previews.cambridge-mt.com/TogetherAlone_Full_Preview.mp3','0','255',1,'Full','cambridge-mt.com',1,1,'Electronica / Dance / Experimental',0,'Drum &amp; Bass','',0),('Snowmine','\'Curfews\'',56,'2013-01-01 00:00:00','http://soundcloud.com/wvmusic/snowmine-curfews','http://www.previews.cambridge-mt.com/Curfews_Full_Preview.mp3','0','85',1,'Full','shakingthrough.com',1,0,'Alt Rock / Blues / Country Rock / Indie / Funk / Reggae',0,'Indie Pop/Rock','',0),('Sound On Sound Demo','\'Mystery\'',11,'2013-01-01 00:00:00','http://www.previews.cambridge-mt.com/Mystery_Preview.mp3','http://www.previews.cambridge-mt.com/Mystery_Preview.mp3','0','143',1,'Excerpt','cambridge-mt.com',1,1,'Hip-Hop / R&amp;B',0,'Hip-Hop/R&amp;B','',0),('Southern Sirens','\'Rachel\'',8,'2015-02-06 00:00:00','http://www.previews.cambridge-mt.com/Rachel_Preview.mp3','http://www.previews.cambridge-mt.com/Rachel_Preview.mp3','0','0',0,'Excerpt','cambridge-mt.com',1,1,'Acoustic / Jazz / Country / Orchestral',0,'Acoustic Country Pop','',0),('Southern Sirens','\'Rachel\'',10,'2015-02-06 00:00:00','http://www.previews.cambridge-mt.com/Rachel_Full_Preview.mp3','http://www.previews.cambridge-mt.com/Rachel_Full_Preview.mp3','0','289',1,'Full','cambridge-mt.com',1,1,'Acoustic / Jazz / Country / Orchestral',0,'Acoustic Country Pop','',0),('Speak Softly','\'Broken Man\'',15,'2013-01-01 00:00:00','http://www.previews.cambridge-mt.com/BrokenMan_Preview.mp3','http://www.previews.cambridge-mt.com/BrokenMan_Preview.mp3','0','0',0,'Excerpt','cambridge-mt.com',1,1,'Electronica / Dance / Experimental',0,'Atmospheric Electronic Pop','',0),('Speak Softly','\'Broken Man\'',17,'2013-02-06 00:00:00','http://www.previews.cambridge-mt.com/BrokenMan_Full_Preview.mp3','http://www.previews.cambridge-mt.com/BrokenMan_Full_Preview.mp3','0','193',1,'Full','cambridge-mt.com',1,1,'Electronica / Dance / Experimental',0,'Atmospheric Electronic Pop','',0),('Speak Softly','\'Like Horses\'',23,'2013-08-16 00:00:00','http://www.previews.cambridge-mt.com/LikeHorses_Preview.mp3','http://www.previews.cambridge-mt.com/LikeHorses_Preview.mp3','0','0',0,'Excerpt','cambridge-mt.com',1,1,'Electronica / Dance / Experimental',0,'Atmospheric Electronic Pop','',0),('Speak Softly','\'Like Horses\'',30,'2013-08-16 00:00:00','http://www.previews.cambridge-mt.com/LikeHorses_Full_Preview.mp3','http://www.previews.cambridge-mt.com/LikeHorses_Full_Preview.mp3','0','214',1,'Full','cambridge-mt.com',1,1,'Electronica / Dance / Experimental',0,'Atmospheric Electronic Pop','',0),('Speak Softly','\'North Is False\'',15,'2013-03-28 00:00:00','http://www.previews.cambridge-mt.com/NorthIsFalse_Preview.mp3','http://www.previews.cambridge-mt.com/NorthIsFalse_Preview.mp3','0','0',0,'Excerpt','cambridge-mt.com',1,1,'Electronica / Dance / Experimental',0,'Atmospheric Electronic Pop','',0),('Speak Softly','\'North Is False\'',15,'2013-03-28 00:00:00','http://www.previews.cambridge-mt.com/NorthIsFalse_Full_Preview.mp3','http://www.previews.cambridge-mt.com/NorthIsFalse_Full_Preview.mp3','0','200',1,'Full','cambridge-mt.com',1,1,'Electronica / Dance / Experimental',0,'Atmospheric Electronic Pop','',0),('Spektakulatius','\'Christmas Blues\'',11,'2014-11-23 00:00:00','http://www.previews.cambridge-mt.com/ChristmasBlues_Preview.mp3','http://www.previews.cambridge-mt.com/ChristmasBlues_Preview.mp3','0','0',0,'Excerpt','cambridge-mt.com',1,1,'Acoustic / Jazz / Country / Orchestral',0,'Christmas Music','<i>10</i> (Album Selection)',0),('Spektakulatius','\'Christmas Blues\'',11,'2014-11-23 00:00:00','http://www.previews.cambridge-mt.com/ChristmasBlues_Full_Preview.mp3','http://www.previews.cambridge-mt.com/ChristmasBlues_Full_Preview.mp3','0','274',1,'Full','cambridge-mt.com',1,1,'Acoustic / Jazz / Country / Orchestral',0,'Christmas Music','<i>10</i> (Album Selection)',0),('Spektakulatius','\'Is You Is Or Is You Ain\'t\'',10,'2015-06-22 00:00:00','http://www.previews.cambridge-mt.com/IsYouIsOrIsYouAint_Preview.mp3','http://www.previews.cambridge-mt.com/IsYouIsOrIsYouAint_Preview.mp3','0','0',0,'Excerpt','cambridge-mt.com',1,1,'Acoustic / Jazz / Country / Orchestral',0,'Acoustic Jazz Songs','<i>Sommeredition</i> (Album Selection)',0),('Spektakulatius','\'Is You Is Or Is You Ain\'t\'',10,'2015-06-22 00:00:00','http://www.previews.cambridge-mt.com/IsYouIsOrIsYouAint_Full_Preview.mp3','http://www.previews.cambridge-mt.com/IsYouIsOrIsYouAint_Full_Preview.mp3','0','315',1,'Full','cambridge-mt.com',1,1,'Acoustic / Jazz / Country / Orchestral',0,'Acoustic Jazz Songs','<i>Sommeredition</i> (Album Selection)',0),('Spektakulatius','\'Jeden Winter\'',8,'2015-09-23 00:00:00','http://www.previews.cambridge-mt.com/JedenWinter_Preview.mp3','http://www.previews.cambridge-mt.com/JedenWinter_Preview.mp3','0','0',0,'Excerpt','cambridge-mt.com',1,1,'Acoustic / Jazz / Country / Orchestral',0,'Christmas Music','<i>10</i> (Album Selection)',0),('Spektakulatius','\'Jeden Winter\'',9,'2015-09-23 00:00:00','http://www.previews.cambridge-mt.com/JedenWinter_Full_Preview.mp3','http://www.previews.cambridge-mt.com/JedenWinter_Full_Preview.mp3','0','326',1,'Full','cambridge-mt.com',1,1,'Acoustic / Jazz / Country / Orchestral',0,'Christmas Music','<i>10</i> (Album Selection)',0),('Spektakulatius','\'Our Love Is Here To Stay\'',10,'2015-05-22 00:00:00','http://www.previews.cambridge-mt.com/OurLoveIsHereToStay_Preview.mp3','http://www.previews.cambridge-mt.com/OurLoveIsHereToStay_Preview.mp3','0','0',0,'Excerpt','cambridge-mt.com',1,1,'Acoustic / Jazz / Country / Orchestral',0,'Acoustic Jazz Songs','<i>Sommeredition</i> (Album Selection)',0),('Spektakulatius','\'Our Love Is Here To Stay\'',10,'2015-05-22 00:00:00','http://www.previews.cambridge-mt.com/OurLoveIsHereToStay_Full_Preview.mp3','http://www.previews.cambridge-mt.com/OurLoveIsHereToStay_Full_Preview.mp3','0','313',1,'Full','cambridge-mt.com',1,1,'Acoustic / Jazz / Country / Orchestral',0,'Acoustic Jazz Songs','<i>Sommeredition</i> (Album Selection)',0),('Spektakulatius','\'Wayfaring Stranger\'',9,'2015-04-30 00:00:00','http://www.previews.cambridge-mt.com/WayfaringStranger_Preview.mp3','http://www.previews.cambridge-mt.com/WayfaringStranger_Preview.mp3','0','0',0,'Excerpt','cambridge-mt.com',1,1,'Acoustic / Jazz / Country / Orchestral',0,'Acoustic Jazz Songs','<i>Sommeredition</i> (Album Selection)',0),('Spektakulatius','\'Wayfaring Stranger\'',9,'2015-04-30 00:00:00','http://www.previews.cambridge-mt.com/WayfaringStranger_Full_Preview.mp3','http://www.previews.cambridge-mt.com/WayfaringStranger_Full_Preview.mp3','0','311',1,'Full','cambridge-mt.com',1,1,'Acoustic / Jazz / Country / Orchestral',0,'Acoustic Jazz Songs','<i>Sommeredition</i> (Album Selection)',0),('Spektakulatius','\'What Child Is This\'',16,'2014-11-09 00:00:00','http://www.previews.cambridge-mt.com/WhatChildIsThis_Preview.mp3','http://www.previews.cambridge-mt.com/WhatChildIsThis_Preview.mp3','0','0',0,'Excerpt','cambridge-mt.com',1,1,'Acoustic / Jazz / Country / Orchestral',0,'Christmas Music','<i>10</i> (Album Selection)',0),('Spektakulatius','\'What Child Is This\'',16,'2014-11-09 00:00:00','http://www.previews.cambridge-mt.com/WhatChildIsThis_Full_Preview.mp3','http://www.previews.cambridge-mt.com/WhatChildIsThis_Full_Preview.mp3','0','272',1,'Full','cambridge-mt.com',1,1,'Acoustic / Jazz / Country / Orchestral',0,'Christmas Music','<i>10</i> (Album Selection)',0),('Spike Mullings','\'Mike\'s Sulking\'',17,'2013-01-01 00:00:00','http://www.previews.cambridge-mt.com/MikesSulking_Preview.mp3','http://www.previews.cambridge-mt.com/MikesSulking_Preview.mp3','0','0',0,'Excerpt','cambridge-mt.com',1,1,'Alt Rock / Blues / Country Rock / Indie / Funk / Reggae',0,'Indie Rock','',0),('Spike Mullings','\'Mike\'s Sulking\'',19,'2013-01-01 00:00:00','http://www.previews.cambridge-mt.com/MikesSulking_Full_Preview.mp3','http://www.previews.cambridge-mt.com/MikesSulking_Full_Preview.mp3','0','86',1,'Full','cambridge-mt.com',1,1,'Alt Rock / Blues / Country Rock / Indie / Funk / Reggae',0,'Indie Rock','',0),('St Vitus','\'Word Gets Around\'',11,'2013-01-01 00:00:00','http://www.previews.cambridge-mt.com/0811_Preview.mp3','http://www.previews.cambridge-mt.com/0811_Preview.mp3','0','0',0,'Excerpt','cambridge-mt.com',1,1,'Pop / Singer-Songwriter',0,'Indie Singer-Songwriter','',0),('St Vitus','\'Word Gets Around\'',12,'2013-01-01 00:00:00','http://www.previews.cambridge-mt.com/0811_Remix.mp3','http://www.previews.cambridge-mt.com/0811_Remix.mp3','0','59',1,'Full','cambridge-mt.com',1,1,'Pop / Singer-Songwriter',0,'Indie Singer-Songwriter','',0),('Steven A. Clark','\'Bounty\'',46,'2013-02-04 00:00:00','http://www.previews.cambridge-mt.com/Bounty_Full_Preview.mp3','http://www.previews.cambridge-mt.com/Bounty_Full_Preview.mp3','0','190',1,'Full','shakingthrough.com',1,0,'Hip-Hop / R&amp;B',0,'R&amp;B','',0),('Strand Of Oaks','\'Spacestation\'',24,'2013-01-01 00:00:00','http://www.previews.cambridge-mt.com/Spacestation_Full_Preview.mp3','http://www.previews.cambridge-mt.com/Spacestation_Full_Preview.mp3','0','87',1,'Full','shakingthrough.com',1,0,'Alt Rock / Blues / Country Rock / Indie / Funk / Reggae',0,'Anthemic Indie Rock','',0),('Street Noise','\'I\'d Rather Be Drinkin\'\'',12,'2016-07-21 00:00:00','http://www.previews.cambridge-mt.com/IdRatherBeDrinkin_Preview.mp3','http://www.previews.cambridge-mt.com/IdRatherBeDrinkin_Preview.mp3','0','0',0,'Excerpt','cambridge-mt.com',1,1,'Rock / Punk / Metal',0,'Rock','',0),('Street Noise','\'I\'d Rather Be Drinkin\'\'',13,'2016-07-21 00:00:00','http://www.previews.cambridge-mt.com/IdRatherBeDrinkin_Full_Preview.mp3','http://www.previews.cambridge-mt.com/IdRatherBeDrinkin_Full_Preview.mp3','0','349',1,'Full','cambridge-mt.com',1,1,'Rock / Punk / Metal',0,'Rock','',0),('Street Noise','\'Revelations\'',11,'2013-08-18 00:00:00','http://www.previews.cambridge-mt.com/Revelations_Preview.mp3','http://www.previews.cambridge-mt.com/Revelations_Preview.mp3','0','0',0,'Excerpt','cambridge-mt.com',1,1,'Rock / Punk / Metal',0,'70s Vintage Rock','',0),('Street Noise','\'Revelations\'',11,'2013-08-18 00:00:00','http://www.previews.cambridge-mt.com/Revelations_Full_Preview.mp3','http://www.previews.cambridge-mt.com/Revelations_Full_Preview.mp3','0','216',1,'Full','cambridge-mt.com',1,1,'Rock / Punk / Metal',0,'70s Vintage Rock','',0),('Street Noise','\'You Are The One\'',15,'2014-02-25 00:00:00','http://www.previews.cambridge-mt.com/YouAreTheOne_Preview.mp3','http://www.previews.cambridge-mt.com/YouAreTheOne_Preview.mp3','0','0',0,'Excerpt','cambridge-mt.com',1,1,'Rock / Punk / Metal',0,'70s Vintage Rock','',0),('Street Noise','\'You Are The One\'',15,'2014-02-25 00:00:00','http://www.previews.cambridge-mt.com/YouAreTheOne_Full_Preview.mp3','http://www.previews.cambridge-mt.com/YouAreTheOne_Full_Preview.mp3','0','240',1,'Full','cambridge-mt.com',1,1,'Rock / Punk / Metal',0,'70s Vintage Rock','',0),('Sven Bornemark &amp; Pearl Mics','\'Stop Messing With Me\'',8,'2013-06-03 00:00:00','http://www.previews.cambridge-mt.com/StopMessingWithMe_Full_Preview.mp3','http://www.previews.cambridge-mt.com/StopMessingWithMe_Full_Preview.mp3','0','209',1,'Full','pearlmicrophones.com',1,1,'Alt Rock / Blues / Country Rock / Indie / Funk / Reggae',0,'Blues','',0),('Sweet Lights','\'You Let Me Down\'',54,'2013-01-01 00:00:00','http://soundcloud.com/wvmusic/sweet-lights-you-let-me-down','http://www.previews.cambridge-mt.com/YouLetMeDown_Full_Preview.mp3','0','88',1,'Full','shakingthrough.com',1,0,'Alt Rock / Blues / Country Rock / Indie / Funk / Reggae',0,'Alt Rock','',0),('Swinging Steaks','\'Lost My Way\'',21,'2013-01-01 00:00:00','http://www.previews.cambridge-mt.com/LostMyWay_Preview.mp3','http://www.previews.cambridge-mt.com/LostMyWay_Preview.mp3','0','0',0,'Excerpt','cambridge-mt.com',1,1,'Alt Rock / Blues / Country Rock / Indie / Funk / Reggae',0,'Country Rock','',0),('Swinging Steaks','\'Lost My Way\'',26,'2013-01-01 00:00:00','http://www.previews.cambridge-mt.com/LostMyWay_Full_Preview.mp3','http://www.previews.cambridge-mt.com/LostMyWay_Full_Preview.mp3','0','89',1,'Full','cambridge-mt.com',1,1,'Alt Rock / Blues / Country Rock / Indie / Funk / Reggae',0,'Country Rock','',0),('Telefunken','\'Song 1\'',18,'2013-01-01 00:00:00','http://www.previews.cambridge-mt.com/JavaJive1_Full_Preview.mp3','http://www.previews.cambridge-mt.com/JavaJive1_Full_Preview.mp3','74','24',1,'Full','telefunken-elektroakustik.com',1,1,'Acoustic / Jazz / Country / Orchestral',0,'Instrumental Country & Jazz','Java Jive Sessions',0),('Telefunken','\'Song 2\'',15,'2013-01-01 00:00:00','http://www.previews.cambridge-mt.com/JavaJive2_Full_Preview.mp3','http://www.previews.cambridge-mt.com/JavaJive2_Full_Preview.mp3','68','25',1,'Full','telefunken-elektroakustik.com',1,1,'Acoustic / Jazz / Country / Orchestral',0,'Instrumental Country & Jazz','Java Jive Sessions',0),('Telefunken','\'Song 3\'',19,'2013-01-01 00:00:00','http://www.previews.cambridge-mt.com/JavaJive3_Full_Preview.mp3','http://www.previews.cambridge-mt.com/JavaJive3_Full_Preview.mp3','75','26',1,'Full','telefunken-elektroakustik.com',1,1,'Acoustic / Jazz / Country / Orchestral',0,'Instrumental Country & Jazz','Java Jive Sessions',0),('Terry Anderson\'s OAK Team','\'Girls With Glasses\'',78,'2014-11-03 00:00:00','http://www.previews.cambridge-mt.com/GirlsWithGlasses_Full_Preview.mp3','http://www.previews.cambridge-mt.com/GirlsWithGlasses_Full_Preview.mp3','0','266',1,'Full','telefunken-elektroakustik.com',6,1,'Acoustic / Jazz / Country / Orchestral',0,'Alternative Rock/Pop','',0),('The Abletones Big Band','\'Corine, Corine\'',19,'2013-04-28 00:00:00','http://www.previews.cambridge-mt.com/CorineCorine_Preview.mp3','http://www.previews.cambridge-mt.com/CorineCorine_Preview.mp3','0','0',0,'Excerpt','cambridge-mt.com',1,1,'Acoustic / Jazz / Country / Orchestral',0,'Big Band Jazz','',0),('The Abletones Big Band','\'Corine, Corine\'',19,'2013-04-28 00:00:00','http://www.previews.cambridge-mt.com/CorineCorine_Full_Preview.mp3','http://www.previews.cambridge-mt.com/CorineCorine_Full_Preview.mp3','0','204',1,'Full','cambridge-mt.com',1,1,'Acoustic / Jazz / Country / Orchestral',0,'Big Band Jazz','',0),('The Abletones Big Band','\'Song Of India\'',18,'2014-02-23 00:00:00','http://www.previews.cambridge-mt.com/SongOfIndia_Preview.mp3','http://www.previews.cambridge-mt.com/SongOfIndia_Preview.mp3','0','0',0,'Excerpt','cambridge-mt.com',1,1,'Acoustic / Jazz / Country / Orchestral',0,'Big Band Jazz','',0),('The Abletones Big Band','\'Song Of India\'',18,'2014-02-23 00:00:00','http://www.previews.cambridge-mt.com/SongOfIndia_Full_Preview.mp3','http://www.previews.cambridge-mt.com/SongOfIndia_Full_Preview.mp3','0','238',1,'Full','cambridge-mt.com',1,1,'Acoustic / Jazz / Country / Orchestral',0,'Big Band Jazz','',0),('The Apprehended','\'Still Flyin\'\'',33,'2016-10-18 00:00:00','http://www.previews.cambridge-mt.com/StillFlying_Preview.mp3','http://www.previews.cambridge-mt.com/StillFlying_Preview.mp3','0','0',0,'Excerpt','cambridge-mt.com',1,1,'Rock / Punk / Metal',0,'Post-hardcore Rock','',0),('The Apprehended','\'Still Flyin\'\'',46,'2016-10-18 00:00:00','http://www.previews.cambridge-mt.com/StillFlyin_Full_Preview.mp3','http://www.previews.cambridge-mt.com/StillFlyin_Full_Preview.mp3','0','365',1,'Full','cambridge-mt.com',1,1,'Rock / Punk / Metal',1,'Post-hardcore Rock','',0),('The Brew','\'What I Want\'',37,'2013-01-01 00:00:00','http://www.previews.cambridge-mt.com/WhatIWant_Full_Preview.mp3','http://www.previews.cambridge-mt.com/WhatIWant_Full_Preview.mp3','0','96',1,'Full','telefunken-elektroakustik.com',4,1,'Rock / Punk / Metal',0,'Rock','',0),('The Butterfly Effect','\'An Ultra Violet Apology\'',13,'2014-12-15 00:00:00','http://www.previews.cambridge-mt.com/AnUltraVioletApology_Preview.mp3','http://www.previews.cambridge-mt.com/AnUltraVioletApology_Preview.mp3','0','0',0,'Excerpt','cambridge-mt.com',1,1,'Alt Rock / Blues / Country Rock / Indie / Funk / Reggae',0,'90s Alt Rock','',0),('The Butterfly Effect','\'An Ultra Violet Apology\'',20,'2014-12-15 00:00:00','http://www.previews.cambridge-mt.com/AnUltraVioletApology_Full_Preview.mp3','http://www.previews.cambridge-mt.com/AnUltraVioletApology_Full_Preview.mp3','0','281',1,'Full','cambridge-mt.com',1,1,'Alt Rock / Blues / Country Rock / Indie / Funk / Reggae',0,'90s Alt Rock','',0),('The Butterfly Effect','\'Fairytale\'',16,'2014-11-02 00:00:00','http://www.previews.cambridge-mt.com/Fairytale_Preview.mp3','http://www.previews.cambridge-mt.com/Fairytale_Preview.mp3','0','0',0,'Excerpt','cambridge-mt.com',1,1,'Alt Rock / Blues / Country Rock / Indie / Funk / Reggae',0,'90s Alt Rock','',0),('The Butterfly Effect','\'Fairytale\'',21,'2014-11-02 00:00:00','http://www.previews.cambridge-mt.com/Fairytale_Full_Preview.mp3','http://www.previews.cambridge-mt.com/Fairytale_Full_Preview.mp3','0','264',1,'Full','cambridge-mt.com',1,1,'Alt Rock / Blues / Country Rock / Indie / Funk / Reggae',0,'90s Alt Rock','',0),('The Butterfly Effect','\'Preach Right Here\'',16,'2014-05-25 00:00:00','http://www.previews.cambridge-mt.com/PreachRightHere_Preview.mp3','http://www.previews.cambridge-mt.com/PreachRightHere_Preview.mp3','0','0',0,'Excerpt','cambridge-mt.com',1,1,'Alt Rock / Blues / Country Rock / Indie / Funk / Reggae',0,'90s Alt Rock','',0),('The Butterfly Effect','\'Preach Right Here\'',26,'2014-05-25 00:00:00','http://www.previews.cambridge-mt.com/PreachRightHere_Full_Preview.mp3','http://www.previews.cambridge-mt.com/PreachRightHere_Full_Preview.mp3','0','250',1,'Full','cambridge-mt.com',1,1,'Alt Rock / Blues / Country Rock / Indie / Funk / Reggae',1,'90s Alt Rock','',0),('The Complainiacs','\'Etc\'',13,'2013-01-01 00:00:00','http://www.previews.cambridge-mt.com/Etc_Preview.mp3','http://www.previews.cambridge-mt.com/Etc_Preview.mp3','0','0',0,'Excerpt','cambridge-mt.com',1,1,'Rock / Punk / Metal',0,'Punk/Garage Rock','',0),('The Complainiacs','\'Etc\'',13,'2013-01-01 00:00:00','http://www.previews.cambridge-mt.com/Etc_Full_Preview.mp3','http://www.previews.cambridge-mt.com/Etc_Full_Preview.mp3','0','98',1,'Full','cambridge-mt.com',1,1,'Rock / Punk / Metal',0,'Punk/Garage Rock','',0),('The Districts','\'Vermont\'',30,'2013-12-20 00:00:00','http://www.previews.cambridge-mt.com/Vermont_Full_Preview.mp3','http://www.previews.cambridge-mt.com/Vermont_Full_Preview.mp3','0','234',1,'Full','shakingthrough.com',1,0,'Alt Rock / Blues / Country Rock / Indie / Funk / Reggae',0,'Indie Rock','',0),('The Doppler Shift','\'Atrophy\'',17,'2013-01-01 00:00:00','http://www.previews.cambridge-mt.com/Atrophy_Preview.mp3','http://www.previews.cambridge-mt.com/Atrophy_Preview.mp3','0','0',0,'Excerpt','cambridge-mt.com',1,1,'Alt Rock / Blues / Country Rock / Indie / Funk / Reggae',0,'Epic Indie Rock','',0),('The Doppler Shift','\'Atrophy\'',22,'2013-01-01 00:00:00','http://www.previews.cambridge-mt.com/Atrophy_Full_Preview.mp3','http://www.previews.cambridge-mt.com/Atrophy_Full_Preview.mp3','0','68',1,'Full','cambridge-mt.com',1,1,'Alt Rock / Blues / Country Rock / Indie / Funk / Reggae',0,'Epic Indie Rock','',0),('The Funny Valentines','\'Sleigh Ride\'',7,'2014-02-24 00:00:00','http://www.previews.cambridge-mt.com/SleighRide_Preview.mp3','http://www.previews.cambridge-mt.com/SleighRide_Preview.mp3','0','0',0,'Excerpt','cambridge-mt.com',1,1,'Acoustic / Jazz / Country / Orchestral',0,'Jazz Quartet Live Recording','',0),('The Funny Valentines','\'Sleigh Ride\'',7,'2014-02-24 00:00:00','http://www.previews.cambridge-mt.com/SleighRide_Full_Preview.mp3','http://www.previews.cambridge-mt.com/SleighRide_Full_Preview.mp3','0','239',1,'Full','cambridge-mt.com',1,1,'Acoustic / Jazz / Country / Orchestral',0,'Jazz Quartet Live Recording','',0),('The Long Wait','\'Back Home To Blue\'',17,'2014-12-17 00:00:00','http://www.previews.cambridge-mt.com/BackHomeToBlue_Preview.mp3','http://www.previews.cambridge-mt.com/BackHomeToBlue_Preview.mp3','0','0',0,'Excerpt','cambridge-mt.com',1,1,'Acoustic / Jazz / Country / Orchestral',0,'Country Rock','',0),('The Long Wait','\'Back Home To Blue\'',21,'2014-12-17 00:00:00','http://www.previews.cambridge-mt.com/BackHomeToBlue_Full_Preview.mp3','http://www.previews.cambridge-mt.com/BackHomeToBlue_Full_Preview.mp3','0','278',1,'Full','cambridge-mt.com',1,1,'Acoustic / Jazz / Country / Orchestral',0,'Country Rock','',0),('The Long Wait','\'Dark Horses\'',12,'2014-11-08 00:00:00','http://www.previews.cambridge-mt.com/DarkHorses_Preview.mp3','http://www.previews.cambridge-mt.com/DarkHorses_Preview.mp3','0','0',0,'Excerpt','cambridge-mt.com',1,1,'Acoustic / Jazz / Country / Orchestral',0,'Country Rock','',0),('The Long Wait','\'Dark Horses\'',18,'2014-11-08 00:00:00','http://www.previews.cambridge-mt.com/DarkHorses_Full_Preview.mp3','http://www.previews.cambridge-mt.com/DarkHorses_Full_Preview.mp3','0','271',1,'Full','cambridge-mt.com',1,1,'Acoustic / Jazz / Country / Orchestral',0,'Country Rock','',0),('The Long Wait','\'Drag\'',16,'2015-04-29 00:00:00','http://www.previews.cambridge-mt.com/Drag_Preview.mp3','http://www.previews.cambridge-mt.com/Drag_Preview.mp3','0','0',0,'Excerpt','cambridge-mt.com',1,1,'Acoustic / Jazz / Country / Orchestral',1,'Country Rock','',0),('The Long Wait','\'Drag\'',29,'2015-04-29 00:00:00','http://www.previews.cambridge-mt.com/Drag_Full_Preview.mp3','http://www.previews.cambridge-mt.com/Drag_Full_Preview.mp3','0','310',1,'Full','cambridge-mt.com',1,1,'Acoustic / Jazz / Country / Orchestral',0,'Country Rock','',0),('The Long Wait','\'Lookout Mountain\'',16,'2015-02-13 00:00:00','http://www.previews.cambridge-mt.com/LookoutMountain_Preview.mp3','http://www.previews.cambridge-mt.com/LookoutMountain_Preview.mp3','0','0',0,'Excerpt','cambridge-mt.com',1,1,'Acoustic / Jazz / Country / Orchestral',0,'Country Rock','',0),('The Long Wait','\'Lookout Mountain\'',19,'2015-02-13 00:00:00','http://www.previews.cambridge-mt.com/LookoutMountain_Full_Preview.mp3','http://www.previews.cambridge-mt.com/LookoutMountain_Full_Preview.mp3','0','292',1,'Full','cambridge-mt.com',1,1,'Acoustic / Jazz / Country / Orchestral',0,'Country Rock','',0),('The Long Wait','\'Santa\'',34,'2016-12-31 09:17:37','http://www.previews.cambridge-mt.com/Santa_Preview.mp3','http://www.previews.cambridge-mt.com/Santa_Preview.mp3','0','0',0,'Excerpt','cambridge-mt.com',1,1,'Acoustic / Jazz / Country / Orchestral',0,'Country Rock','',0),('The Long Wait','\'Santa\'',34,'2016-12-31 09:21:17','http://www.previews.cambridge-mt.com/Santa_Full_Preview.mp3','http://www.previews.cambridge-mt.com/Santa_Full_Preview.mp3','0','374',1,'Full','cambridge-mt.com',1,1,'Acoustic / Jazz / Country / Orchestral',0,'Country Rock','',0),('The Mountaineering Club','\'Mallory\'',15,'2013-01-01 00:00:00','http://www.previews.cambridge-mt.com/1205_Preview.mp3','http://www.previews.cambridge-mt.com/1205_Preview.mp3','0','0',0,'Excerpt','cambridge-mt.com',1,1,'Alt Rock / Blues / Country Rock / Indie / Funk / Reggae',0,'Atmospheric Indie Rock','',0),('The Mountaineering Club','\'Mallory\'',44,'2013-01-01 00:00:00','http://www.previews.cambridge-mt.com/1205_Remix.mp3','http://www.previews.cambridge-mt.com/1205_Remix.mp3','0','152',1,'Full','cambridge-mt.com',1,1,'Alt Rock / Blues / Country Rock / Indie / Funk / Reggae',0,'Atmospheric Indie Rock','',0),('The Mountaineering Club Orchestra','\'Cruising The Ice\'',17,'2013-01-01 00:00:00','http://www.previews.cambridge-mt.com/CruisingTheIce_Preview.mp3','http://www.previews.cambridge-mt.com/CruisingTheIce_Preview.mp3','0','0',0,'Excerpt','cambridge-mt.com',1,1,'Electronica / Dance / Experimental',0,'Ambient Indie Instrumental','',0),('The Mountaineering Club Orchestra','\'Cruising The Ice\'',19,'2013-01-01 00:00:00','http://www.previews.cambridge-mt.com/CruisingTheIce_Full_Preview.mp3','http://www.previews.cambridge-mt.com/CruisingTheIce_Full_Preview.mp3','0','175',1,'Full','cambridge-mt.com',1,1,'Electronica / Dance / Experimental',0,'Ambient Indie Instrumental','',0),('The So So Glos','\'Emergency\'',35,'2013-10-25 00:00:00','http://www.previews.cambridge-mt.com/Emergency_Full_Preview.mp3','http://www.previews.cambridge-mt.com/Emergency_Full_Preview.mp3','0','223',1,'Full','shakingthrough.com',1,0,'Alt Rock / Blues / Country Rock / Indie / Funk / Reggae',0,'Indie Rock','',0),('The Sunshine Garcia Band','\'For I Am The Moon\'',45,'2013-08-30 00:00:00','http://www.previews.cambridge-mt.com/ForIAmTheMoon_Preview.mp3','http://www.previews.cambridge-mt.com/ForIAmTheMoon_Preview.mp3','0','0',0,'Excerpt','cambridge-mt.com',1,1,'Alt Rock / Blues / Country Rock / Indie / Funk / Reggae',0,'Reggae/Gospel','',0),('The Sunshine Garcia Band','\'For I Am The Moon\'',56,'2013-08-30 00:00:00','http://www.previews.cambridge-mt.com/ForIAmTheMoon_Full_Preview.mp3','http://www.previews.cambridge-mt.com/ForIAmTheMoon_Full_Preview.mp3','15212','218',1,'Full','cambridge-mt.com',1,1,'Alt Rock / Blues / Country Rock / Indie / Funk / Reggae',0,'Reggae/Gospel','',0),('The Tontons','\'Lush\'',10,'2014-08-02 00:00:00','http://www.previews.cambridge-mt.com/Lush_Full_Preview.mp3','http://www.previews.cambridge-mt.com/Lush_Full_Preview.mp3','0','253',1,'Full','shakingthrough.com',1,0,'Alt Rock / Blues / Country Rock / Indie / Funk / Reggae',0,'Indie Rock','',0),('The Travelling Band','\'Passing Ships\'',31,'2015-03-28 00:00:00','http://www.previews.cambridge-mt.com/PassingShips_Preview.mp3','http://www.previews.cambridge-mt.com/PassingShips_Preview.mp3','0','0',0,'Excerpt','cambridge-mt.com',1,1,'Alt Rock / Blues / Country Rock / Indie / Funk / Reggae',0,'Indie Folk-Rock','',0),('The Travelling Band','\'Passing Ships\'',50,'2015-03-28 00:00:00','http://www.previews.cambridge-mt.com/PassingShips_Full_Preview.mp3','http://www.previews.cambridge-mt.com/PassingShips_Full_Preview.mp3','0','305',1,'Full','cambridge-mt.com',1,1,'Alt Rock / Blues / Country Rock / Indie / Funk / Reggae',0,'Indie Folk-Rock','',0),('The Travelling Band','\'Quicksand\'',28,'2016-04-22 00:00:00','http://www.previews.cambridge-mt.com/Quicksand_Preview.mp3','http://www.previews.cambridge-mt.com/Quicksand_Preview.mp3','0','0',0,'Excerpt','cambridge-mt.com',1,1,'Alt Rock / Blues / Country Rock / Indie / Funk / Reggae',0,'Indie Folk-Rock','',0),('The Travelling Band','\'Quicksand\'',35,'2016-04-22 00:00:00','http://www.previews.cambridge-mt.com/Quicksand_Full_Preview.mp3','http://www.previews.cambridge-mt.com/Quicksand_Full_Preview.mp3','15503','341',1,'Full','cambridge-mt.com',1,1,'Alt Rock / Blues / Country Rock / Indie / Funk / Reggae',0,'Indie Folk-Rock','',0),('The Wrong\'uns','\'Rothko\'',11,'2013-01-01 00:00:00','http://www.previews.cambridge-mt.com/1303_Preview.mp3','http://www.previews.cambridge-mt.com/1303_Preview.mp3','0','0',0,'Excerpt','cambridge-mt.com',1,1,'Pop / Singer-Songwriter',0,'Acoustic Indie Pop','',0),('The Wrong\'uns','\'Rothko\'',13,'2013-03-01 00:00:00','http://www.previews.cambridge-mt.com/1303_Remix.mp3','http://www.previews.cambridge-mt.com/1303_Remix.mp3','0','194',1,'Full','cambridge-mt.com',1,1,'Pop / Singer-Songwriter',0,'Acoustic Indie Pop','',0),('Tim Taler','\'Stalker\'',24,'2013-01-01 00:00:00','http://www.previews.cambridge-mt.com/Stalker_Preview.mp3','http://www.previews.cambridge-mt.com/Stalker_Preview.mp3','0','0',0,'Excerpt','cambridge-mt.com',1,1,'Electronica / Dance / Experimental',0,'Ukrainian Art-Punk','',0),('Tim Taler','\'Stalker\'',46,'2013-02-09 00:00:00','http://www.previews.cambridge-mt.com/Stalker_Full_Preview.mp3','http://www.previews.cambridge-mt.com/Stalker_Full_Preview.mp3','0','196',1,'Full','cambridge-mt.com',1,1,'Electronica / Dance / Experimental',0,'Ukrainian Art-Punk','',0),('Timboz','\'Pony\'',13,'2013-01-01 00:00:00','http://www.previews.cambridge-mt.com/Pony_Preview.mp3','http://www.previews.cambridge-mt.com/Pony_Preview.mp3','0','0',0,'Excerpt','cambridge-mt.com',1,1,'Rock / Punk / Metal',0,'Screamo Metal','',0),('Timboz','\'Pony\'',13,'2013-01-01 00:00:00','http://www.previews.cambridge-mt.com/Pony_Full_Preview.mp3','http://www.previews.cambridge-mt.com/Pony_Full_Preview.mp3','0','119',1,'Full','cambridge-mt.com',1,1,'Rock / Punk / Metal',0,'Screamo Metal','',0),('Timo And The Timezone','\'Just Don\'t Talk\'',13,'2016-09-23 00:00:00','http://www.previews.cambridge-mt.com/JustDontTalk_Preview.mp3','http://www.previews.cambridge-mt.com/JustDontTalk_Preview.mp3','0','0',0,'Excerpt','cambridge-mt.com',1,1,'Pop / Singer-Songwriter',0,'Collaborative Singer-Songwriter','',0),('Timo And The Timezone','\'Just Don\'t Talk\'',27,'2016-09-23 00:00:00','http://www.previews.cambridge-mt.com/JustDontTalk_Full_Preview.mp3','http://www.previews.cambridge-mt.com/JustDontTalk_Full_Preview.mp3','0','354',1,'Full','cambridge-mt.com',1,1,'Pop / Singer-Songwriter',0,'Collaborative Singer-Songwriter','',0),('Timo Carlier','\'The Road Ahead\'',7,'2013-01-01 00:00:00','http://www.previews.cambridge-mt.com/0904_Preview.mp3','http://www.previews.cambridge-mt.com/0904_Preview.mp3','0','0',0,'Excerpt','cambridge-mt.com',1,1,'Acoustic / Jazz / Country / Orchestral',0,'Acoustic Singer-Songwriter','',0),('Timo Carlier','\'The Road Ahead\'',9,'2013-01-01 00:00:00','http://www.previews.cambridge-mt.com/0904_Remix.mp3','http://www.previews.cambridge-mt.com/0904_Remix.mp3','0','27',1,'Full','cambridge-mt.com',1,1,'Acoustic / Jazz / Country / Orchestral',0,'Acoustic Singer-Songwriter','',0),('Titanium','\'Haunted Age\'',14,'2014-12-13 00:00:00','http://www.previews.cambridge-mt.com/HauntedAge_Preview.mp3','http://www.previews.cambridge-mt.com/HauntedAge_Preview.mp3','0','0',0,'Excerpt','cambridge-mt.com',1,1,'Rock / Punk / Metal',0,'Black Metal','',0),('Titanium','\'Haunted Age\'',22,'2014-12-13 00:00:00','http://www.previews.cambridge-mt.com/HauntedAge_Full_Preview.mp3','http://www.previews.cambridge-mt.com/HauntedAge_Full_Preview.mp3','0','279',1,'Full','cambridge-mt.com',1,1,'Rock / Punk / Metal',0,'Black Metal','',0),('Tom McKenzie','\'Directions\'',26,'2013-03-22 00:00:00','http://www.previews.cambridge-mt.com/1304_Preview.mp3','http://www.previews.cambridge-mt.com/1304_Preview.mp3','0','0',0,'Excerpt','cambridge-mt.com',1,1,'Acoustic / Jazz / Country / Orchestral',0,'Acoustic Singer-Songwriter','',0),('Tom McKenzie','\'Directions\'',31,'2013-03-22 00:00:00','http://www.previews.cambridge-mt.com/1304_Remix.mp3','http://www.previews.cambridge-mt.com/1304_Remix.mp3','0','198',1,'Full','cambridge-mt.com',1,1,'Acoustic / Jazz / Country / Orchestral',0,'Acoustic Singer-Songwriter','',0),('Tommy Marcinek','\'Happy Blues\'',18,'2016-09-22 00:00:00','http://www.previews.cambridge-mt.com/HappyBlues_Preview.mp3','http://www.previews.cambridge-mt.com/HappyBlues_Preview.mp3','0','0',0,'Excerpt','cambridge-mt.com',1,1,'Alt Rock / Blues / Country Rock / Indie / Funk / Reggae',0,'Upbeat Blues','',0),('Tommy Marcinek','\'Happy Blues\'',19,'2016-09-22 00:00:00','http://www.previews.cambridge-mt.com/HappyBlues_Full_Preview.mp3','http://www.previews.cambridge-mt.com/HappyBlues_Full_Preview.mp3','0','356',1,'Full','cambridge-mt.com',1,1,'Alt Rock / Blues / Country Rock / Indie / Funk / Reggae',0,'Upbeat Blues','',0),('Torres','\'New Skin\'',35,'2014-05-07 00:00:00','http://www.previews.cambridge-mt.com/NewSkin_Full_Preview.mp3','http://www.previews.cambridge-mt.com/NewSkin_Full_Preview.mp3','0','248',1,'Full','shakingthrough.com',1,0,'Alt Rock / Blues / Country Rock / Indie / Funk / Reggae',0,'Alt/Indie Rock','',0),('Traffic Experiment','\'Once More (With Feeling)\'',32,'2013-01-01 00:00:00','http://www.previews.cambridge-mt.com/OnceMore_Preview.mp3','http://www.previews.cambridge-mt.com/OnceMore_Preview.mp3','0','0',0,'Excerpt','cambridge-mt.com',1,1,'Alt Rock / Blues / Country Rock / Indie / Funk / Reggae',0,'Melodic Alt Rock','',0),('Traffic Experiment','\'Once More (With Feeling)\'',63,'2013-01-01 00:00:00','http://www.previews.cambridge-mt.com/OnceMore_Full_Preview.mp3','http://www.previews.cambridge-mt.com/OnceMore_Full_Preview.mp3','62','90',1,'Full','cambridge-mt.com',1,1,'Alt Rock / Blues / Country Rock / Indie / Funk / Reggae',0,'Melodic Alt Rock','',0),('Traffic Experiment','\'Sirens\'',27,'2013-01-01 00:00:00','http://www.previews.cambridge-mt.com/Sirens_Preview.mp3','http://www.previews.cambridge-mt.com/Sirens_Preview.mp3','0','0',0,'Excerpt','cambridge-mt.com',1,1,'Alt Rock / Blues / Country Rock / Indie / Funk / Reggae',0,'Melodic Alt Rock','',0),('Traffic Experiment','\'Sirens\'',32,'2013-01-01 00:00:00','http://www.previews.cambridge-mt.com/Sirens_Full_Preview.mp3','http://www.previews.cambridge-mt.com/Sirens_Full_Preview.mp3','0','91',1,'Full','cambridge-mt.com',1,1,'Alt Rock / Blues / Country Rock / Indie / Funk / Reggae',0,'Melodic Alt Rock','',0),('Trick Bird','\'Window\'',23,'2015-07-23 00:00:00','http://www.previews.cambridge-mt.com/Window_Preview.mp3','http://www.previews.cambridge-mt.com/Window_Preview.mp3','0','0',0,'Excerpt','cambridge-mt.com',1,1,'Pop / Singer-Songwriter',0,'Jangly Indie Pop','',0),('Trick Bird','\'Window\'',38,'2015-07-23 00:00:00','http://www.previews.cambridge-mt.com/Window_Full_Preview.mp3','http://www.previews.cambridge-mt.com/Window_Full_Preview.mp3','0','319',1,'Full','cambridge-mt.com',1,1,'Pop / Singer-Songwriter',0,'Jangly Indie Pop','',0),('Triviul','\'Alright?\'',9,'2016-06-21 00:00:00','http://www.previews.cambridge-mt.com/Alright_Preview.mp3','http://www.previews.cambridge-mt.com/Alright_Preview.mp3','0','0',0,'Excerpt','cambridge-mt.com',1,1,'Pop / Singer-Songwriter',0,'Leftfield Pop/Electronica','<i>I Am A Musician</i> (Album Selection)',0),('Triviul','\'Alright?\'',16,'2016-06-21 00:00:00','http://www.previews.cambridge-mt.com/Alright_Full_Preview.mp3','http://www.previews.cambridge-mt.com/Alright_Full_Preview.mp3','0','347',1,'Full','cambridge-mt.com',1,1,'Pop / Singer-Songwriter',0,'Leftfield Pop/Electronica','<i>I Am A Musician</i> (Album Selection)',0),('Triviul','\'Angelsaint\'',12,'2013-01-01 00:00:00','http://www.previews.cambridge-mt.com/Angelsaint_Preview.mp3','http://www.previews.cambridge-mt.com/Angelsaint_Preview.mp3','0','0',0,'Excerpt','cambridge-mt.com',1,1,'Pop / Singer-Songwriter',0,'Leftfield Pop/Electronica','<i>I Am A Musician</i> (Album Selection)',0),('Triviul','\'Angelsaint\'',14,'2013-01-01 00:00:00','http://www.previews.cambridge-mt.com/Angelsaint_Full_Preview.mp3','http://www.previews.cambridge-mt.com/Angelsaint_Full_Preview.mp3','106','158',1,'Full','cambridge-mt.com',1,1,'Pop / Singer-Songwriter',0,'Leftfield Pop/Electronica','<i>I Am A Musician</i> (Album Selection)',0),('Triviul','\'Better?\'',21,'2016-08-23 00:00:00','http://www.previews.cambridge-mt.com/Better_Preview.mp3','http://www.previews.cambridge-mt.com/Better_Preview.mp3','0','0',0,'Excerpt','cambridge-mt.com',1,1,'Pop / Singer-Songwriter',0,'Leftfield Pop/Electronica','<i>I Am A Musician</i> (Album Selection)',0),('Triviul','\'Better?\'',28,'2016-08-23 00:00:00','http://www.previews.cambridge-mt.com/Better_Full_Preview.mp3','http://www.previews.cambridge-mt.com/Better_Full_Preview.mp3','0','353',1,'Full','cambridge-mt.com',1,1,'Pop / Singer-Songwriter',0,'Leftfield Pop/Electronica','<i>I Am A Musician</i> (Album Selection)',0),('Triviul','\'Dorothy\'',13,'2013-01-01 00:00:00','http://www.previews.cambridge-mt.com/Dorothy_Preview.mp3','http://www.previews.cambridge-mt.com/Dorothy_Preview.mp3','0','0',0,'Excerpt','cambridge-mt.com',1,1,'Pop / Singer-Songwriter',0,'Leftfield Pop/Electronica','<i>I Am A Musician</i> (Album Selection)',0),('Triviul','\'Dorothy\'',19,'2013-01-01 00:00:00','http://www.previews.cambridge-mt.com/Dorothy_Full_Preview.mp3','http://www.previews.cambridge-mt.com/Dorothy_Full_Preview.mp3','97','150',1,'Full','cambridge-mt.com',1,1,'Pop / Singer-Songwriter',0,'Leftfield Pop/Electronica','<i>I Am A Musician</i> (Album Selection)',0),('Triviul','\'Gimme\'',11,'2016-09-21 00:00:00','http://www.previews.cambridge-mt.com/Gimme_Preview.mp3','http://www.previews.cambridge-mt.com/Gimme_Preview.mp3','0','0',0,'Excerpt','cambridge-mt.com',1,1,'Pop / Singer-Songwriter',0,'Leftfield Pop/Electronica','<i>I Am A Musician</i> (Album Selection)',0),('Triviul','\'Gimme\'',16,'2016-09-21 00:00:00','http://www.previews.cambridge-mt.com/Gimme_Full_Preview.mp3','http://www.previews.cambridge-mt.com/Gimme_Full_Preview.mp3','0','355',1,'Full','cambridge-mt.com',1,1,'Pop / Singer-Songwriter',0,'Leftfield Pop/Electronica','<i>I Am A Musician</i> (Album Selection)',0),('Triviul','\'To Sam Rawfers\'',15,'2013-10-03 00:00:00','http://www.previews.cambridge-mt.com/ToSamRawfers_Preview.mp3','http://www.previews.cambridge-mt.com/ToSamRawfers_Preview.mp3','0','0',0,'Excerpt','cambridge-mt.com',1,1,'Pop / Singer-Songwriter',0,'Leftfield Pop/Electronica','<i>I Am A Musician</i> (Album Selection)',0),('Triviul','\'To Sam Rawfers\'',16,'2013-10-03 00:00:00','http://www.previews.cambridge-mt.com/ToSamRawfers_Full_Preview.mp3','http://www.previews.cambridge-mt.com/ToSamRawfers_Full_Preview.mp3','0','220',1,'Full','cambridge-mt.com',1,1,'Pop / Singer-Songwriter',0,'Leftfield Pop/Electronica','<i>I Am A Musician</i> (Album Selection)',0),('Triviul feat. The Fiend','\'Widow\'',24,'2013-11-17 00:00:00','http://www.previews.cambridge-mt.com/Widow_Preview.mp3','http://www.previews.cambridge-mt.com/Widow_Preview.mp3','0','0',0,'Excerpt','cambridge-mt.com',1,1,'Hip-Hop / R&amp;B',0,'Urban R&amp;B/Pop','',0),('Triviul feat. The Fiend','\'Widow\'',36,'2013-11-17 00:00:00','http://www.previews.cambridge-mt.com/Widow_Full_Preview.mp3','http://www.previews.cambridge-mt.com/Widow_Full_Preview.mp3','0','228',1,'Full','cambridge-mt.com',1,1,'Hip-Hop / R&amp;B',0,'Urban R&amp;B/Pop','',0),('Turkuaz','\'Tip Toe Through The Crypto\'',23,'2015-09-22 00:00:00','http://www.previews.cambridge-mt.com/TipToeThroughTheCrypto_Full_Preview.mp3','http://www.previews.cambridge-mt.com/TipToeThroughTheCrypto_Full_Preview.mp3','0','324',1,'Full','telefunken-elektroakustik.com',1,1,'Alt Rock / Blues / Country Rock / Indie / Funk / Reggae',0,'Live Funk','',0),('Turn Back To Spring','\'Another Day Calling\'',17,'2015-03-26 00:00:00','http://www.previews.cambridge-mt.com/AnotherDayCalling_Preview.mp3','http://www.previews.cambridge-mt.com/AnotherDayCalling_Preview.mp3','0','0',0,'Excerpt','cambridge-mt.com',1,1,'Pop / Singer-Songwriter',0,'Indie Pop','',0),('Turn Back To Spring','\'Another Day Calling\'',42,'2015-03-26 00:00:00','http://www.previews.cambridge-mt.com/AnotherDayCalling_Full_Preview.mp3','http://www.previews.cambridge-mt.com/AnotherDayCalling_Full_Preview.mp3','0','304',1,'Full','cambridge-mt.com',1,1,'Pop / Singer-Songwriter',0,'Indie Pop','',0),('U T Gandhi','\'Arto\'',11,'2016-12-01 09:37:17','http://www.previews.cambridge-mt.com/Arto_Preview.mp3','http://www.previews.cambridge-mt.com/Arto_Preview.mp3','0','0',0,'Excerpt','cambridge-mt.com',1,1,'Acoustic / Jazz / Country / Orchestral',0,'World Jazz','',0),('U T Gandhi','\'Arto\'',11,'2016-12-01 09:35:16','http://www.previews.cambridge-mt.com/Arto_Full_Preview.mp3','http://www.previews.cambridge-mt.com/Arto_Full_Preview.mp3','0','371',1,'Full','cambridge-mt.com',1,1,'Acoustic / Jazz / Country / Orchestral',0,'World Jazz','',0),('Uncle Dad','\'Who I Am\'',32,'2013-01-01 00:00:00','http://www.previews.cambridge-mt.com/WhoIAm_Full_Preview.mp3','http://www.previews.cambridge-mt.com/WhoIAm_Full_Preview.mp3','79','28',1,'Full','telefunken-elektroakustik.com',3,1,'Acoustic / Jazz / Country / Orchestral',0,'Acoustic Country','',0),('Vikki Hewitt','\'Move On\'\'',11,'2013-01-01 00:00:00','http://www.previews.cambridge-mt.com/MoveOn_Preview.mp3','http://www.previews.cambridge-mt.com/MoveOn_Preview.mp3','0','0',0,'Excerpt','cambridge-mt.com',1,0,'Pop / Singer-Songwriter',0,'MOR Singer-Songwriter','',0),('Vikki Hewitt','\'Move On\'\'',13,'2013-01-01 00:00:00','http://www.previews.cambridge-mt.com/MoveOn_Full_Preview.mp3','http://www.previews.cambridge-mt.com/MoveOn_Full_Preview.mp3','573','178',1,'Full','cambridge-mt.com',1,0,'Pop / Singer-Songwriter',0,'MOR Singer-Songwriter','',0),('Voelund','\'Comfort Lives In Belief\'',28,'2013-10-31 00:00:00','http://www.previews.cambridge-mt.com/ComfortLivesInBelief_Preview.mp3','http://www.previews.cambridge-mt.com/ComfortLivesInBelief_Preview.mp3','0','0',0,'Excerpt','cambridge-mt.com',1,1,'Rock / Punk / Metal',0,'Laid-Back Blues-Rock','',0),('Voelund','\'Comfort Lives In Belief\'',33,'2013-10-31 00:00:00','http://www.previews.cambridge-mt.com/ComfortLivesInBelief_Full_Preview.mp3','http://www.previews.cambridge-mt.com/ComfortLivesInBelief_Full_Preview.mp3','0','225',1,'Full','cambridge-mt.com',1,1,'Rock / Punk / Metal',0,'Laid-Back Blues-Rock','',0),('W.I.N.D.','\'Funky To The Bone\'',29,'2016-10-16 00:00:00','http://www.previews.cambridge-mt.com/FunkyToTheBone_Preview.mp3','http://www.previews.cambridge-mt.com/FunkyToTheBone_Preview.mp3','0','0',0,'Excerpt','cambridge-mt.com',1,1,'Alt Rock / Blues / Country Rock / Indie / Funk / Reggae',0,'Funk Rock','',0),('W.I.N.D.','\'Funky To The Bone\'',43,'2016-10-16 00:00:00','http://www.previews.cambridge-mt.com/FunkyToTheBone_Full_Preview.mp3','http://www.previews.cambridge-mt.com/FunkyToTheBone_Full_Preview.mp3','16654','364',1,'Full','cambridge-mt.com',1,1,'Alt Rock / Blues / Country Rock / Indie / Funk / Reggae',0,'Funk Rock','',0),('W.I.N.D.','\'Temporary Happiness\'',33,'2016-12-01 09:23:38','http://www.previews.cambridge-mt.com/TemporaryHappiness_Preview.mp3','http://www.previews.cambridge-mt.com/TemporaryHappiness_Preview.mp3','0','0',0,'Excerpt','cambridge-mt.com',1,1,'Alt Rock / Blues / Country Rock / Indie / Funk / Reggae',0,'Funk Rock','',0),('W.I.N.D.','\'Temporary Happiness\'',34,'2016-12-01 09:20:59','http://www.previews.cambridge-mt.com/TemporaryHappiness_Full_Preview.mp3','http://www.previews.cambridge-mt.com/TemporaryHappiness_Full_Preview.mp3','0','373',1,'Full','cambridge-mt.com',1,1,'Alt Rock / Blues / Country Rock / Indie / Funk / Reggae',0,'Funk Rock','',0),('Wall Of Death','\'Femme\'',17,'2014-11-05 00:00:00','http://www.previews.cambridge-mt.com/Femme_Preview.mp3','http://www.previews.cambridge-mt.com/Femme_Preview.mp3','0','0',0,'Excerpt','cambridge-mt.com',1,1,'Rock / Punk / Metal',0,'Black Metal','',0),('Wall Of Death','\'Femme\'',23,'2014-11-05 00:00:00','http://www.previews.cambridge-mt.com/Femme_Full_Preview.mp3','http://www.previews.cambridge-mt.com/Femme_Full_Preview.mp3','0','269',1,'Full','cambridge-mt.com',1,1,'Rock / Punk / Metal',0,'Black Metal','',0),('We Fell From The Sky','\'Not You\'',25,'2013-01-01 00:00:00','http://www.previews.cambridge-mt.com/1105_Preview.mp3','http://www.previews.cambridge-mt.com/1105_Preview.mp3','0','0',0,'Excerpt','cambridge-mt.com',1,1,'Rock / Punk / Metal',0,'High-Energy Heavy Rock','',0),('We Fell From The Sky','\'Not You\'',39,'2013-01-01 00:00:00','http://www.previews.cambridge-mt.com/1105_Remix.mp3','http://www.previews.cambridge-mt.com/1105_Remix.mp3','178','120',1,'Full','cambridge-mt.com',1,1,'Rock / Punk / Metal',0,'High-Energy Heavy Rock','',0),('Wesley Morgan','\'Backroom In Tulsa\'',18,'2013-01-01 00:00:00','http://www.previews.cambridge-mt.com/BackroomInTulsa_Preview.mp3','http://www.previews.cambridge-mt.com/BackroomInTulsa_Preview.mp3','0','0',0,'Excerpt','cambridge-mt.com',1,1,'Alt Rock / Blues / Country Rock / Indie / Funk / Reggae',0,'Dark Blues/Americana','',0),('Wesley Morgan','\'Backroom In Tulsa\'',21,'2013-01-01 00:00:00','http://www.previews.cambridge-mt.com/BackroomInTulsa_Full_Preview.mp3','http://www.previews.cambridge-mt.com/BackroomInTulsa_Full_Preview.mp3','571','180',1,'Full','cambridge-mt.com',1,1,'Alt Rock / Blues / Country Rock / Indie / Funk / Reggae',0,'Dark Blues/Americana','',0),('Wesley Morgan','\'Flesh And Bone\'',9,'2013-01-01 00:00:00','http://www.previews.cambridge-mt.com/FleshAndBone_Preview.mp3','http://www.previews.cambridge-mt.com/FleshAndBone_Preview.mp3','0','0',0,'Excerpt','cambridge-mt.com',1,1,'Alt Rock / Blues / Country Rock / Indie / Funk / Reggae',0,'Dark Blues/Americana','',0),('Wesley Morgan','\'Flesh And Bone\'',9,'2013-02-02 00:00:00','http://www.previews.cambridge-mt.com/FleshAndBone_Full_Preview.mp3','http://www.previews.cambridge-mt.com/FleshAndBone_Full_Preview.mp3','0','186',1,'Full','cambridge-mt.com',1,1,'Alt Rock / Blues / Country Rock / Indie / Funk / Reggae',0,'Dark Blues/Americana','',0),('Wess Meets West','\'64 Bristol\'',43,'2016-05-20 00:00:00','http://www.previews.cambridge-mt.com/64Bristol_Preview.mp3','http://www.previews.cambridge-mt.com/64Bristol_Preview.mp3','0','0',0,'Excerpt','cambridge-mt.com',1,1,'Alt Rock / Blues / Country Rock / Indie / Funk / Reggae',0,'Widescreen Post Rock','',0),('Wess Meets West','\'64 Bristol\'',72,'2016-05-20 00:00:00','http://www.previews.cambridge-mt.com/64Bristol_Full_Preview.mp3','http://www.previews.cambridge-mt.com/64Bristol_Full_Preview.mp3','0','345',1,'Full','cambridge-mt.com',1,1,'Alt Rock / Blues / Country Rock / Indie / Funk / Reggae',0,'Widescreen Post Rock','',0),('Will Knox','\'Cog In The Machine\'',13,'2013-01-01 00:00:00','http://www.previews.cambridge-mt.com/CogInTheMachine_Full_Preview.mp3','http://www.previews.cambridge-mt.com/CogInTheMachine_Full_Preview.mp3','80','29',1,'Full','puremix.net',1,1,'Acoustic / Jazz / Country / Orchestral',0,'Acoustic Singer-Songwriter','',0),('Wolf\'s Head &amp; Vixen Morris Band','\'Lament\'',12,'2013-01-01 00:00:00','http://www.previews.cambridge-mt.com/1108_Preview.mp3','http://www.previews.cambridge-mt.com/1108_Preview.mp3','0','0',0,'Excerpt','cambridge-mt.com',1,1,'Acoustic / Jazz / Country / Orchestral',0,'Acoustic Folk','',0),('Wolf\'s Head &amp; Vixen Morris Band','\'Lament\'',12,'2013-01-01 00:00:00','http://www.previews.cambridge-mt.com/1108_Remix.mp3','http://www.previews.cambridge-mt.com/1108_Remix.mp3','0','30',1,'Full','cambridge-mt.com',1,1,'Acoustic / Jazz / Country / Orchestral',0,'Acoustic Folk','',0),('Young Griffo','\'Blood To Bone\'',19,'2013-01-01 00:00:00','http://www.previews.cambridge-mt.com/BloodToBone_Preview.mp3','http://www.previews.cambridge-mt.com/BloodToBone_Preview.mp3','0','0',0,'Excerpt','cambridge-mt.com',1,1,'Rock / Punk / Metal',0,'Anthemic Heavy Rock','',0),('Young Griffo','\'Blood To Bone\'',23,'2013-01-01 00:00:00','http://www.previews.cambridge-mt.com/BloodToBone_Full_Preview.mp3','http://www.previews.cambridge-mt.com/BloodToBone_Full_Preview.mp3','13','121',1,'Full','cambridge-mt.com',1,1,'Rock / Punk / Metal',0,'Anthemic Heavy Rock','',0),('Young Griffo','\'Facade\'',20,'2013-01-01 00:00:00','http://www.previews.cambridge-mt.com/1110_Preview.mp3','http://www.previews.cambridge-mt.com/1110_Preview.mp3','0','0',0,'Excerpt','cambridge-mt.com',1,1,'Rock / Punk / Metal',1,'Anthemic Heavy Rock','',0),('Young Griffo','\'Facade\'',20,'2013-01-01 00:00:00','http://www.previews.cambridge-mt.com/1110_Remix.mp3','http://www.previews.cambridge-mt.com/1110_Remix.mp3','21','122',1,'Full','cambridge-mt.com',1,1,'Rock / Punk / Metal',1,'Anthemic Heavy Rock','',0),('Young Griffo','\'Pennies\'',19,'2013-01-01 00:00:00','http://www.previews.cambridge-mt.com/Pennies_Preview.mp3','http://www.previews.cambridge-mt.com/Pennies_Preview.mp3','0','0',0,'Excerpt','cambridge-mt.com',1,1,'Rock / Punk / Metal',0,'Anthemic Heavy Rock','',0),('Young Griffo','\'Pennies\'',28,'2013-01-01 00:00:00','http://www.previews.cambridge-mt.com/Pennies_Full_Preview.mp3','http://www.previews.cambridge-mt.com/Pennies_Full_Preview.mp3','0','123',1,'Full','cambridge-mt.com',1,1,'Rock / Punk / Metal',0,'Anthemic Heavy Rock','',0),('Zane Carney &amp; Friends','\'Talk To Me Baby\'',37,'2014-11-04 00:00:00','http://www.previews.cambridge-mt.com/ZaneCarneyAndFriends_TalkToMeBaby_Full.mp3','http://www.previews.cambridge-mt.com/ZaneCarneyAndFriends_TalkToMeBaby_Full.mp3','0','267',1,'Full','telefunken-elektroakustik.com',1,1,'Rock / Punk / Metal',0,'Classic Rock Ballad','',0),('Zeno','\'Signs\'',38,'2013-01-01 00:00:00','http://www.previews.cambridge-mt.com/1003_Preview.mp3','http://www.previews.cambridge-mt.com/1003_Preview.mp3','0','0',0,'Excerpt','cambridge-mt.com',1,1,'Alt Rock / Blues / Country Rock / Indie / Funk / Reggae',0,'Epic Indie Rock','',0),('Zeno','\'Signs\'',44,'2013-01-01 00:00:00','http://www.previews.cambridge-mt.com/1003_Remix.mp3','http://www.previews.cambridge-mt.com/1003_Remix.mp3','0','92',1,'Full','cambridge-mt.com',1,1,'Alt Rock / Blues / Country Rock / Indie / Funk / Reggae',0,'Epic Indie Rock','',0),('Zwiepack','\'Air\'',8,'2016-03-17 00:00:00','http://www.previews.cambridge-mt.com/Air_Preview.mp3','http://www.previews.cambridge-mt.com/Air_Preview.mp3','0','0',0,'Excerpt','cambridge-mt.com',1,1,'Acoustic / Jazz / Country / Orchestral',0,'Jazz Duo/Trio','<i>Strictly Commercial</i> (Album Selection)',0),('Zwiepack','\'Air\'',8,'2016-03-17 00:00:00','http://www.previews.cambridge-mt.com/Air_Full_Preview.mp3','http://www.previews.cambridge-mt.com/Air_Full_Preview.mp3','0','340',1,'Full','cambridge-mt.com',1,1,'Acoustic / Jazz / Country / Orchestral',0,'Jazz Duo/Trio','<i>Strictly Commercial</i> (Album Selection)',0),('Zwiepack','\'Summertime\'',10,'2016-01-15 00:00:00','http://www.previews.cambridge-mt.com/Summertime_Preview.mp3','http://www.previews.cambridge-mt.com/Summertime_Preview.mp3','0','0',0,'Excerpt','cambridge-mt.com',1,1,'Acoustic / Jazz / Country / Orchestral',0,'Jazz Duo/Trio','<i>Strictly Commercial</i> (Album Selection)',0),('Zwiepack','\'Summertime\'',10,'2016-01-15 00:00:00','http://www.previews.cambridge-mt.com/Summertime_Full_Preview.mp3','http://www.previews.cambridge-mt.com/Summertime_Full_Preview.mp3','0','332',1,'Full','cambridge-mt.com',1,1,'Acoustic / Jazz / Country / Orchestral',0,'Jazz Duo/Trio','<i>Strictly Commercial</i> (Album Selection)',0),('c:fx','\'Mathematician\'',16,'2013-01-01 00:00:00','http://www.previews.cambridge-mt.com/Mathematician_Preview.mp3','http://www.previews.cambridge-mt.com/Mathematician_Preview.mp3','0','0',0,'Excerpt','cambridge-mt.com',1,1,'Electronica / Dance / Experimental',0,'Progressive Trance','',0),('c:fx','\'Mathematician\'',19,'2013-01-01 00:00:00','http://www.previews.cambridge-mt.com/Mathematician_Full_Preview.mp3','http://www.previews.cambridge-mt.com/Mathematician_Full_Preview.mp3','350','169',1,'Full','cambridge-mt.com',1,1,'Electronica / Dance / Experimental',0,'Progressive Trance','',0),('impossible c o l o u r s','\'Dune Rider\'',21,'2013-01-01 00:00:00','http://www.previews.cambridge-mt.com/DuneRider_Preview.mp3','http://www.previews.cambridge-mt.com/DuneRider_Preview.mp3','0','0',0,'Excerpt','cambridge-mt.com',1,1,'Rock / Punk / Metal',0,'Psychedelic Rock','',0),('impossible c o l o u r s','\'Dune Rider\'',33,'2013-02-07 00:00:00','http://www.previews.cambridge-mt.com/DuneRider_Full_Preview.mp3','http://www.previews.cambridge-mt.com/DuneRider_Full_Preview.mp3','0','192',1,'Full','cambridge-mt.com',1,1,'Rock / Punk / Metal',1,'Psychedelic Rock','',0),('impossible c o l o u r s','\'The Truth\'',21,'2013-04-27 00:00:00','http://www.previews.cambridge-mt.com/TheTruth_Preview.mp3','http://www.previews.cambridge-mt.com/TheTruth_Preview.mp3','0','0',0,'Excerpt','cambridge-mt.com',1,1,'Rock / Punk / Metal',0,'Psychedelic Rock','',0),('impossible c o l o u r s','\'The Truth\'',35,'2013-04-27 00:00:00','http://www.previews.cambridge-mt.com/TheTruth_Full_Preview.mp3','http://www.previews.cambridge-mt.com/TheTruth_Full_Preview.mp3','0','203',1,'Full','cambridge-mt.com',1,1,'Rock / Punk / Metal',1,'Psychedelic Rock','',0),('Swing Bazar','\'Fleche D\'Or\'',8,'2017-01-25 17:16:44','http://www.previews.cambridge-mt.com/FlecheDOr_Full_Preview.mp3','http://www.previews.cambridge-mt.com/FlecheDOr_Full_Preview.mp3','0','381',1,'Full','cambridge-mt.com',1,1,'Acoustic / Jazz / Country / Orchestral',0,'Gypsy Jazz','<i>Pompamine</i> (Album Selection)',0),('FIN','\'Echoes\'',17,'2017-01-24 16:50:31','http://www.previews.cambridge-mt.com/Echoes_Full_Preview.mp3','http://www.previews.cambridge-mt.com/Echoes_Full_Preview.mp3','0','378',1,'Full','cambridge-mt.com',1,1,'Electronica / Dance / Experimental',0,'Experimental Electronica','',0),('Maurizio Pagnutti Sextet','\'Bess\'',16,'2017-01-21 16:16:42','http://www.previews.cambridge-mt.com/Bess_Full_Preview.mp3','http://www.previews.cambridge-mt.com/Bess_Full_Preview.mp3','0','375',1,'Full','cambridge-mt.com',1,1,'Acoustic / Jazz / Country / Orchestral',0,'Acoustic Jazz','',0),('Maurizio Pagnutti Sextet','\'Bess\'',16,'2017-01-21 16:20:36','http://www.previews.cambridge-mt.com/Bess_Preview.mp3','http://www.previews.cambridge-mt.com/Bess_Preview.mp3','0','0',0,'Excerpt','cambridge-mt.com',1,1,'Acoustic / Jazz / Country / Orchestral',0,'Acoustic Jazz','',0),('Ronnie Jones','\'Why Don\'t You Stay\'',45,'2017-01-22 16:21:52','http://www.previews.cambridge-mt.com/WhyDontYouStay_Full_Preview.mp3','http://www.previews.cambridge-mt.com/WhyDontYouStay_Full_Preview.mp3','0','376',1,'Full','cambridge-mt.com',1,1,'Pop / Singer-Songwriter',0,'Indie Singer-Songwriter','',0),('Ronnie Jones','\'Why Don\'t You Stay\'',30,'2017-01-22 16:25:05','http://www.previews.cambridge-mt.com/WhyDontYouStay_Preview.mp3','http://www.previews.cambridge-mt.com/WhyDontYouStay_Preview.mp3','0','0',0,'Excerpt','cambridge-mt.com',1,1,'Pop / Singer-Songwriter',0,'Indie Singer-Songwriter','',0),('Death Of A Romantic','\'The Well\'',25,'2017-01-23 16:26:22','http://www.previews.cambridge-mt.com/TheWell_Full_Preview.mp3','http://www.previews.cambridge-mt.com/TheWell_Full_Preview.mp3','0','377',1,'Full','cambridge-mt.com',1,1,'Rock / Punk / Metal',0,'Metalcore','',0),('Death Of A Romantic','\'The Well\'',18,'2017-01-23 16:30:12','http://www.previews.cambridge-mt.com/TheWell_Preview.mp3','http://www.previews.cambridge-mt.com/TheWell_Preview.mp3','0','0',0,'Excerpt','cambridge-mt.com',1,1,'Rock / Punk / Metal',0,'Metalcore','',0),('FIN','\'Echoes\'',15,'2017-01-24 16:53:23','http://www.previews.cambridge-mt.com/Echoes_Preview.mp3','http://www.previews.cambridge-mt.com/Echoes_Preview.mp3','0','0',0,'Excerpt','cambridge-mt.com',1,1,'Electronica / Dance / Experimental',0,'Experimental Electronica','',0),('Colton Benjamin','\'Sail Away\'',24,'2017-01-25 16:55:47','http://www.previews.cambridge-mt.com/SailAway_Full_Preview.mp3','http://www.previews.cambridge-mt.com/SailAway_Full_Preview.mp3','0','379',1,'Full','cambridge-mt.com',1,1,'Alt Rock / Blues / Country Rock / Indie / Funk / Reggae',0,'Soul, Blues &amp; Funk','',0),('Colton Benjamin','\'Sail Away\'',20,'2017-01-25 16:59:21','http://www.previews.cambridge-mt.com/SailAway_Preview.mp3','http://www.previews.cambridge-mt.com/SailAway_Preview.mp3','0','0',0,'Excerpt','cambridge-mt.com',1,1,'Alt Rock / Blues / Country Rock / Indie / Funk / Reggae',0,'Soul, Blues &amp; Funk','',0),('Karl Hungus','\'Got Your Love\'',71,'2017-01-26 17:01:43','http://www.previews.cambridge-mt.com/GotYourLove_Full_Preview.mp3','http://www.previews.cambridge-mt.com/GotYourLove_Full_Preview.mp3','0','380',1,'Full','cambridge-mt.com',1,1,'Electronica / Dance / Experimental',0,'Trap &amp; Future Bass','',0),('Karl Hungus','\'Got Your Love\'',27,'2017-01-26 17:10:00','http://www.previews.cambridge-mt.com/GotYourLove_Preview.mp3','http://www.previews.cambridge-mt.com/GotYourLove_Preview.mp3','0','0',0,'Excerpt','cambridge-mt.com',1,1,'Electronica / Dance / Experimental',0,'Trap &amp; Future Bass','',0),('Swing Bazar','\'Fleche D\'Or\'',7,'2017-01-25 17:24:18','http://www.previews.cambridge-mt.com/FlecheDOr_Preview.mp3','http://www.previews.cambridge-mt.com/FlecheDOr_Preview.mp3','0','0',0,'Excerpt','cambridge-mt.com',1,1,'Acoustic / Jazz / Country / Orchestral',0,'Gypsy Jazz','<i>Pompamine</i> (Album Selection)',0),('Joanna Ward','\'Away\'',3,'2017-02-26 20:36:34','http://www.previews.cambridge-mt.com/Away_Full_Preview.mp3','http://www.previews.cambridge-mt.com/Away_Full_Preview.mp3','0','383',1,'Full','cambridge-mt.com',1,1,'Acoustic / Jazz / Country / Orchestral',0,'Modern Classical','',1),('Decypher','\'Unseen\'',29,'2017-02-25 20:46:12','http://www.previews.cambridge-mt.com/Unseen_Preview.mp3','http://www.previews.cambridge-mt.com/Unseen_Preview.mp3','0','0',0,'Excerpt','cambridge-mt.com',1,1,'Rock / Punk / Metal',0,'Melodic Death Metal','',0),('Decypher','\'Unseen\'',29,'2017-02-25 20:42:39','http://www.previews.cambridge-mt.com/Unseen_Full_Preview.mp3','http://www.previews.cambridge-mt.com/Unseen_Full_Preview.mp3','0','384',1,'Full','cambridge-mt.com',1,1,'Rock / Punk / Metal',0,'Melodic Death Metal','',1),('Lindy Hip Big Band','\'Makin\' Whoopee\'',20,'2017-02-22 20:56:21','http://www.previews.cambridge-mt.com/MakinWhoopee_Full_Preview.mp3','http://www.previews.cambridge-mt.com/MakinWhoopee_Full_Preview.mp3','0','386',1,'Full','cambridge-mt.com',1,1,'Acoustic / Jazz / Country / Orchestral',0,'Big Band Jazz','',0),('Lindy Hip Big Band','\'Makin\' Whoopee\'',20,'2017-02-22 20:58:39','http://www.previews.cambridge-mt.com/MakinWhoopee_Preview.mp3','http://www.previews.cambridge-mt.com/MakinWhoopee_Preview.mp3','0','0',0,'Excerpt','cambridge-mt.com',1,1,'Acoustic / Jazz / Country / Orchestral',0,'Big Band Jazz','',0),('The Black Crown','\'Flames\'',26,'2017-02-27 20:29:37','http://www.previews.cambridge-mt.com/Flames_Full_Preview.mp3','http://www.previews.cambridge-mt.com/Flames_Full_Preview.mp3','18254','382',1,'Full','cambridge-mt.com',1,1,'Rock / Punk / Metal',0,'Alternative/Progressive Metal','',1),('The Black Crown','\'Flames\'',23,'2017-02-27 20:35:47','http://www.previews.cambridge-mt.com/Flames_Preview.mp3','http://www.previews.cambridge-mt.com/Flames_Preview.mp3','0','0',0,'Excerpt','cambridge-mt.com',1,1,'Rock / Punk / Metal',0,'Alternative/Progressive Metal','',0),('Perpetual Escape','\'Sin Six\'',50,'2017-02-23 21:06:24','http://www.previews.cambridge-mt.com/SinSix_Full_Preview.mp3','http://www.previews.cambridge-mt.com/SinSix_Full_Preview.mp3','18877','387',1,'Full','cambridge-mt.com',1,1,'Rock / Punk / Metal',0,'Progressive Heavy Rock','',0),('Perpetual Escape','\'Sin Six\'',37,'2017-02-23 21:08:37','http://www.previews.cambridge-mt.com/SinSix_Preview.mp3','http://www.previews.cambridge-mt.com/SinSix_Preview.mp3','0','0',0,'Excerpt','cambridge-mt.com',1,1,'Rock / Punk / Metal',0,'Progressive Heavy Rock','',0),('Last Legacy','\'Who\'s Who In Hell\'',38,'2017-02-21 21:09:16','http://www.previews.cambridge-mt.com/WhosWhoInHell_Full_Preview.mp3','http://www.previews.cambridge-mt.com/WhosWhoInHell_Full_Preview.mp3','0','388',1,'Full','cambridge-mt.com',1,1,'Rock / Punk / Metal',0,'Metalcore','',0),('Bolz &amp; Knecht','\'Summertime\'',6,'2017-02-24 20:54:46','http://www.previews.cambridge-mt.com/Summertime2_Preview.mp3','http://www.previews.cambridge-mt.com/Summertime2_Preview.mp3','0','0',0,'Excerpt','cambridge-mt.com',1,1,'Acoustic / Jazz / Country / Orchestral',0,'Guitar/Sax Acoustic Duo','',0),('Bolz &amp; Knecht','\'Summertime\'',6,'2017-02-24 20:51:56','http://www.previews.cambridge-mt.com/Summertime2_Full_Preview.mp3','http://www.previews.cambridge-mt.com/Summertime2_Full_Preview.mp3','0','385',1,'Full','cambridge-mt.com',1,1,'Acoustic / Jazz / Country / Orchestral',0,'Guitar/Sax Acoustic Duo','',0),('Last Legacy','\'Who\'s Who In Hell\'',30,'2017-02-21 21:17:25','http://www.previews.cambridge-mt.com/WhosWhoInHell_Preview.mp3','http://www.previews.cambridge-mt.com/WhosWhoInHell_Preview.mp3','0','0',0,'Excerpt','cambridge-mt.com',1,1,'Rock / Punk / Metal',0,'Metalcore','',0),('James May','\'Eliza Jane\'',16,'2017-03-28 01:25:53','http://www.previews.cambridge-mt.com/ElizaJane_Full_Preview.mp3','http://www.previews.cambridge-mt.com/ElizaJane_Full_Preview.mp3','18585','389',1,'Full','cambridge-mt.com',1,1,'Acoustic / Jazz / Country / Orchestral',0,'Acoustic Singer-Songwriter','<i>A Thousand Shining Pieces</i> (Album Selection)',1),('James May','\'Eliza Jane\'',16,'2017-03-28 01:29:05','http://www.previews.cambridge-mt.com/ElizaJane_Preview.mp3','http://www.previews.cambridge-mt.com/ElizaJane_Preview.mp3','0','0',0,'Excerpt','cambridge-mt.com',1,1,'Acoustic / Jazz / Country / Orchestral',0,'Acoustic Singer-Songwriter','<i>A Thousand Shining Pieces</i> (Album Selection)',0),('Dark Ride','\'Hammer Down\'',40,'2017-03-29 01:30:15','http://www.previews.cambridge-mt.com/HammerDown_Full_Preview.mp3','http://www.previews.cambridge-mt.com/HammerDown_Full_Preview.mp3','18653','390',1,'Full','cambridge-mt.com',1,1,'Rock / Punk / Metal',0,'Heavy Metal','',1),('Dark Ride','\'Hammer Down\'',23,'2017-03-29 01:32:42','http://www.previews.cambridge-mt.com/HammerDown_Preview.mp3','http://www.previews.cambridge-mt.com/HammerDown_Preview.mp3','0','0',0,'Excerpt','cambridge-mt.com',1,1,'Rock / Punk / Metal',0,'Heavy Metal','',0),('The Balazs Daniel Boogie Woogie Trio','\'Own Way To Boogie\'',22,'2017-04-01 01:33:28','http://www.previews.cambridge-mt.com/OwnWayToBoogie_Full_Preview.mp3','http://www.previews.cambridge-mt.com/OwnWayToBoogie_Full_Preview.mp3','0','391',1,'Full','cambridge-mt.com',1,1,'Acoustic / Jazz / Country / Orchestral',0,'Traditional Boogie Woogie','',1),('The Balazs Daniel Boogie Woogie Trio','\'Own Way To Boogie\'',21,'2017-04-01 01:39:49','http://www.previews.cambridge-mt.com/OwnWayToBoogie_Preview.mp3','http://www.previews.cambridge-mt.com/OwnWayToBoogie_Preview.mp3','0','0',0,'Excerpt','cambridge-mt.com',1,1,'Acoustic / Jazz / Country / Orchestral',0,'Traditional Boogie Woogie','',0),('Perpetual Escape','\'Duty &amp; Memories\'',24,'2017-04-28 00:49:00','http://www.previews.cambridge-mt.com/DutyAndMemories_Preview.mp3','http://www.previews.cambridge-mt.com/DutyAndMemories_Preview.mp3','0','0',0,'Excerpt','cambridge-mt.com',1,1,'Rock / Punk / Metal',0,'Progressive Heavy Rock','',0),('Colton Benjamin','\'Can\'t Let You Go\'',26,'2017-04-29 00:51:01','http://www.previews.cambridge-mt.com/CantLetYouGo_Full_Preview.mp3','http://www.previews.cambridge-mt.com/CantLetYouGo_Full_Preview.mp3','0','395',1,'Full','cambridge-mt.com',1,1,'Alt Rock / Blues / Country Rock / Indie / Funk / Reggae',0,'Soul, Blues &amp; Funk','',1),('Colton Benjamin','\'Can\'t Let You Go\'',17,'2017-04-29 00:52:45','http://www.previews.cambridge-mt.com/CantLetYouGo_Preview.mp3','http://www.previews.cambridge-mt.com/CantLetYouGo_Preview.mp3','0','0',0,'Excerpt','cambridge-mt.com',1,1,'Alt Rock / Blues / Country Rock / Indie / Funk / Reggae',0,'Soul, Blues &amp; Funk','',0),('Perpetual Escape','\'Duty &amp; Memories\'',38,'2017-04-28 00:44:59','http://www.previews.cambridge-mt.com/DutyAndMemories_Full_Preview.mp3','http://www.previews.cambridge-mt.com/DutyAndMemories_Full_Preview.mp3','0','393',1,'Full','cambridge-mt.com',1,1,'Rock / Punk / Metal',0,'Progressive Heavy Rock','',1),('Scott Elliott','\'Aeternum Vale\'',49,'2017-04-30 00:53:59','http://www.previews.cambridge-mt.com/AeternumVale_Full_Preview.mp3','http://www.previews.cambridge-mt.com/AeternumVale_Full_Preview.mp3','0','394',1,'Full','cambridge-mt.com',1,1,'Rock / Punk / Metal',0,'Cinematic Metal Instrumental','',1),('Scott Elliott','\'Aeternum Vale\'',38,'2017-04-30 00:56:23','http://www.previews.cambridge-mt.com/AeternumVale_Preview.mp3','http://www.previews.cambridge-mt.com/AeternumVale_Preview.mp3','0','0',0,'Excerpt','cambridge-mt.com',1,1,'Rock / Punk / Metal',0,'Cinematic Metal Instrumental','',0),('Woodfire','\'Outer _\'',16,'2017-05-01 00:58:56','http://www.previews.cambridge-mt.com/Outer_Full_Preview.mp3','http://www.previews.cambridge-mt.com/Outer_Full_Preview.mp3','0','392',1,'Full','cambridge-mt.com',1,1,'Alt Rock / Blues / Country Rock / Indie / Funk / Reggae',0,'Alt Rock','',1),('Woodfire','\'Outer _\'',13,'2017-05-01 01:01:19','http://www.previews.cambridge-mt.com/Outer_Preview.mp3','http://www.previews.cambridge-mt.com/Outer_Preview.mp3','0','0',0,'Excerpt','cambridge-mt.com',1,1,'Alt Rock / Blues / Country Rock / Indie / Funk / Reggae',0,'Alt Rock','',0);

--
